{"id":9862,"date":"2023-12-19T13:10:18","date_gmt":"2023-12-19T13:10:18","guid":{"rendered":"https:\/\/difrenos.com\/?post_type=product&#038;p=9862"},"modified":"2025-10-28T21:00:31","modified_gmt":"2025-10-28T21:00:31","slug":"chaqueta-bycity-teneree-iii-black","status":"publish","type":"product","link":"https:\/\/difrenos.com\/index.php\/producto\/chaqueta-bycity-teneree-iii-black\/","title":{"rendered":"Chaqueta Bycity Teneree III Winter"},"content":{"rendered":"<h4>CHAQUETA BYCITY TENEREE III NEGRA<\/h4>\n<p>Color negro<\/p>\n<p>Cazadora 100% impermeable. Puro estilo By City &#8211; NZI<\/p>\n<p>Cazadora Teneree III man en Tejido de algod\u00f3n encerado repelente al agua que incluye protecciones y cintur\u00f3n. La seguridad y el estilo es lo primero en nuestra marca. Esta cazadora con un marcado estilo cl\u00e1sico de los a\u00f1os 60, es la perfecta acompa\u00f1ante para pasar desapercibido encima de la moto y a su vez ir protegido con las protecciones que incorpora. Confecciona con algod\u00f3n encerado siendo as\u00ed 100% impermeable y transpirable.<\/p>\n<p>Caracter\u00edsticas:<\/p>\n<ul>\n<li>Tejido de algod\u00f3n encerado repelente al agua.<\/li>\n<li>Chaqueta-forro interior desmontable 2 en 1.<\/li>\n<li>Contiene 6 bolsillos exteriores y dos interiores.<\/li>\n<li>Protecciones en codos y en hombros homologadas CE Flexishock<\/li>\n<li>Incluye bolsillo para espaldera.<\/li>\n<li>Cintur\u00f3n ajustable.<\/li>\n<\/ul>\n","protected":false},"excerpt":{"rendered":"<p>CHAQUETA BYCITY TENEREE III NEGRA Color negro Cazadora 100% impermeable. Puro estilo By City &#8211; NZI Cazadora Teneree III man en Tejido de algod\u00f3n encerado repelente al agua que incluye protecciones y cintur\u00f3n. La seguridad y el estilo es lo primero en nuestra marca. Esta cazadora con un marcado estilo cl\u00e1sico de los a\u00f1os 60, [&hellip;]<\/p>\n","protected":false},"featured_media":9865,"template":"","meta":{"_et_pb_use_builder":"","_et_pb_old_content":"","_et_gb_content_width":""},"product_cat":[33,232,51],"product_tag":[669,41,191,192],"_links":{"self":[{"href":"https:\/\/difrenos.com\/index.php\/wp-json\/wp\/v2\/product\/9862"}],"collection":[{"href":"https:\/\/difrenos.com\/index.php\/wp-json\/wp\/v2\/product"}],"about":[{"href":"https:\/\/difrenos.com\/index.php\/wp-json\/wp\/v2\/types\/product"}],"wp:featuredmedia":[{"embeddable":true,"href":"https:\/\/difrenos.com\/index.php\/wp-json\/wp\/v2\/media\/9865"}],"wp:attachment":[{"href":"https:\/\/difrenos.com\/index.php\/wp-json\/wp\/v2\/media?parent=9862"}],"wp:term":[{"taxonomy":"product_cat","embeddable":true,"href":"https:\/\/difrenos.com\/index.php\/wp-json\/wp\/v2\/product_cat?post=9862"},{"taxonomy":"product_tag","embeddable":true,"href":"https:\/\/difrenos.com\/index.php\/wp-json\/wp\/v2\/product_tag?post=9862"}],"curies":[{"name":"wp","href":"https:\/\/api.w.org\/{rel}","templated":true}]}}