{"id":9397,"date":"2023-10-03T13:26:03","date_gmt":"2023-10-03T13:26:03","guid":{"rendered":"https:\/\/difrenos.com\/?post_type=product&#038;p=9397"},"modified":"2026-03-17T18:09:28","modified_gmt":"2026-03-17T18:09:28","slug":"soporte-para-bicicletas","status":"publish","type":"product","link":"https:\/\/difrenos.com\/index.php\/producto\/soporte-para-bicicletas\/","title":{"rendered":"Soporte plegable bici Husqvarna"},"content":{"rendered":"<pre id=\"tw-target-text\" class=\"tw-data-text tw-text-large tw-ta\" dir=\"ltr\" data-placeholder=\"Traducci\u00f3n\" data-ved=\"2ahUKEwjMjY-C_NmBAxVbXaQEHSlUB-sQ3ewLegQICBAQ\"><span class=\"Y2IQFc\" lang=\"es\">Referencia: BARA3400001\r\n\r\n- Este soporte para bicicletas de suelo est\u00e1 patentado y es plegable para ahorrar espacio. \r\n- Equipado con orificios para fijaci\u00f3n al suelo. \r\n- Se puede poner cualquier bicicleta en la rueda delantera o trasera. \r\n- Tambi\u00e9n se puede colgar cuando no est\u00e9 en uso.\r\n- Max bicicletas: 1 bicicleta\r\n- Material: plastico \r\n- Color: negro carb\u00f3n\r\n- Carga total m\u00e1xima (kg): 20 kg\r\n- Tama\u00f1o m\u00e1ximo de secci\u00f3n del cuadro (cm): todos\r\n- Tama\u00f1o de bicicleta (pulgadas): desde 20\" a 29\"\r\n- Ancho m\u00e1ximo de neum\u00e1ticos (cm): 8\r\n- Distancia m\u00e1xima entre ruedas de bicicleta (cm): todas\r\n- Bicicletas el\u00e9ctricas: s\u00ed\r\n- Apto para cuadros de carbono: s\u00ed\r\n- Apto para frenos de disco: s\u00ed<\/span><\/pre>\n","protected":false},"excerpt":{"rendered":"<p>Referencia: BARA3400001 &#8211; Este soporte para bicicletas de suelo est\u00e1 patentado y es plegable para ahorrar espacio. &#8211; Equipado con orificios para fijaci\u00f3n al suelo. &#8211; Se puede poner cualquier bicicleta en la rueda delantera o trasera. &#8211; Tambi\u00e9n se puede colgar cuando no est\u00e9 en uso. &#8211; Max bicicletas: 1 bicicleta &#8211; Material: plastico [&hellip;]<\/p>\n","protected":false},"featured_media":9400,"template":"","meta":{"_et_pb_use_builder":"","_et_pb_old_content":"","_et_gb_content_width":""},"product_cat":[616,170,687],"product_tag":[323,688],"_links":{"self":[{"href":"https:\/\/difrenos.com\/index.php\/wp-json\/wp\/v2\/product\/9397"}],"collection":[{"href":"https:\/\/difrenos.com\/index.php\/wp-json\/wp\/v2\/product"}],"about":[{"href":"https:\/\/difrenos.com\/index.php\/wp-json\/wp\/v2\/types\/product"}],"wp:featuredmedia":[{"embeddable":true,"href":"https:\/\/difrenos.com\/index.php\/wp-json\/wp\/v2\/media\/9400"}],"wp:attachment":[{"href":"https:\/\/difrenos.com\/index.php\/wp-json\/wp\/v2\/media?parent=9397"}],"wp:term":[{"taxonomy":"product_cat","embeddable":true,"href":"https:\/\/difrenos.com\/index.php\/wp-json\/wp\/v2\/product_cat?post=9397"},{"taxonomy":"product_tag","embeddable":true,"href":"https:\/\/difrenos.com\/index.php\/wp-json\/wp\/v2\/product_tag?post=9397"}],"curies":[{"name":"wp","href":"https:\/\/api.w.org\/{rel}","templated":true}]}}