{"id":9200,"date":"2023-09-18T17:17:46","date_gmt":"2023-09-18T17:17:46","guid":{"rendered":"https:\/\/difrenos.com\/?post_type=product&#038;p=9200"},"modified":"2026-02-02T12:09:41","modified_gmt":"2026-02-02T12:09:41","slug":"chaqueta-hebo-trans-rally","status":"publish","type":"product","link":"https:\/\/difrenos.com\/index.php\/producto\/chaqueta-hebo-trans-rally\/","title":{"rendered":"Chaqueta Hebo Trans-Rally"},"content":{"rendered":"<p>Referencias:<br \/>\nHE4737MG Talla M<br \/>\nHE4737LG Talla L<\/p>\n<p>La Hebo Trans-Rally est\u00e1 hecha de poli\u00e9ster con un forro interior c\u00e1lido 100% impermeable. Si empiezas a notar calor, puedes ajustar las entradas de aire en los antebrazos o incluso quitar las mangas y convertirlo en un chaleco. Puedes adaptar el corte totalmente en la cadera y los pu\u00f1os.<\/p>\n<p>Se han colocado detalles reflectantes, dos bolsillos grandes en la zona frontal y dos bolsillos grandes en la zona trasera (en uno de ellos puedes incluir una protecci\u00f3n de espalda extra). Adem\u00e1s, se han equipado protecciones extra\u00edbles en codos y hombros para mejorar la seguridad.<\/p>\n<p>Caracter\u00edsticas:<br \/>\n&#8211; 100% impermeable para mantenerte seco durante una tormenta<br \/>\n&#8211; Mangas, pu\u00f1os y cintura ajustables<br \/>\n&#8211; Detalles reflectantes alrededor de la chaqueta para mejorar la visibilidad<br \/>\n&#8211; Mangas extra\u00edbles con aperturas de ventilaci\u00f3n en los antebrazos<br \/>\n&#8211; Protecciones en hombros y codos<\/p>\n","protected":false},"excerpt":{"rendered":"<p>Referencias: HE4737MG Talla M HE4737LG Talla L La Hebo Trans-Rally est\u00e1 hecha de poli\u00e9ster con un forro interior c\u00e1lido 100% impermeable. Si empiezas a notar calor, puedes ajustar las entradas de aire en los antebrazos o incluso quitar las mangas y convertirlo en un chaleco. Puedes adaptar el corte totalmente en la cadera y los [&hellip;]<\/p>\n","protected":false},"featured_media":16113,"template":"","meta":{"_et_pb_use_builder":"","_et_pb_old_content":"","_et_gb_content_width":""},"product_cat":[33,232,51],"product_tag":[41,105,668],"_links":{"self":[{"href":"https:\/\/difrenos.com\/index.php\/wp-json\/wp\/v2\/product\/9200"}],"collection":[{"href":"https:\/\/difrenos.com\/index.php\/wp-json\/wp\/v2\/product"}],"about":[{"href":"https:\/\/difrenos.com\/index.php\/wp-json\/wp\/v2\/types\/product"}],"wp:featuredmedia":[{"embeddable":true,"href":"https:\/\/difrenos.com\/index.php\/wp-json\/wp\/v2\/media\/16113"}],"wp:attachment":[{"href":"https:\/\/difrenos.com\/index.php\/wp-json\/wp\/v2\/media?parent=9200"}],"wp:term":[{"taxonomy":"product_cat","embeddable":true,"href":"https:\/\/difrenos.com\/index.php\/wp-json\/wp\/v2\/product_cat?post=9200"},{"taxonomy":"product_tag","embeddable":true,"href":"https:\/\/difrenos.com\/index.php\/wp-json\/wp\/v2\/product_tag?post=9200"}],"curies":[{"name":"wp","href":"https:\/\/api.w.org\/{rel}","templated":true}]}}