{"id":9193,"date":"2023-09-18T16:40:43","date_gmt":"2023-09-18T16:40:43","guid":{"rendered":"https:\/\/difrenos.com\/?post_type=product&#038;p=9193"},"modified":"2025-12-05T13:17:41","modified_gmt":"2025-12-05T13:17:41","slug":"9193","status":"publish","type":"product","link":"https:\/\/difrenos.com\/index.php\/producto\/9193\/","title":{"rendered":"Guantes 100% Airmatic Junior"},"content":{"rendered":"<p>Referencias:<br \/>\n&#8211; 1001205705 Talla M<br \/>\n&#8211; 1001205706 Talla L<br \/>\n&#8211; 1001205707 Talla XL<\/p>\n<ul>\n<li>Palma doble capa perforada mejora el confort y protege contra las ampollas<\/li>\n<li>Detalles TPR protegen los nudillos y parte superior de la mano<\/li>\n<li>Paneles de pu\u00f1o y el pulgar de Airprene ofrecen transpirabilidad y protecci\u00f3n m\u00e1xima<\/li>\n<li>Refuerzos de dedo Trek-Dry mejoran la movilidad y humedad del fieltro<\/li>\n<li>Sistema de cierre de mu\u00f1eca ajustable con respaldo de Velcro asegura un ajuste adecuado<\/li>\n<li>Integrado tecnolog\u00eda hilos te mantienen conectado con el tel\u00e9fono<\/li>\n<\/ul>\n","protected":false},"excerpt":{"rendered":"<p>Referencias: &#8211; 1001205705 Talla M &#8211; 1001205706 Talla L &#8211; 1001205707 Talla XL Palma doble capa perforada mejora el confort y protege contra las ampollas Detalles TPR protegen los nudillos y parte superior de la mano Paneles de pu\u00f1o y el pulgar de Airprene ofrecen transpirabilidad y protecci\u00f3n m\u00e1xima Refuerzos de dedo Trek-Dry mejoran la [&hellip;]<\/p>\n","protected":false},"featured_media":9195,"template":"","meta":{"_et_pb_use_builder":"","_et_pb_old_content":"","_et_gb_content_width":""},"product_cat":[731,33,261,116],"product_tag":[665,342,117],"_links":{"self":[{"href":"https:\/\/difrenos.com\/index.php\/wp-json\/wp\/v2\/product\/9193"}],"collection":[{"href":"https:\/\/difrenos.com\/index.php\/wp-json\/wp\/v2\/product"}],"about":[{"href":"https:\/\/difrenos.com\/index.php\/wp-json\/wp\/v2\/types\/product"}],"wp:featuredmedia":[{"embeddable":true,"href":"https:\/\/difrenos.com\/index.php\/wp-json\/wp\/v2\/media\/9195"}],"wp:attachment":[{"href":"https:\/\/difrenos.com\/index.php\/wp-json\/wp\/v2\/media?parent=9193"}],"wp:term":[{"taxonomy":"product_cat","embeddable":true,"href":"https:\/\/difrenos.com\/index.php\/wp-json\/wp\/v2\/product_cat?post=9193"},{"taxonomy":"product_tag","embeddable":true,"href":"https:\/\/difrenos.com\/index.php\/wp-json\/wp\/v2\/product_tag?post=9193"}],"curies":[{"name":"wp","href":"https:\/\/api.w.org\/{rel}","templated":true}]}}