{"id":8027,"date":"2023-05-17T09:56:07","date_gmt":"2023-05-17T09:56:07","guid":{"rendered":"https:\/\/difrenos.com\/?post_type=product&#038;p=8027"},"modified":"2026-04-09T07:38:16","modified_gmt":"2026-04-09T07:38:16","slug":"husqvarna-fc-350-2024","status":"publish","type":"product","link":"https:\/\/difrenos.com\/index.php\/producto\/husqvarna-fc-350-2024\/","title":{"rendered":"Husqvarna Fc 350  4T 2024"},"content":{"rendered":"<p>Con la agilidad de una 250 y una relaci\u00f3n peso-potencia similar a una 450, la FC 350 brilla por su competitivo equilibrio entre potencia y manejabilidad. Esto atrae tanto a pilotos profesionales como a aficionados, creando una experiencia de pilotaje m\u00e1s aprovechable en todas las condiciones. Con una extensa serie de revisiones en motor y parte ciclo, la FC 350 mantiene c\u00f3modamente su posici\u00f3n como una de las motos de motocross m\u00e1s polivalentes del mercado. Con una nueva combinaci\u00f3n de colores de inspiraci\u00f3n sueca en blanco, amarillo y gris, aplicados a una redise\u00f1ada carrocer\u00eda, la llamativa est\u00e9tica, la mejora de la ergonom\u00eda y el perfil m\u00e1s plano del asiento muestran a las claras el continuo desarrollo de la FC 350.<\/p>\n<div class=\"row c-technical-data__backdrop c-technical-data__backdrop--top js-heading-row\">\n<div class=\"col-sm-12\">\n<h3 class=\"c-technical-data__heading highlight\">Detalles T\u00e9cnicos<\/h3>\n<\/div>\n<\/div>\n<div class=\"row c-technical-data__backdrop js-data-row\">\n<div class=\"col-md-12 col-lg-6\">\n<article class=\"c-technical-data__group\">\n<h2 class=\"c-technical-data__group-heading js-group-toggle\">MOTOR<\/h2>\n<ul class=\"c-technical-data__list js-technical-data-list\">\n<li><span class=\"c-technical-data__list-label\">CAMBIO: <\/span><span class=\"c-technical-data__list-value\">5 marchas<\/span><\/li>\n<li><span class=\"c-technical-data__list-label\">ARRANQUE: <\/span><span class=\"c-technical-data__list-value\">Arranque el\u00e9ctrico<\/span><\/li>\n<li><span class=\"c-technical-data__list-label\">CARRERA: <\/span><span class=\"c-technical-data__list-value\">57.5 mm<\/span><\/li>\n<li><span class=\"c-technical-data__list-label\">DI\u00c1METRO: <\/span><span class=\"c-technical-data__list-value\">88 mm<\/span><\/li>\n<li><span class=\"c-technical-data__list-label\">EMBRAGUE: <\/span><span class=\"c-technical-data__list-value\">Embrague multidisco DS en ba\u00f1o de aceite, sistema hidr\u00e1ulico Brembo<\/span><\/li>\n<li class=\"\"><span class=\"c-technical-data__list-label\">CILINDRADA: <\/span><span class=\"c-technical-data__list-value\">349.7 cm\u00b3<\/span><\/li>\n<li class=\"\"><span class=\"c-technical-data__list-label\">EMS: <\/span><span class=\"c-technical-data__list-value\">Keihin EMS<\/span><\/li>\n<li class=\"\"><span class=\"c-technical-data__list-label\">ESTRUCTURA: <\/span><span class=\"c-technical-data__list-value\">Motor monocil\u00edndrico de 4 tiempos<\/span><\/li>\n<\/ul>\n<\/article>\n<\/div>\n<div class=\"col-md-12 col-lg-6\">\n<article class=\"c-technical-data__group c-technical-data__group--last\">\n<h2 class=\"c-technical-data__group-heading js-group-toggle\">PARTE CICLO<\/h2>\n<ul class=\"c-technical-data__list js-technical-data-list\">\n<li><span class=\"c-technical-data__list-label\">PESO (SIN COMBUSTIBLE): <\/span><span class=\"c-technical-data__list-value\">102 kg<\/span><\/li>\n<li><span class=\"c-technical-data__list-label\">CAPACIDAD DEL DEP\u00d3SITO (APROX.): <\/span><span class=\"c-technical-data__list-value\">7.2 l<\/span><\/li>\n<li><span class=\"c-technical-data__list-label\">DI\u00c1METRO DEL DISCO DE FRENO DELANTERO: <\/span><span class=\"c-technical-data__list-value\">260 mm<\/span><\/li>\n<li><span class=\"c-technical-data__list-label\">DI\u00c1METRO DEL DISCO DE FRENO TRASERO: <\/span><span class=\"c-technical-data__list-value\">220 mm<\/span><\/li>\n<li><span class=\"c-technical-data__list-label\">FRENO DELANTERO: <\/span><span class=\"c-technical-data__list-value\">Freno de disco<\/span><\/li>\n<li class=\"\"><span class=\"c-technical-data__list-label\">FRENO TRASERO: <\/span><span class=\"c-technical-data__list-value\">Freno de disco<\/span><\/li>\n<li class=\"\"><span class=\"c-technical-data__list-label\">CADENA: <\/span><span class=\"c-technical-data__list-value\">520, Non-sealed<\/span><\/li>\n<li class=\"\"><span class=\"c-technical-data__list-label\">ESTRUCTURA DEL CHASIS: <\/span><span class=\"c-technical-data__list-value\">Tipo de doble cuna central, acero 25CrMo4<\/span><\/li>\n<li class=\"\"><span class=\"c-technical-data__list-label\">SUSPENSI\u00d3N DELANTERA: <\/span><span class=\"c-technical-data__list-value\">Horquilla invertida WP XACT \u00d8 48\u00a0mm<\/span><\/li>\n<li class=\"\"><span class=\"c-technical-data__list-label\">ALTURA LIBRE AL SUELO: <\/span><span class=\"c-technical-data__list-value\">336 mm<\/span><\/li>\n<li class=\"\"><span class=\"c-technical-data__list-label\">SUSPENSI\u00d3N TRASERA: <\/span><span class=\"c-technical-data__list-value\">Amortiguador trasero WP XACT con varillas<\/span><\/li>\n<li class=\"\"><span class=\"c-technical-data__list-label\">ALTURA DEL ASIENTO: <\/span><span class=\"c-technical-data__list-value\">939 mm<\/span><\/li>\n<li class=\"\"><span class=\"c-technical-data__list-label\">\u00c1NGULO DE DIRECCI\u00d3N: <\/span><span class=\"c-technical-data__list-value\">63.9 \u00b0<\/span><\/li>\n<li class=\"\"><span class=\"c-technical-data__list-label\">RECORRIDO DE SUSPENSI\u00d3N DELANTERA: <\/span><span class=\"c-technical-data__list-value\">305 mm<\/span><\/li>\n<li class=\"\"><span class=\"c-technical-data__list-label\">RECORRIDO DE SUSPENSI\u00d3N TRASERA: <\/span><span class=\"c-technical-data__list-value\">293 mm<\/span><\/li>\n<\/ul>\n<\/article>\n<\/div>\n<\/div>\n","protected":false},"excerpt":{"rendered":"<p>OFERTAS HUSQVARNA VALIDAS HASTA EL 30\/12\/2025 O FIN DE EXISTENCIAS(despu\u00e9s informarte)<\/p>\n<p>PODEMOS COGER MOTO A CAMBIO<\/p>\n","protected":false},"featured_media":8054,"template":"","meta":{"_et_pb_use_builder":"","_et_pb_old_content":"","_et_gb_content_width":""},"product_cat":[467,324,328,129],"product_tag":[584,423,108,407],"_links":{"self":[{"href":"https:\/\/difrenos.com\/index.php\/wp-json\/wp\/v2\/product\/8027"}],"collection":[{"href":"https:\/\/difrenos.com\/index.php\/wp-json\/wp\/v2\/product"}],"about":[{"href":"https:\/\/difrenos.com\/index.php\/wp-json\/wp\/v2\/types\/product"}],"wp:featuredmedia":[{"embeddable":true,"href":"https:\/\/difrenos.com\/index.php\/wp-json\/wp\/v2\/media\/8054"}],"wp:attachment":[{"href":"https:\/\/difrenos.com\/index.php\/wp-json\/wp\/v2\/media?parent=8027"}],"wp:term":[{"taxonomy":"product_cat","embeddable":true,"href":"https:\/\/difrenos.com\/index.php\/wp-json\/wp\/v2\/product_cat?post=8027"},{"taxonomy":"product_tag","embeddable":true,"href":"https:\/\/difrenos.com\/index.php\/wp-json\/wp\/v2\/product_tag?post=8027"}],"curies":[{"name":"wp","href":"https:\/\/api.w.org\/{rel}","templated":true}]}}

<p>Con la agilidad de una 250 y una relación peso-potencia similar a una 450, la FC 350 brilla por su competitivo equilibrio entre potencia y manejabilidad. Esto atrae tanto a pilotos profesionales como a aficionados, creando una experiencia de pilotaje más aprovechable en todas las condiciones. Con una extensa serie de revisiones en motor y parte ciclo, la FC 350 mantiene cómodamente su posición como una de las motos de motocross más polivalentes del mercado. Con una nueva combinación de colores de inspiración sueca en blanco, amarillo y gris, aplicados a una rediseñada carrocería, la llamativa estética, la mejora de la ergonomía y el perfil más plano del asiento muestran a las claras el continuo desarrollo de la FC 350.</p>
<div class="row c-technical-data__backdrop c-technical-data__backdrop--top js-heading-row">
<div class="col-sm-12">
<h3 class="c-technical-data__heading highlight">Detalles Técnicos</h3>
</div>
</div>
<div class="row c-technical-data__backdrop js-data-row">
<div class="col-md-12 col-lg-6">
<article class="c-technical-data__group">
<h2 class="c-technical-data__group-heading js-group-toggle">MOTOR</h2>
<ul class="c-technical-data__list js-technical-data-list">
<li><span class="c-technical-data__list-label">CAMBIO: </span><span class="c-technical-data__list-value">5 marchas</span></li>
<li><span class="c-technical-data__list-label">ARRANQUE: </span><span class="c-technical-data__list-value">Arranque eléctrico</span></li>
<li><span class="c-technical-data__list-label">CARRERA: </span><span class="c-technical-data__list-value">57.5 mm</span></li>
<li><span class="c-technical-data__list-label">DIÁMETRO: </span><span class="c-technical-data__list-value">88 mm</span></li>
<li><span class="c-technical-data__list-label">EMBRAGUE: </span><span class="c-technical-data__list-value">Embrague multidisco DS en baño de aceite, sistema hidráulico Brembo</span></li>
<li class=""><span class="c-technical-data__list-label">CILINDRADA: </span><span class="c-technical-data__list-value">349.7 cm³</span></li>
<li class=""><span class="c-technical-data__list-label">EMS: </span><span class="c-technical-data__list-value">Keihin EMS</span></li>
<li class=""><span class="c-technical-data__list-label">ESTRUCTURA: </span><span class="c-technical-data__list-value">Motor monocilíndrico de 4 tiempos</span></li>
</ul>
</article>
</div>
<div class="col-md-12 col-lg-6">
<article class="c-technical-data__group c-technical-data__group--last">
<h2 class="c-technical-data__group-heading js-group-toggle">PARTE CICLO</h2>
<ul class="c-technical-data__list js-technical-data-list">
<li><span class="c-technical-data__list-label">PESO (SIN COMBUSTIBLE): </span><span class="c-technical-data__list-value">102 kg</span></li>
<li><span class="c-technical-data__list-label">CAPACIDAD DEL DEPÓSITO (APROX.): </span><span class="c-technical-data__list-value">7.2 l</span></li>
<li><span class="c-technical-data__list-label">DIÁMETRO DEL DISCO DE FRENO DELANTERO: </span><span class="c-technical-data__list-value">260 mm</span></li>
<li><span class="c-technical-data__list-label">DIÁMETRO DEL DISCO DE FRENO TRASERO: </span><span class="c-technical-data__list-value">220 mm</span></li>
<li><span class="c-technical-data__list-label">FRENO DELANTERO: </span><span class="c-technical-data__list-value">Freno de disco</span></li>
<li class=""><span class="c-technical-data__list-label">FRENO TRASERO: </span><span class="c-technical-data__list-value">Freno de disco</span></li>
<li class=""><span class="c-technical-data__list-label">CADENA: </span><span class="c-technical-data__list-value">520, Non-sealed</span></li>
<li class=""><span class="c-technical-data__list-label">ESTRUCTURA DEL CHASIS: </span><span class="c-technical-data__list-value">Tipo de doble cuna central, acero 25CrMo4</span></li>
<li class=""><span class="c-technical-data__list-label">SUSPENSIÓN DELANTERA: </span><span class="c-technical-data__list-value">Horquilla invertida WP XACT Ø 48 mm</span></li>
<li class=""><span class="c-technical-data__list-label">ALTURA LIBRE AL SUELO: </span><span class="c-technical-data__list-value">336 mm</span></li>
<li class=""><span class="c-technical-data__list-label">SUSPENSIÓN TRASERA: </span><span class="c-technical-data__list-value">Amortiguador trasero WP XACT con varillas</span></li>
<li class=""><span class="c-technical-data__list-label">ALTURA DEL ASIENTO: </span><span class="c-technical-data__list-value">939 mm</span></li>
<li class=""><span class="c-technical-data__list-label">ÁNGULO DE DIRECCIÓN: </span><span class="c-technical-data__list-value">63.9 °</span></li>
<li class=""><span class="c-technical-data__list-label">RECORRIDO DE SUSPENSIÓN DELANTERA: </span><span class="c-technical-data__list-value">305 mm</span></li>
<li class=""><span class="c-technical-data__list-label">RECORRIDO DE SUSPENSIÓN TRASERA: </span><span class="c-technical-data__list-value">293 mm</span></li>
</ul>
</article>
</div>
</div>

<p>OFERTAS HUSQVARNA VALIDAS HASTA EL 30/12/2025 O FIN DE EXISTENCIAS(después informarte)</p>
<p>PODEMOS COGER MOTO A CAMBIO</p>
