{"id":7349,"date":"2023-03-10T12:05:10","date_gmt":"2023-03-10T12:05:10","guid":{"rendered":"https:\/\/difrenos.com\/?post_type=product&#038;p=7349"},"modified":"2026-03-17T13:51:47","modified_gmt":"2026-03-17T13:51:47","slug":"botas-forma-terrain-negro-47","status":"publish","type":"product","link":"https:\/\/difrenos.com\/index.php\/producto\/botas-forma-terrain-negro-47\/","title":{"rendered":"Botas Forma Terrain"},"content":{"rendered":"<p>Exterior : Ca\u00f1a en piel y material sint\u00e9tico. Nueva suela MX en caucho de doble densidad. Protecciones de pl\u00e1stico amoldado inyectado en la espinilla, la pantorrilla y el tac\u00f3n. Contrapesos de acero. Recubrimiento de cuero como protecci\u00f3n antit\u00e9rmica. Cierre de velcro regulable en la parte superior, y con hebillas GH de pl\u00e1stico regulables y reemplazables.<\/p>\n<p>&#8211; Interior : Refuerzos de poliuretano. Forro interior acolchado. Relleno en pol\u00edmero viscoel\u00e1stico. Suela ISS (Incorporate Steel Shank) con refuerzo de acero, suela revestida de material antichoque EVA. Plantilla antibacteriana, reemplazable, con sistema APS (Air Pump System). Botas con certificaci\u00f3n CE.<\/p>\n","protected":false},"excerpt":{"rendered":"<p>Talla 47<\/p>\n","protected":false},"featured_media":7360,"template":"","meta":{"_et_pb_use_builder":"","_et_pb_old_content":"","_et_gb_content_width":""},"product_cat":[221,33,34,253],"product_tag":[499,582,739],"_links":{"self":[{"href":"https:\/\/difrenos.com\/index.php\/wp-json\/wp\/v2\/product\/7349"}],"collection":[{"href":"https:\/\/difrenos.com\/index.php\/wp-json\/wp\/v2\/product"}],"about":[{"href":"https:\/\/difrenos.com\/index.php\/wp-json\/wp\/v2\/types\/product"}],"wp:featuredmedia":[{"embeddable":true,"href":"https:\/\/difrenos.com\/index.php\/wp-json\/wp\/v2\/media\/7360"}],"wp:attachment":[{"href":"https:\/\/difrenos.com\/index.php\/wp-json\/wp\/v2\/media?parent=7349"}],"wp:term":[{"taxonomy":"product_cat","embeddable":true,"href":"https:\/\/difrenos.com\/index.php\/wp-json\/wp\/v2\/product_cat?post=7349"},{"taxonomy":"product_tag","embeddable":true,"href":"https:\/\/difrenos.com\/index.php\/wp-json\/wp\/v2\/product_tag?post=7349"}],"curies":[{"name":"wp","href":"https:\/\/api.w.org\/{rel}","templated":true}]}}