{"id":7100,"date":"2023-02-24T11:23:34","date_gmt":"2023-02-24T11:23:34","guid":{"rendered":"https:\/\/difrenos.com\/?post_type=product&#038;p=7100"},"modified":"2025-09-22T11:03:47","modified_gmt":"2025-09-22T11:03:47","slug":"calcetines-husqvarna-functional-offroad-2023","status":"publish","type":"product","link":"https:\/\/difrenos.com\/index.php\/producto\/calcetines-husqvarna-functional-offroad-2023\/","title":{"rendered":"Calcetines Husqvarna Functional Offroad"},"content":{"rendered":"<p>Referencias:<br \/>\n3HS230011502 TALLA 36-39<br \/>\n3HS230011503 TALLA 40-43<br \/>\n3HS230011504 TALLA 44-47<\/p>\n<ul>\n<li>Calcetines funcionales para offroad<\/li>\n<li>Transpirable y agradable a la piel<\/li>\n<li>Perfecta circulaci\u00f3n del aire<\/li>\n<li>\u00d3ptimo transporte de la humedad<\/li>\n<li>Material de secado r\u00e1pido<\/li>\n<li>Plantilla de forma anat\u00f3mica<\/li>\n<li>95 % poliamida \/ 5 % elastano<\/li>\n<\/ul>\n","protected":false},"excerpt":{"rendered":"<p>Referencias: 3HS230011502 TALLA 36-39 3HS230011503 TALLA 40-43 3HS230011504 TALLA 44-47 Calcetines funcionales para offroad Transpirable y agradable a la piel Perfecta circulaci\u00f3n del aire \u00d3ptimo transporte de la humedad Material de secado r\u00e1pido Plantilla de forma anat\u00f3mica 95 % poliamida \/ 5 % elastano<\/p>\n","protected":false},"featured_media":7102,"template":"","meta":{"_et_pb_use_builder":"","_et_pb_old_content":"","_et_gb_content_width":""},"product_cat":[215,33,223],"product_tag":[17,543,108,142],"_links":{"self":[{"href":"https:\/\/difrenos.com\/index.php\/wp-json\/wp\/v2\/product\/7100"}],"collection":[{"href":"https:\/\/difrenos.com\/index.php\/wp-json\/wp\/v2\/product"}],"about":[{"href":"https:\/\/difrenos.com\/index.php\/wp-json\/wp\/v2\/types\/product"}],"wp:featuredmedia":[{"embeddable":true,"href":"https:\/\/difrenos.com\/index.php\/wp-json\/wp\/v2\/media\/7102"}],"wp:attachment":[{"href":"https:\/\/difrenos.com\/index.php\/wp-json\/wp\/v2\/media?parent=7100"}],"wp:term":[{"taxonomy":"product_cat","embeddable":true,"href":"https:\/\/difrenos.com\/index.php\/wp-json\/wp\/v2\/product_cat?post=7100"},{"taxonomy":"product_tag","embeddable":true,"href":"https:\/\/difrenos.com\/index.php\/wp-json\/wp\/v2\/product_tag?post=7100"}],"curies":[{"name":"wp","href":"https:\/\/api.w.org\/{rel}","templated":true}]}}