{"id":6962,"date":"2023-02-16T13:03:16","date_gmt":"2023-02-16T13:03:16","guid":{"rendered":"https:\/\/difrenos.com\/?post_type=product&#038;p=6962"},"modified":"2026-02-23T14:10:31","modified_gmt":"2026-02-23T14:10:31","slug":"pantalon-trrs-kid-2","status":"publish","type":"product","link":"https:\/\/difrenos.com\/index.php\/producto\/pantalon-trrs-kid-2\/","title":{"rendered":"Camiseta TRS Kid"},"content":{"rendered":"<ul>\n<li>Camiseta infantil para trial<\/li>\n<li>Fabricada en poliester<\/li>\n<li>Pu\u00f1os y cuello el\u00e1sticos<\/li>\n<li>Estampado por sublimaci\u00f3n<\/li>\n<\/ul>\n","protected":false},"excerpt":{"rendered":"<p>Camiseta infantil para trial Fabricada en poliester Pu\u00f1os y cuello el\u00e1sticos Estampado por sublimaci\u00f3n<\/p>\n","protected":false},"featured_media":6963,"template":"","meta":{"_et_pb_use_builder":"","_et_pb_old_content":"","_et_gb_content_width":""},"product_cat":[224,116,495],"product_tag":[117,450],"_links":{"self":[{"href":"https:\/\/difrenos.com\/index.php\/wp-json\/wp\/v2\/product\/6962"}],"collection":[{"href":"https:\/\/difrenos.com\/index.php\/wp-json\/wp\/v2\/product"}],"about":[{"href":"https:\/\/difrenos.com\/index.php\/wp-json\/wp\/v2\/types\/product"}],"wp:featuredmedia":[{"embeddable":true,"href":"https:\/\/difrenos.com\/index.php\/wp-json\/wp\/v2\/media\/6963"}],"wp:attachment":[{"href":"https:\/\/difrenos.com\/index.php\/wp-json\/wp\/v2\/media?parent=6962"}],"wp:term":[{"taxonomy":"product_cat","embeddable":true,"href":"https:\/\/difrenos.com\/index.php\/wp-json\/wp\/v2\/product_cat?post=6962"},{"taxonomy":"product_tag","embeddable":true,"href":"https:\/\/difrenos.com\/index.php\/wp-json\/wp\/v2\/product_tag?post=6962"}],"curies":[{"name":"wp","href":"https:\/\/api.w.org\/{rel}","templated":true}]}}