{"id":6721,"date":"2023-02-07T11:28:00","date_gmt":"2023-02-07T11:28:00","guid":{"rendered":"https:\/\/difrenos.com\/?post_type=product&#038;p=6721"},"modified":"2026-03-09T12:03:07","modified_gmt":"2026-03-09T12:03:07","slug":"chaqueta-de-agua-husqvarna-2023","status":"publish","type":"product","link":"https:\/\/difrenos.com\/index.php\/producto\/chaqueta-de-agua-husqvarna-2023\/","title":{"rendered":"Chaqueta de agua Husqvarna"},"content":{"rendered":"<p>Referencias:<br \/>\n3HS200019504 Talla L<br \/>\n3HS200019505 Talla XL<\/p>\n<ul>\n<li>Chubasquero transparente offroad<\/li>\n<li>Costuras adheridas e impermeables<\/li>\n<li>Inserciones de malla<\/li>\n<li>Corte especial (corto por delante y largo por detr\u00e1s) para lograr una adaptaci\u00f3n perfecta en la posici\u00f3n de pilotaje<\/li>\n<li>Cuello de confort de neopreno para mayor impermeabilidad y comodidad<\/li>\n<li>100 % polietileno termopl\u00e1stico<\/li>\n<\/ul>\n","protected":false},"excerpt":{"rendered":"<p>Referencias: 3HS200019504 Talla L 3HS200019505 Talla XL Chubasquero transparente offroad Costuras adheridas e impermeables Inserciones de malla Corte especial (corto por delante y largo por detr\u00e1s) para lograr una adaptaci\u00f3n perfecta en la posici\u00f3n de pilotaje Cuello de confort de neopreno para mayor impermeabilidad y comodidad 100 % polietileno termopl\u00e1stico<\/p>\n","protected":false},"featured_media":6723,"template":"","meta":{"_et_pb_use_builder":"","_et_pb_old_content":"","_et_gb_content_width":""},"product_cat":[33,754,51,69,701,816],"product_tag":[108,392],"_links":{"self":[{"href":"https:\/\/difrenos.com\/index.php\/wp-json\/wp\/v2\/product\/6721"}],"collection":[{"href":"https:\/\/difrenos.com\/index.php\/wp-json\/wp\/v2\/product"}],"about":[{"href":"https:\/\/difrenos.com\/index.php\/wp-json\/wp\/v2\/types\/product"}],"wp:featuredmedia":[{"embeddable":true,"href":"https:\/\/difrenos.com\/index.php\/wp-json\/wp\/v2\/media\/6723"}],"wp:attachment":[{"href":"https:\/\/difrenos.com\/index.php\/wp-json\/wp\/v2\/media?parent=6721"}],"wp:term":[{"taxonomy":"product_cat","embeddable":true,"href":"https:\/\/difrenos.com\/index.php\/wp-json\/wp\/v2\/product_cat?post=6721"},{"taxonomy":"product_tag","embeddable":true,"href":"https:\/\/difrenos.com\/index.php\/wp-json\/wp\/v2\/product_tag?post=6721"}],"curies":[{"name":"wp","href":"https:\/\/api.w.org\/{rel}","templated":true}]}}