{"id":6676,"date":"2023-02-03T15:38:00","date_gmt":"2023-02-03T15:38:00","guid":{"rendered":"https:\/\/difrenos.com\/?post_type=product&#038;p=6676"},"modified":"2026-02-25T11:54:32","modified_gmt":"2026-02-25T11:54:32","slug":"camiseta-husqvarna-team-2022","status":"publish","type":"product","link":"https:\/\/difrenos.com\/index.php\/producto\/camiseta-husqvarna-team-2022\/","title":{"rendered":"Camiseta Husqvarna Team"},"content":{"rendered":"<p>Referencias:<br \/>\n&#8211; 3HS220031201 Talla XS<br \/>\n&#8211; 3HS220031203 Talla M<\/p>\n<ul>\n<li>Sensaci\u00f3n t\u00e1ctil natural<\/li>\n<li>Mangas ragl\u00e1n<\/li>\n<li>Ajuste estrecho<\/li>\n<li>81 % poli\u00e9ster \/ 14 % algod\u00f3n \/ 5 % spandex<\/li>\n<\/ul>\n","protected":false},"excerpt":{"rendered":"<p>Referencias: &#8211; 3HS220031201 Talla XS &#8211; 3HS220031203 Talla M Sensaci\u00f3n t\u00e1ctil natural Mangas ragl\u00e1n Ajuste estrecho 81 % poli\u00e9ster \/ 14 % algod\u00f3n \/ 5 % spandex<\/p>\n","protected":false},"featured_media":6678,"template":"","meta":{"_et_pb_use_builder":"","_et_pb_old_content":"","_et_gb_content_width":""},"product_cat":[33,37,755,49,701],"product_tag":[437,48,52,108,462],"_links":{"self":[{"href":"https:\/\/difrenos.com\/index.php\/wp-json\/wp\/v2\/product\/6676"}],"collection":[{"href":"https:\/\/difrenos.com\/index.php\/wp-json\/wp\/v2\/product"}],"about":[{"href":"https:\/\/difrenos.com\/index.php\/wp-json\/wp\/v2\/types\/product"}],"wp:featuredmedia":[{"embeddable":true,"href":"https:\/\/difrenos.com\/index.php\/wp-json\/wp\/v2\/media\/6678"}],"wp:attachment":[{"href":"https:\/\/difrenos.com\/index.php\/wp-json\/wp\/v2\/media?parent=6676"}],"wp:term":[{"taxonomy":"product_cat","embeddable":true,"href":"https:\/\/difrenos.com\/index.php\/wp-json\/wp\/v2\/product_cat?post=6676"},{"taxonomy":"product_tag","embeddable":true,"href":"https:\/\/difrenos.com\/index.php\/wp-json\/wp\/v2\/product_tag?post=6676"}],"curies":[{"name":"wp","href":"https:\/\/api.w.org\/{rel}","templated":true}]}}