{"id":6103,"date":"2022-12-23T11:15:35","date_gmt":"2022-12-23T11:15:35","guid":{"rendered":"https:\/\/difrenos.com\/?post_type=product&#038;p=6103"},"modified":"2026-01-12T12:23:45","modified_gmt":"2026-01-12T12:23:45","slug":"beta-evo-junior-80cc","status":"publish","type":"product","link":"https:\/\/difrenos.com\/index.php\/producto\/beta-evo-junior-80cc\/","title":{"rendered":"Beta Evo 80 Junior 2025"},"content":{"rendered":"<div class=\"av-special-heading av-k2lpiilu-4bc841bd084a0c990be254b9dd85fdeb av-special-heading-h3 blockquote modern-quote avia-builder-el-15 el_before_av_hr avia-builder-el-first titdesc av-inherit-size av-linked-heading\">\n<h3 class=\"av-special-heading-tag\">EVO 80 Junior MY 2025<\/h3>\n<\/div>\n<section class=\"av_textblock_section av-jp5l0a8q-698440f60fe91948e51f182ca338c725\">\n<div class=\"avia_textblock\">\n<p class=\"p1\">Beta lanza al mercado la nueva\u00a0<b>EVO My 2025\u00a0<\/b>con una original est\u00e9tica de gran impacto que hace que este nuevo modelo sea deportivo y elegante a la vez.<\/p>\n<p class=\"p1\">La principal novedad reside en el compartimento de las suspensiones, con la adopci\u00f3n de horquillas y un monoamortiguador Oll\u00e9 completamente nuevos. Tambi\u00e9n se confirma el paquete t\u00e9cnico ganador motores-chasis, que permite que la EVO se mantenga en lo m\u00e1s alto de la clasificaci\u00f3n de carreras, en todas las categor\u00edas.<\/p>\n<div class=\"flex_column av-3fytv-9f69a16b264ba339ad6dded771049807 av_two_fifth avia-builder-el-14 el_after_av_hr el_before_av_three_fifth first no_margin flex_column_div av-zero-column-padding \">\n<section class=\"av_textblock_section av-jp5l0a8q-698440f60fe91948e51f182ca338c725\">\n<div class=\"avia_textblock\">\n<div id=\"read1670521228\" class=\"read_div\">\n<p class=\"p1\">La gama EVO es una de las m\u00e1s extensas y sigue estando compuesta por nada menos que 6 modelos diferentes, todos ellos con personalidad propia, capaces de satisfacer las variadas necesidades de los pilotos, llevando su potencial y diversi\u00f3n a un nivel superior. Prueba de ello es el gran n\u00famero de modelos EVO en los paddocks de todas las competiciones.<\/p>\n<p class=\"p1\">La Evo 80 es la moto ideal para acercarse a esta disciplina. La versi\u00f3n Junior es, con mucho, la moto m\u00e1s f\u00e1cil para los ni\u00f1os que utilizan por primera vez una moto de trial con motor de combusti\u00f3n. Por su parte, la versi\u00f3n Senior representa el enlace con el modelo 125, compartiendo con este el tama\u00f1o de las ruedas y manteniendo la intencionalidad del motor de 80 cc<\/p>\n<\/div>\n<\/div>\n<\/section>\n<\/div>\n<div class=\"flex_column av-3fytv-19-67fe0ae39c3600d98dce8211f627f305 av_three_fifth avia-builder-el-18 el_after_av_two_fifth el_before_av_hr no_margin flex_column_div av-zero-column-padding \">\n<section class=\"av_textblock_section av-jp5l0a8q-18-a57fb061897bf7de51ec69e20c65d669\">\n<div class=\"avia_textblock ls-direction-fix\">\n<div class=\"ls-fullscreen-wrapper\">\n<div id=\"layerslider_44_miozevhw3og6\" class=\"ls-wp-container fitvidsignore ls-roundedflat ls-container ls-responsive ls-device-is-desktop\" data-layerslider-uid=\"LSe2p8p63u1\" data-current-slide=\"1\">\n<div class=\"ls-inner\">\n<div class=\"ls-slide-bgcolor\"><\/div>\n<div class=\"ls-layers\">\n<div class=\"ls-background-videos\"><\/div>\n<div class=\"ls-slide-backgrounds\">\n<div class=\"ls-wrapper ls-z \" data-slide-index=\"1\">\n<div class=\"ls-wrapper ls-bg-outer\">\n<div class=\"ls-wrapper ls-bg-wrap ls-inner-wrapper\">\n<div id=\"av_section_4\" class=\"avia-section av-jnescpfj-21-bdb8e0a78feb5bdddc63cdc7c60f46ce main_color avia-section-small avia-no-border-styling avia-builder-el-22 el_after_av_section el_before_av_tab_section avia-bg-style-scroll container_wrap fullsize\">\n<div class=\"container av-section-cont-open\">\n<div class=\"template-page content av-content-full alpha units\">\n<div class=\"post-entry post-entry-type-page post-entry-14033\">\n<div class=\"entry-content-wrapper clearfix\">\n<div class=\"av-special-heading av-jt8vy07b-71c7fac162982c24b12d6545e234d1b2 av-special-heading-h3 blockquote modern-quote modern-centered avia-builder-el-23 avia-builder-el-no-sibling titletecnici av-inherit-size\">\n<h3 class=\"av-special-heading-tag\">DATOS T\u00c9CNICOS<\/h3>\n<\/div>\n<\/div>\n<\/div>\n<\/div>\n<\/div>\n<\/div>\n<div id=\"caratteristicamoto\" class=\"av-tab-section-container entry-content-wrapper main_color av-tab-slide-transition av-tab-above-content avia-builder-el-24 el_after_av_section el_before_av_section tab-section-not-first container_wrap fullsize\">\n<div class=\"av-tab-section-outer-container av-jp91j8xf-bdba44d44eee670804b57f24a4758d11\">\n<div class=\"av-tab-section-tab-title-container avia-tab-title-padding-default\" role=\"tablist\"><a class=\"av-section-tab-title av-jp91hidc-ed47ad343468b6f57f0e06ae32c78fd6 av-tab-no-icon av-tab-no-image av-active-tab-title\" tabindex=\"0\" role=\"tab\" href=\"https:\/\/www.betamotor.com\/es\/moto\/evo-80-junior\/#80\" data-av-tab-section-title=\"1\" aria-controls=\"av-tab-section-1-1\"><span class=\"av-outer-tab-title\"><span class=\"av-inner-tab-title\">80<\/span><\/span><\/a><\/div>\n<div class=\"avia-slideshow-arrows av-tabsection-arrow\"><\/div>\n<div class=\"av-tab-section-inner-container avia-section-small\">\n<div id=\"av-tab-section-1-1\" class=\"av-layout-tab av-jp91hidc-ed47ad343468b6f57f0e06ae32c78fd6 av-animation-delay-container avia-builder-el-25 avia-builder-el-no-sibling __av_init_open av-active-tab-content\" data-av-deeplink-tabs=\"\" data-av-tab-section-content=\"1\" data-tab-section-id=\"80\">\n<div class=\"av-layout-tab-inner\">\n<div class=\"container\">\n<div class=\"flex_column av-9onvfj-babd94b1685f9c76f7dc5796c6e8b6f2 av_one_fifth avia-builder-el-26 el_before_av_four_fifth avia-builder-el-first first flex_column_div av-zero-column-padding \">\n<div class=\"av-special-heading av-zz4j1t-a48af6cfa6015e8d7807ef08fa50a517 av-special-heading-h3 blockquote modern-quote modern-centered avia-builder-el-27 avia-builder-el-no-sibling av-inherit-size\">\n<h3 class=\"av-special-heading-tag\">CICLO<\/h3>\n<\/div>\n<\/div>\n<div class=\"flex_column av-xfnxr-7be028b61a71a96afbc84796c1cb20ae av_four_fifth avia-builder-el-28 el_after_av_one_fifth el_before_av_hr flex_column_div av-zero-column-padding \">\n<section class=\"av_textblock_section av-jry6xxm0-ec404e7d447de7f063d12674bce9701c\">\n<div class=\"avia_textblock\">\n<div class=\"features\">\n<p class=\"features-spec\">Chasis<\/p>\n<p class=\"features-value\">Acero<\/p>\n<\/div>\n<div class=\"features\">\n<p class=\"features-spec\">Entre ejes<\/p>\n<p class=\"features-value\">1210 mm<\/p>\n<\/div>\n<div class=\"features\">\n<p class=\"features-spec\">longitud m\u00e1xima<\/p>\n<p class=\"features-value\">1850 mm<\/p>\n<\/div>\n<div class=\"features\">\n<p class=\"features-spec\">anchura m\u00e1xima<\/p>\n<p class=\"features-value\">720 mm<\/p>\n<\/div>\n<div class=\"features\">\n<p class=\"features-spec\">altura m\u00e1xima desde el suelo<\/p>\n<p class=\"features-value\">1070 mm<\/p>\n<\/div>\n<hr \/>\n<p><a id=\"readlink841845251\" class=\"read-link\" href=\"https:\/\/www.betamotor.com\/es\/moto\/evo-80-junior\/#\">LOAD MORE<\/a><\/p>\n<\/div>\n<\/section>\n<\/div>\n<div class=\"hr av-jnespg6w-17-2d969f655c7b30539bcf7e4b808ce1a1 hr-invisible avia-builder-el-30 el_after_av_four_fifth el_before_av_one_fifth \"><\/div>\n<div class=\"flex_column av-198067-c86b0a36b802f7a9f50e1b51a04218a4 av_one_fifth avia-builder-el-31 el_after_av_hr el_before_av_four_fifth first flex_column_div av-zero-column-padding \">\n<div class=\"av-special-heading av-lf0n81-c095a36311a1e3d3d98a324f090fe068 av-special-heading-h3 blockquote modern-quote modern-centered avia-builder-el-32 avia-builder-el-no-sibling av-inherit-size\">\n<h3 class=\"av-special-heading-tag\">MOTOR<\/h3>\n<\/div>\n<\/div>\n<div class=\"flex_column av-wdxwv-975d65e1e77e1895ab668479d99941a0 av_four_fifth avia-builder-el-33 el_after_av_one_fifth el_before_av_hr flex_column_div av-zero-column-padding \">\n<section class=\"av_textblock_section av-jry6xxm0-16-9867488f4f82944c2c27c73a039bcb2c\">\n<div class=\"avia_textblock\">\n<div class=\"features\">\n<p class=\"features-spec\">Tipo<\/p>\n<p class=\"features-value\">Monocilindirco, 2 tiempos, refrigerado liquido, admision laminas al carter<\/p>\n<\/div>\n<div class=\"features\">\n<p class=\"features-spec\">Di\u00e1metro<\/p>\n<p class=\"features-value\">48 mm<\/p>\n<\/div>\n<div class=\"features\">\n<p class=\"features-spec\">Cursa<\/p>\n<p class=\"features-value\">44 mm<\/p>\n<\/div>\n<div class=\"features\">\n<p class=\"features-spec\">Cilindrada<\/p>\n<p class=\"features-value\">79,6 cc<\/p>\n<\/div>\n<div class=\"features\">\n<p class=\"features-spec\">Relaci\u00f3n de compresi\u00f3n<\/p>\n<p class=\"features-value\">14,7:1<\/p>\n<\/div>\n<\/div>\n<\/section>\n<\/div>\n<\/div>\n<\/div>\n<\/div>\n<\/div>\n<\/div>\n<\/div>\n<\/div>\n<\/div>\n<\/div>\n<\/div>\n<\/div>\n<\/div>\n<\/div>\n<\/div>\n<\/div>\n<\/section>\n<\/div>\n<div class=\"hr av-jnespg6w-20-0fe8dfac3d6ee95a3a5d90abcec0ec8f hr-invisible avia-builder-el-21 el_after_av_three_fifth avia-builder-el-last \"><\/div>\n<\/div>\n<\/section>\n","protected":false},"excerpt":{"rendered":"<p>PODEMOS COGER MOTO A CAMBIO<\/p>\n","protected":false},"featured_media":16210,"template":"","meta":{"_et_pb_use_builder":"","_et_pb_old_content":"","_et_gb_content_width":""},"product_cat":[219,129,285],"product_tag":[474,576,295,475,909,117],"_links":{"self":[{"href":"https:\/\/difrenos.com\/index.php\/wp-json\/wp\/v2\/product\/6103"}],"collection":[{"href":"https:\/\/difrenos.com\/index.php\/wp-json\/wp\/v2\/product"}],"about":[{"href":"https:\/\/difrenos.com\/index.php\/wp-json\/wp\/v2\/types\/product"}],"wp:featuredmedia":[{"embeddable":true,"href":"https:\/\/difrenos.com\/index.php\/wp-json\/wp\/v2\/media\/16210"}],"wp:attachment":[{"href":"https:\/\/difrenos.com\/index.php\/wp-json\/wp\/v2\/media?parent=6103"}],"wp:term":[{"taxonomy":"product_cat","embeddable":true,"href":"https:\/\/difrenos.com\/index.php\/wp-json\/wp\/v2\/product_cat?post=6103"},{"taxonomy":"product_tag","embeddable":true,"href":"https:\/\/difrenos.com\/index.php\/wp-json\/wp\/v2\/product_tag?post=6103"}],"curies":[{"name":"wp","href":"https:\/\/api.w.org\/{rel}","templated":true}]}}