{"id":4492,"date":"2022-05-25T14:47:30","date_gmt":"2022-05-25T14:47:30","guid":{"rendered":"https:\/\/onyon365.com\/df2\/?post_type=product&#038;p=3529"},"modified":"2026-02-18T14:13:25","modified_gmt":"2026-02-18T14:13:25","slug":"casco-shoei-gt-air-ii-2","status":"publish","type":"product","link":"https:\/\/difrenos.com\/index.php\/producto\/casco-shoei-gt-air-ii-2\/","title":{"rendered":"Casco Shoei GT Air II Negro Brillo"},"content":{"rendered":"<ul>\n<li>Casco para ciudad\/carretera fabricado en fibra de vidrio de alta calidad, muy ligero<\/li>\n<li>Visor solar interno<\/li>\n<li>Hebilla microm\u00e9trica<\/li>\n<li>&#8211; Estructura de seguridad en EPS de 2 densidades de mejor absorci\u00f3n- Acolchados interiores pre-formados\u00a0 en 3D. de tejido transpirable y antibacteriano y son totalmente desmontables y lavables.- Incorpora el sistema EQRS que facilita la extracci\u00f3n del casco desde fuera en caso de accidente- Visor solar con tratamiento antivaho y ntirrayadas accionable desde el exterior incluso con guantes gruesos- Multisistema de ventilaci\u00f3n en zona superior abribles,\u00a0 en la mentonera y dos extractores en los laterales para la circulaci\u00f3n del aire.- Pantalla CNS-1 con sistema antivaho Pinlock incluido. 99% de protecci\u00f3n UV.\u00a0 y dispone de un borde herm\u00e9tico sellado con puntos de drenaje de agua y tambien dispone de sistema de microapertura de la pantalla para ventilar el casco- Cierre micrometrico en inox.\n<p>-Incluye cubrenariz y cubrebarbilla<\/p>\n<p>-Su aerodin\u00e1mica ha sido mejorada y estudiada en el t\u00fanel del viento para hacerlo m\u00e1s silencioso.<\/p>\n<p>-Homologaci\u00f3n ECE 22.05<\/li>\n<\/ul>\n","protected":false},"excerpt":{"rendered":"<p>Casco para ciudad\/carretera fabricado en fibra de vidrio de alta calidad, muy ligero Visor solar interno Hebilla microm\u00e9trica &#8211; Estructura de seguridad en EPS de 2 densidades de mejor absorci\u00f3n- Acolchados interiores pre-formados\u00a0 en 3D. de tejido transpirable y antibacteriano y son totalmente desmontables y lavables.- Incorpora el sistema EQRS que facilita la extracci\u00f3n del [&hellip;]<\/p>\n","protected":false},"featured_media":3535,"template":"","meta":{"_et_pb_use_builder":"","_et_pb_old_content":"","_et_gb_content_width":""},"product_cat":[33,227,43,269,363],"product_tag":[41,381],"_links":{"self":[{"href":"https:\/\/difrenos.com\/index.php\/wp-json\/wp\/v2\/product\/4492"}],"collection":[{"href":"https:\/\/difrenos.com\/index.php\/wp-json\/wp\/v2\/product"}],"about":[{"href":"https:\/\/difrenos.com\/index.php\/wp-json\/wp\/v2\/types\/product"}],"wp:featuredmedia":[{"embeddable":true,"href":"https:\/\/difrenos.com\/index.php\/wp-json\/wp\/v2\/media\/3535"}],"wp:attachment":[{"href":"https:\/\/difrenos.com\/index.php\/wp-json\/wp\/v2\/media?parent=4492"}],"wp:term":[{"taxonomy":"product_cat","embeddable":true,"href":"https:\/\/difrenos.com\/index.php\/wp-json\/wp\/v2\/product_cat?post=4492"},{"taxonomy":"product_tag","embeddable":true,"href":"https:\/\/difrenos.com\/index.php\/wp-json\/wp\/v2\/product_tag?post=4492"}],"curies":[{"name":"wp","href":"https:\/\/api.w.org\/{rel}","templated":true}]}}