{"id":4453,"date":"2022-05-11T13:08:21","date_gmt":"2022-05-11T13:08:21","guid":{"rendered":"https:\/\/onyon365.com\/df2\/?post_type=product&#038;p=3221"},"modified":"2026-02-10T10:56:11","modified_gmt":"2026-02-10T10:56:11","slug":"guantes-husqvarna-brisker","status":"publish","type":"product","link":"https:\/\/difrenos.com\/index.php\/producto\/guantes-husqvarna-brisker\/","title":{"rendered":"Guantes Husqvarna Brisker"},"content":{"rendered":"<p>Referencias:<br \/>\n3HS200006202 Talla S<br \/>\n3HS200006203 Talla M<\/p>\n<ul>\n<li>Guantes de Enduro de alta calidad<\/li>\n<li>Combinaci\u00f3n inteligente de materiales para evacuar al m\u00e1ximo la humedad de la piel<\/li>\n<li>Hidr\u00f3fugo<\/li>\n<li>Dedos con revestimiento antideslizante de silicona para permitir un \u00f3ptimo manejo de las manetas<\/li>\n<li>Ajustes de velcro TPR en las mu\u00f1ecas<\/li>\n<li>Serigraf\u00eda reflectante<\/li>\n<li>Dise\u00f1o exclusivo de 100% para Husqvarna Motorcycles<\/li>\n<\/ul>\n","protected":false},"excerpt":{"rendered":"<p>Referencias: 3HS200006202 Talla S 3HS200006203 Talla M Guantes de Enduro de alta calidad Combinaci\u00f3n inteligente de materiales para evacuar al m\u00e1ximo la humedad de la piel Hidr\u00f3fugo Dedos con revestimiento antideslizante de silicona para permitir un \u00f3ptimo manejo de las manetas Ajustes de velcro TPR en las mu\u00f1ecas Serigraf\u00eda reflectante Dise\u00f1o exclusivo de 100% para [&hellip;]<\/p>\n","protected":false},"featured_media":3223,"template":"","meta":{"_et_pb_use_builder":"","_et_pb_old_content":"","_et_gb_content_width":""},"product_cat":[33,255,100,726,701],"product_tag":[52,102,108],"_links":{"self":[{"href":"https:\/\/difrenos.com\/index.php\/wp-json\/wp\/v2\/product\/4453"}],"collection":[{"href":"https:\/\/difrenos.com\/index.php\/wp-json\/wp\/v2\/product"}],"about":[{"href":"https:\/\/difrenos.com\/index.php\/wp-json\/wp\/v2\/types\/product"}],"wp:featuredmedia":[{"embeddable":true,"href":"https:\/\/difrenos.com\/index.php\/wp-json\/wp\/v2\/media\/3223"}],"wp:attachment":[{"href":"https:\/\/difrenos.com\/index.php\/wp-json\/wp\/v2\/media?parent=4453"}],"wp:term":[{"taxonomy":"product_cat","embeddable":true,"href":"https:\/\/difrenos.com\/index.php\/wp-json\/wp\/v2\/product_cat?post=4453"},{"taxonomy":"product_tag","embeddable":true,"href":"https:\/\/difrenos.com\/index.php\/wp-json\/wp\/v2\/product_tag?post=4453"}],"curies":[{"name":"wp","href":"https:\/\/api.w.org\/{rel}","templated":true}]}}