{"id":4429,"date":"2022-05-10T06:07:08","date_gmt":"2022-05-10T06:07:08","guid":{"rendered":"https:\/\/onyon365.com\/df2\/?post_type=product&#038;p=3116"},"modified":"2026-02-06T13:21:07","modified_gmt":"2026-02-06T13:21:07","slug":"pantalon-husqvarna-bike-mujer-discover-2-en-1","status":"publish","type":"product","link":"https:\/\/difrenos.com\/index.php\/producto\/pantalon-husqvarna-bike-mujer-discover-2-en-1\/","title":{"rendered":"Pantal\u00f3n Husqvarna EBike Woman Discover 2 en 1"},"content":{"rendered":"<p>Referencias:<br \/>\n3HB220016201 Talla XS<br \/>\n3HB220016202 Talla S<br \/>\n3HB220016203 Talla M<br \/>\n3HB220016204 Talla L<br \/>\n3HB220016205 Talla XL<\/p>\n<ul>\n<li>Cinturilla el\u00e1stica<\/li>\n<li>Tejido el\u00e1stico ultraligero de 4 v\u00edas<\/li>\n<li>Bolsillo lateral<\/li>\n<li>Incluido pantal\u00f3n interior acolchado extra\u00edble<\/li>\n<li>Detalles reflectantes<\/li>\n<li>Material interior:100 % poli\u00e9ster<\/li>\n<li>Material externo:88 % poli\u00e9ster \/ 12 % spandex<\/li>\n<\/ul>\n","protected":false},"excerpt":{"rendered":"<p>Referencias: 3HB220016201 Talla XS 3HB220016202 Talla S 3HB220016203 Talla M 3HB220016204 Talla L 3HB220016205 Talla XL Cinturilla el\u00e1stica Tejido el\u00e1stico ultraligero de 4 v\u00edas Bolsillo lateral Incluido pantal\u00f3n interior acolchado extra\u00edble Detalles reflectantes Material interior:100 % poli\u00e9ster Material externo:88 % poli\u00e9ster \/ 12 % spandex<\/p>\n","protected":false},"featured_media":3121,"template":"","meta":{"_et_pb_use_builder":"","_et_pb_old_content":"","_et_gb_content_width":""},"product_cat":[220,33,277],"product_tag":[66,108,147,524],"_links":{"self":[{"href":"https:\/\/difrenos.com\/index.php\/wp-json\/wp\/v2\/product\/4429"}],"collection":[{"href":"https:\/\/difrenos.com\/index.php\/wp-json\/wp\/v2\/product"}],"about":[{"href":"https:\/\/difrenos.com\/index.php\/wp-json\/wp\/v2\/types\/product"}],"wp:featuredmedia":[{"embeddable":true,"href":"https:\/\/difrenos.com\/index.php\/wp-json\/wp\/v2\/media\/3121"}],"wp:attachment":[{"href":"https:\/\/difrenos.com\/index.php\/wp-json\/wp\/v2\/media?parent=4429"}],"wp:term":[{"taxonomy":"product_cat","embeddable":true,"href":"https:\/\/difrenos.com\/index.php\/wp-json\/wp\/v2\/product_cat?post=4429"},{"taxonomy":"product_tag","embeddable":true,"href":"https:\/\/difrenos.com\/index.php\/wp-json\/wp\/v2\/product_tag?post=4429"}],"curies":[{"name":"wp","href":"https:\/\/api.w.org\/{rel}","templated":true}]}}