{"id":4311,"date":"2022-04-21T11:02:21","date_gmt":"2022-04-21T11:02:21","guid":{"rendered":"https:\/\/onyon365.com\/df2\/?post_type=product&#038;p=2569"},"modified":"2026-03-26T09:41:52","modified_gmt":"2026-03-26T09:41:52","slug":"guantes-gasgas-kids-offroad","status":"publish","type":"product","link":"https:\/\/difrenos.com\/index.php\/producto\/guantes-gasgas-kids-offroad\/","title":{"rendered":"Guantes Gas Gas Kids Offroad"},"content":{"rendered":"<p>Referencias:<br \/>\n3GG210045102 Talla S\u00a0 APROX. 5-6 A\u00d1OS<br \/>\n3GG210045104 Talla L\u00a0 APROX. 10-12 A\u00d1OS<\/p>\n<p>Guantes offroad ligeros<br \/>\nCierre de velcro de TPR<br \/>\nImpresi\u00f3n de silicona para un mejor agarre<br \/>\nEspacios entre los dedos de Lycra\u00ae<br \/>\nEstampados por sublimaci\u00f3n resistentes a rayos UV y al deste\u00f1ido<br \/>\n50 % poli\u00e9ster \/ 40 % nylon \/ 10 % poliuretano<\/p>\n","protected":false},"excerpt":{"rendered":"<p>Referencias: 3GG210045102 Talla S\u00a0 APROX. 5-6 A\u00d1OS 3GG210045104 Talla L\u00a0 APROX. 10-12 A\u00d1OS Guantes offroad ligeros Cierre de velcro de TPR Impresi\u00f3n de silicona para un mejor agarre Espacios entre los dedos de Lycra\u00ae Estampados por sublimaci\u00f3n resistentes a rayos UV y al deste\u00f1ido 50 % poli\u00e9ster \/ 40 % nylon \/ 10 % poliuretano<\/p>\n","protected":false},"featured_media":2578,"template":"","meta":{"_et_pb_use_builder":"","_et_pb_old_content":"","_et_gb_content_width":""},"product_cat":[33,261,116],"product_tag":[82,342,118,142],"_links":{"self":[{"href":"https:\/\/difrenos.com\/index.php\/wp-json\/wp\/v2\/product\/4311"}],"collection":[{"href":"https:\/\/difrenos.com\/index.php\/wp-json\/wp\/v2\/product"}],"about":[{"href":"https:\/\/difrenos.com\/index.php\/wp-json\/wp\/v2\/types\/product"}],"wp:featuredmedia":[{"embeddable":true,"href":"https:\/\/difrenos.com\/index.php\/wp-json\/wp\/v2\/media\/2578"}],"wp:attachment":[{"href":"https:\/\/difrenos.com\/index.php\/wp-json\/wp\/v2\/media?parent=4311"}],"wp:term":[{"taxonomy":"product_cat","embeddable":true,"href":"https:\/\/difrenos.com\/index.php\/wp-json\/wp\/v2\/product_cat?post=4311"},{"taxonomy":"product_tag","embeddable":true,"href":"https:\/\/difrenos.com\/index.php\/wp-json\/wp\/v2\/product_tag?post=4311"}],"curies":[{"name":"wp","href":"https:\/\/api.w.org\/{rel}","templated":true}]}}