{"id":2530,"date":"2022-04-20T08:19:56","date_gmt":"2022-04-20T08:19:56","guid":{"rendered":"https:\/\/onyon365.com\/df2\/?post_type=product&#038;p=2530"},"modified":"2026-02-06T13:24:13","modified_gmt":"2026-02-06T13:24:13","slug":"chaleco-husqvarna-bike-remote-woman","status":"publish","type":"product","link":"https:\/\/difrenos.com\/index.php\/producto\/chaleco-husqvarna-bike-remote-woman\/","title":{"rendered":"Chaleco Husqvarna Bike Remote Woman"},"content":{"rendered":"<p>Referencias:<br \/>\n9800000030 Talla XS<br \/>\n9800000031 Talla S<br \/>\n9800000032 Talla M<br \/>\n9800000033 Talla L<br \/>\nChaqueta cortaviento femenina ultraligera<br \/>\nAjuste \u00f3ptimo en posici\u00f3n de pilotaje (delante corta, detr\u00e1s larga)<br \/>\nBolsillo posterior<br \/>\nDetalles reflectantes<br \/>\n92 % nylon \/ 8 % elastano<\/p>\n","protected":false},"excerpt":{"rendered":"<p>Referencias: 9800000030 Talla XS 9800000031 Talla S 9800000032 Talla M 9800000033 Talla L Chaqueta cortaviento femenina ultraligera Ajuste \u00f3ptimo en posici\u00f3n de pilotaje (delante corta, detr\u00e1s larga) Bolsillo posterior Detalles reflectantes 92 % nylon \/ 8 % elastano<\/p>\n","protected":false},"featured_media":2533,"template":"","meta":{"_et_pb_use_builder":"","_et_pb_old_content":"","_et_gb_content_width":""},"product_cat":[220,33,239],"product_tag":[498,66,108,524],"_links":{"self":[{"href":"https:\/\/difrenos.com\/index.php\/wp-json\/wp\/v2\/product\/2530"}],"collection":[{"href":"https:\/\/difrenos.com\/index.php\/wp-json\/wp\/v2\/product"}],"about":[{"href":"https:\/\/difrenos.com\/index.php\/wp-json\/wp\/v2\/types\/product"}],"wp:featuredmedia":[{"embeddable":true,"href":"https:\/\/difrenos.com\/index.php\/wp-json\/wp\/v2\/media\/2533"}],"wp:attachment":[{"href":"https:\/\/difrenos.com\/index.php\/wp-json\/wp\/v2\/media?parent=2530"}],"wp:term":[{"taxonomy":"product_cat","embeddable":true,"href":"https:\/\/difrenos.com\/index.php\/wp-json\/wp\/v2\/product_cat?post=2530"},{"taxonomy":"product_tag","embeddable":true,"href":"https:\/\/difrenos.com\/index.php\/wp-json\/wp\/v2\/product_tag?post=2530"}],"curies":[{"name":"wp","href":"https:\/\/api.w.org\/{rel}","templated":true}]}}