{"id":24825,"date":"2026-04-17T10:27:49","date_gmt":"2026-04-17T10:27:49","guid":{"rendered":"https:\/\/difrenos.com\/?post_type=product&#038;p=24825"},"modified":"2026-04-17T10:27:49","modified_gmt":"2026-04-17T10:27:49","slug":"gafas-100-strata-2-m2-stone-3","status":"publish","type":"product","link":"https:\/\/difrenos.com\/index.php\/producto\/gafas-100-strata-2-m2-stone-3\/","title":{"rendered":"Gafas 100% Strata 2 M2 Stone"},"content":{"rendered":"<p>Referencia: 5002700024<\/p>\n<p><strong>CARACTER\u00cdSTICAS T\u00c9CNICAS<\/strong><br \/>\n\u2022\u00a0Montaje y sellado mejorados con un mayor campo de visi\u00f3n<br \/>\n\u2022 Tet\u00f3n triple para la instalaci\u00f3n de l\u00e1minas Tear Off<br \/>\n\u2022\u00a0Espuma de doble capa para controlar el sudor<br \/>\n\u2022 Cinta de ajuste de 40mm con silicona antideslizante en su cara interior<br \/>\n\u2022\u00a0Sistema de ajuste de 9 puntos que aseguran la fijaci\u00f3n de la lente a la montura<br \/>\n\u2022\u00a0Lente de policarbonato con revestimiento antivaho para una visi\u00f3n clara<br \/>\n\u2022\u00a0Los modelos Racecraft 2 \/ Accuri 2 \/ Strata 2 utilizan la misma lente y l\u00e1minas Tear Off<\/p>\n<p><strong>ACCESORIOS INCLUIDOS<\/strong><br \/>\n\u2022 Bolsa de transporte de microfibra<\/p>\n","protected":false},"excerpt":{"rendered":"<p>Lente transparente<\/p>\n","protected":false},"featured_media":24826,"template":"","meta":{"_et_pb_use_builder":"","_et_pb_old_content":"","_et_gb_content_width":""},"product_cat":[731,215,33,257],"product_tag":[665,445,296],"_links":{"self":[{"href":"https:\/\/difrenos.com\/index.php\/wp-json\/wp\/v2\/product\/24825"}],"collection":[{"href":"https:\/\/difrenos.com\/index.php\/wp-json\/wp\/v2\/product"}],"about":[{"href":"https:\/\/difrenos.com\/index.php\/wp-json\/wp\/v2\/types\/product"}],"wp:featuredmedia":[{"embeddable":true,"href":"https:\/\/difrenos.com\/index.php\/wp-json\/wp\/v2\/media\/24826"}],"wp:attachment":[{"href":"https:\/\/difrenos.com\/index.php\/wp-json\/wp\/v2\/media?parent=24825"}],"wp:term":[{"taxonomy":"product_cat","embeddable":true,"href":"https:\/\/difrenos.com\/index.php\/wp-json\/wp\/v2\/product_cat?post=24825"},{"taxonomy":"product_tag","embeddable":true,"href":"https:\/\/difrenos.com\/index.php\/wp-json\/wp\/v2\/product_tag?post=24825"}],"curies":[{"name":"wp","href":"https:\/\/api.w.org\/{rel}","templated":true}]}}