{"id":24751,"date":"2026-04-12T11:10:14","date_gmt":"2026-04-12T11:10:14","guid":{"rendered":"https:\/\/difrenos.com\/?post_type=product&#038;p=24751"},"modified":"2026-04-12T11:15:07","modified_gmt":"2026-04-12T11:15:07","slug":"funda-moto-oxford-aquatex-talla-s-cv200","status":"publish","type":"product","link":"https:\/\/difrenos.com\/index.php\/producto\/funda-moto-oxford-aquatex-talla-s-cv200\/","title":{"rendered":"Funda Moto Oxford Aquatex talla S CV200"},"content":{"rendered":"<h2><span id=\"js-descripcion\" class=\"title-page \">Oxford Funda Aquatex<\/span><\/h2>\n<table class=\"a-normal a-spacing-micro\" role=\"list\">\n<tbody>\n<tr class=\"a-spacing-small po-color\" role=\"listitem\">\n<td class=\"a-span3\" role=\"presentation\"><span class=\"a-size-base a-text-bold\">Color<\/span><\/td>\n<td class=\"a-span9\" role=\"presentation\"><span class=\"a-size-base po-break-word\">negro\/gris<\/span><\/td>\n<\/tr>\n<tr class=\"a-spacing-small po-brand\" role=\"listitem\">\n<td class=\"a-span3\" role=\"presentation\"><span class=\"a-size-base a-text-bold\">Marca<\/span><\/td>\n<td class=\"a-span9\" role=\"presentation\"><span class=\"a-size-base po-break-word\">Oxford<\/span><\/td>\n<\/tr>\n<tr class=\"a-spacing-small po-material\" role=\"listitem\">\n<td class=\"a-span3\" role=\"presentation\"><span class=\"a-size-base a-text-bold\">Material<\/span><\/td>\n<td class=\"a-span9\" role=\"presentation\"><span class=\"a-size-base po-break-word\">Poli\u00e9ster<\/span><\/td>\n<\/tr>\n<tr class=\"a-spacing-small po-compatible_with_vehicle_type\" role=\"listitem\">\n<td class=\"a-span3\" role=\"presentation\"><span class=\"a-size-base a-text-bold\">Tipo de servicio del veh\u00edculo<\/span><\/td>\n<td class=\"a-span9\" role=\"presentation\"><span class=\"a-size-base po-break-word\">Bicicleta<\/span><\/td>\n<\/tr>\n<tr class=\"a-spacing-small po-fit_type\" role=\"listitem\">\n<td class=\"a-span3\" role=\"presentation\"><span class=\"a-size-base a-text-bold\">Tipo de ajuste<\/span><\/td>\n<td class=\"a-span9\" role=\"presentation\"><span class=\"a-size-base po-break-word\">Ajuste espec\u00edfico del veh\u00edculo<\/span><\/td>\n<\/tr>\n<tr class=\"a-spacing-small po-ultraviolet_light_protection\" role=\"listitem\">\n<td class=\"a-span3\" role=\"presentation\"><span class=\"a-size-base a-text-bold\">Protecci\u00f3n frente a la luz ultravioleta<\/span><\/td>\n<td class=\"a-span9\" role=\"presentation\"><span class=\"a-size-base po-break-word\">Protecci\u00f3n UV<\/span><\/td>\n<\/tr>\n<tr class=\"a-spacing-small po-water_resistance_level\" role=\"listitem\">\n<td class=\"a-span3\" role=\"presentation\"><span class=\"a-size-base a-text-bold\">Nivel de resistencia al agua<\/span><\/td>\n<td class=\"a-span9\" role=\"presentation\"><span class=\"a-size-base po-break-word\">Resistente al agua<\/span><\/td>\n<\/tr>\n<\/tbody>\n<\/table>\n<div id=\"js-description_summary\" class=\"description_summary \">\n<p id=\"resume_desc\" class=\"txt-base \">Protege tu motocicleta con la Funda OXFORD Aquatex, dise\u00f1ada para protecci\u00f3n contra todo tipo de clima y espec\u00edficamente para alojar ba\u00fales. Esta robusta funda impermeable ofrece una defensa inigualable contra la lluvia, el polvo y los rayos UV, protegiendo tu moto de la oxidaci\u00f3n, la corrosi\u00f3n y la decoloraci\u00f3n de la pintura. Con costuras dobles, un forro interior suave para evitar ara\u00f1azos y secciones inferiores resistentes al calor, es duradera y pr\u00e1ctica. Una base el\u00e1stica asegura un ajuste ce\u00f1ido, manteni\u00e9ndola segura en condiciones de viento. Compacta y f\u00e1cil de almacenar, la funda Aquatex es un mantenimiento esencial para mantener tu motocicleta en perfecto estado<\/p>\n<\/div>\n<div id=\"js-detalle-descripcion\" class=\"flex__column txt-base\">\n<div class=\"cantidad-wrapper \">\n<div class=\"form-login fit-content\">\n<div id=\"translate-descripcion\" class=\"-focus js-focus tallas-wrapper mostrar_tallas\">\n<div class=\"form-input-dropdown__wrapper mostrar_tallas\">\n<div class=\"input-dropdown__txt mostrar_tallas\">\n<p class=\"txt-base valor_input mostrar_tallas\" data-name=\"translate-descripcion\" data-value=\"\">Descubra el escudo definitivo para su motocicleta con la funda OXFORD Aquatex, dise\u00f1ada espec\u00edficamente para los conductores que utilizan un ba\u00fal superior. Como l\u00edder en accesorios para motocicletas, OXFORD ha dise\u00f1ado la Aquatex para que sea la soluci\u00f3n esencial para todo tipo de clima para proteger su preciada posesi\u00f3n. Ya sea que est\u00e9 estacionando durante la noche, guardando para el invierno o simplemente protegiendo su motocicleta de un aguacero repentino en el trabajo, esta funda ofrece una protecci\u00f3n integral y tranquilidad.<\/p>\n<\/div>\n<\/div>\n<\/div>\n<\/div>\n<\/div>\n<div id=\"js-description\" class=\"txt-base descripcion-length\">\n<div id=\"desc\">\n<p>Dise\u00f1ado para un ajuste perfecto, este modelo cuenta con una reserva dedicada para el ba\u00fal superior, lo que garantiza que la funda cubra correctamente toda su motocicleta sin estirarse ni dejar \u00e1reas vulnerables expuestas. Este dise\u00f1o a medida evita el efecto de \u00abtienda de campa\u00f1a\u00bb que se observa con las fundas est\u00e1ndar, ofreciendo una protecci\u00f3n superior contra los elementos. El material robusto e impermeable act\u00faa como una barrera impenetrable contra la lluvia, el aguanieve y la nieve, manteniendo su motocicleta seca y ayudando a prevenir la aparici\u00f3n de \u00f3xido y corrosi\u00f3n. M\u00e1s all\u00e1 del clima, proporciona una excelente defensa contra el polvo, la suciedad y otros contaminantes ambientales que pueden empa\u00f1ar el acabado de su motocicleta.La OXFORD Aquatex est\u00e1 construida para ofrecer durabilidad y conveniencia. Reforzada con costuras dobles, est\u00e1 dise\u00f1ada para soportar el uso diario y resistir desgarros, garantizando un rendimiento duradero. En el interior, un forro suave protege suavemente su pintura y cromados de ara\u00f1azos y rozaduras, preservando el brillo de exposici\u00f3n de su motocicleta. Para los motociclistas en movimiento, una caracter\u00edstica clave es el material resistente al calor en las secciones inferiores, que le permite cubrir su motocicleta poco despu\u00e9s de un viaje sin temor a que la funda se derrita sobre un escape caliente. Adem\u00e1s, potentes propiedades resistentes a los rayos UV protegen su motocicleta de los da\u00f1inos rayos del sol, evitando la decoloraci\u00f3n de la pintura, la degradaci\u00f3n del material del asiento y el agrietamiento del salpicadero.<\/p>\n<p>La seguridad y un ajuste ce\u00f1ido son primordiales. Una base el\u00e1stica recorre toda la funda, sujet\u00e1ndose de forma segura debajo de las ruedas para evitar que se levante o aletee con el viento. Esto garantiza que la funda permanezca en su lugar, proporcionando protecci\u00f3n continua. Para mayor comodidad, la funda se pliega en una bolsa de transporte compacta, lo que facilita su almacenamiento en su equipaje o en un estante cuando no est\u00e1 en uso.<\/p>\n<p>Funda plegable OXFORD \u00abAquatex\u00bb con soporte para ba\u00fal superior, material robusto e impermeable que protege del clima y el polvo, el\u00e1stico en toda su circunferencia, costuras dobles, forro interior suave que protege de ara\u00f1azos en la pintura, resistente al calor hasta 150 \u00b0C, resistente a los rayos UV contra la decoloraci\u00f3n, con bolsa de transporte, color: negro\/gris.<\/p>\n<p>Invierta en la protecci\u00f3n de confianza de la funda para motocicleta OXFORD Aquatex para mantener su motocicleta en perfectas condiciones, lista para su pr\u00f3xima aventura. No es solo una funda; es un equipo de mantenimiento esencial para cualquier propietario de motocicleta exigente que demande una protecci\u00f3n fiable durante todo el a\u00f1o para su inversi\u00f3n<\/p>\n<\/div>\n<\/div>\n<\/div>\n","protected":false},"excerpt":{"rendered":"<p>Oxford Funda Aquatex Color negro\/gris Marca Oxford Material Poli\u00e9ster Tipo de servicio del veh\u00edculo Bicicleta Tipo de ajuste Ajuste espec\u00edfico del veh\u00edculo Protecci\u00f3n frente a la luz ultravioleta Protecci\u00f3n UV Nivel de resistencia al agua Resistente al agua Protege tu motocicleta con la Funda OXFORD Aquatex, dise\u00f1ada para protecci\u00f3n contra todo tipo de clima y [&hellip;]<\/p>\n","protected":false},"featured_media":24752,"template":"","meta":{"_et_pb_use_builder":"","_et_pb_old_content":"","_et_gb_content_width":""},"product_cat":[215,33,290],"product_tag":[],"_links":{"self":[{"href":"https:\/\/difrenos.com\/index.php\/wp-json\/wp\/v2\/product\/24751"}],"collection":[{"href":"https:\/\/difrenos.com\/index.php\/wp-json\/wp\/v2\/product"}],"about":[{"href":"https:\/\/difrenos.com\/index.php\/wp-json\/wp\/v2\/types\/product"}],"wp:featuredmedia":[{"embeddable":true,"href":"https:\/\/difrenos.com\/index.php\/wp-json\/wp\/v2\/media\/24752"}],"wp:attachment":[{"href":"https:\/\/difrenos.com\/index.php\/wp-json\/wp\/v2\/media?parent=24751"}],"wp:term":[{"taxonomy":"product_cat","embeddable":true,"href":"https:\/\/difrenos.com\/index.php\/wp-json\/wp\/v2\/product_cat?post=24751"},{"taxonomy":"product_tag","embeddable":true,"href":"https:\/\/difrenos.com\/index.php\/wp-json\/wp\/v2\/product_tag?post=24751"}],"curies":[{"name":"wp","href":"https:\/\/api.w.org\/{rel}","templated":true}]}}