{"id":24421,"date":"2026-03-06T11:16:34","date_gmt":"2026-03-06T11:16:34","guid":{"rendered":"https:\/\/difrenos.com\/?post_type=product&#038;p=24421"},"modified":"2026-04-09T07:29:45","modified_gmt":"2026-04-09T07:29:45","slug":"husqvarna-norden-901-2026","status":"publish","type":"product","link":"https:\/\/difrenos.com\/index.php\/producto\/husqvarna-norden-901-2026\/","title":{"rendered":"HUSQVARNA NORDEN 901 2026"},"content":{"rendered":"<div class=\"row models__row-reverse\">\n<div class=\"col-xl-4 col-lg-5 col-lg-5--top-col col-md-12 models__reverse-col-offset-lg\">\n<h1 class=\"models__heading\">Norden 901<\/h1>\n<div class=\"models__finance\"><\/div>\n<\/div>\n<div class=\"col-xl-7 col-lg-6 col-md-12 offset-lg-1\">\n<div class=\"models__actions--desktop\"><\/div>\n<\/div>\n<\/div>\n<div class=\"row models__row-reverse\">\n<div class=\"col-xl-4 col-lg-5 col-lg-5 col-lg-5--bottom-col col-md-12 models__reverse-col-offset-lg\">\n<div class=\"models__price js-price\">\n<div class=\"models__manufacturer-info models__manufacturer-info--desktop-only\">\n<div class=\"models__price-note\">\n<div class=\"models__price-note-container js-collapse-linebreak models__price-note-container__expanded\">\n<p>*Precio venta al p\u00fablico, I.V.A 21% inclu\u00eddo<\/p>\n<\/div>\n<\/div>\n<\/div>\n<\/div>\n<div class=\"models__description models__description--desktop-only\">Elevando el list\u00f3n en el segmento de las motocicletas de aventura, la Norden 901 permite a los amantes de viajar en moto descubrir los rincones ocultos del planeta. Excelente en carretera y muy capaz en offroad, esta m\u00e1quina para viajes de larga distancia ha sido dise\u00f1ada para mejorar el confort del piloto en las rutas m\u00e1s largas. Impulsada por un suave y potente motor bicil\u00edndrico en paralelo de 889 cc alojado en un ligero chasis multitubular de acero, la Norden 901 est\u00e1 acabada con componentes de alta gama, que ofrecen el m\u00e1ximo rendimiento y fiabilidad. Explora el mundo a tu manera con la Norden 901.<\/div>\n<div>\n<article class=\"c-benefit__category js-benefit-category\">\n<div class=\"container-fluid p-0\">\n<div class=\"container\"><\/div>\n<\/div>\n<div class=\"container\">\n<div class=\"c-benefit__feature-container\" data-display=\"hqv-desktop\">\n<div class=\"glider glider--hqv\">\n<div class=\"glide__track\" data-glide-el=\"track\">\n<section class=\"c-benefit__features glide__slides c-benefit__features--centered\">\n<article class=\"c-benefit__feature js-benefit-feature glide__slide js-benefit-slide c-benefit__feature--no-benefit-image\">\n<div class=\"c-benefit__feature-content\">\n<div class=\"row c-technical-data__backdrop c-technical-data__backdrop--top js-heading-row\">\n<div class=\"col-sm-12\">\n<h3 class=\"c-technical-data__heading highlight\">Detalles T\u00e9cnicos<\/h3>\n<\/div>\n<\/div>\n<div class=\"row c-technical-data__backdrop js-data-row\">\n<div class=\"col-md-12 col-lg-6\">\n<article class=\"c-technical-data__group\">\n<h2 class=\"c-technical-data__group-heading js-group-toggle\">Motor<\/h2>\n<ul class=\"c-technical-data__list js-technical-data-list\">\n<li><span class=\"c-technical-data__list-label\">Transmisi\u00f3n primaria<\/span><span class=\"c-technical-data__list-value\">39:75<\/span><\/li>\n<li><span class=\"c-technical-data__list-label\">Par m\u00e1ximo<\/span><span class=\"c-technical-data__list-value\">100 Nm<\/span><\/li>\n<li><span class=\"c-technical-data__list-label\">Cambio<\/span><span class=\"c-technical-data__list-value\">6 marchas<\/span><\/li>\n<li><span class=\"c-technical-data__list-label\">Capacidad de la bater\u00eda<\/span><span class=\"c-technical-data__list-value\">10 Ah<\/span><\/li>\n<li><span class=\"c-technical-data__list-label\">Refrigeraci\u00f3n<\/span><span class=\"c-technical-data__list-value\">Refrigeraci\u00f3n por l\u00edquido con intercambiador de calor agua\/aceite<\/span><\/li>\n<li class=\"\"><span class=\"c-technical-data__list-label\">Transmisi\u00f3n secundaria<\/span><span class=\"c-technical-data__list-value\">16:45<\/span><\/li>\n<li class=\"\"><span class=\"c-technical-data__list-label\">Potencia en Kw<\/span><span class=\"c-technical-data__list-value\">77 kW<\/span><\/li>\n<li class=\"\"><span class=\"c-technical-data__list-label\">Arranque<\/span><span class=\"c-technical-data__list-value\">Arranque el\u00e9ctrico<\/span><\/li>\n<li class=\"\"><span class=\"c-technical-data__list-label\">Carrera<\/span><span class=\"c-technical-data__list-value\">68.8 mm<\/span><\/li>\n<li class=\"\"><span class=\"c-technical-data__list-label\">Di\u00e1metro<\/span><span class=\"c-technical-data__list-value\">90.7 mm<\/span><\/li>\n<li class=\"\"><span class=\"c-technical-data__list-label\">Embrague<\/span><span class=\"c-technical-data__list-value\">Embrague antirrebotes PASC accionado por cable<\/span><\/li>\n<li class=\"\"><span class=\"c-technical-data__list-label\">Emisiones de CO<sub>2<\/sub><\/span><span class=\"c-technical-data__list-value\">103 g\/km<\/span><\/li>\n<li class=\"\"><span class=\"c-technical-data__list-label\">Compresi\u00f3n<\/span><span class=\"c-technical-data__list-value\">13.5<\/span><\/li>\n<li class=\"\"><span class=\"c-technical-data__list-label\">Cilindrada<\/span><span class=\"c-technical-data__list-value\">889 cm\u00b3<\/span><\/li>\n<li class=\"\"><span class=\"c-technical-data__list-label\">EMS<\/span><span class=\"c-technical-data__list-value\">EMS de Bosch con RBW<\/span><\/li>\n<li class=\"\"><span class=\"c-technical-data__list-label\">Estructura<\/span><span class=\"c-technical-data__list-value\">Bicil\u00edndrico paralelo de 4\u00a0tiempos<\/span><\/li>\n<li class=\"\"><span class=\"c-technical-data__list-label\">Consumo de combustible<\/span><span class=\"c-technical-data__list-value\">4.5 l\/100 km<\/span><\/li>\n<li class=\"\"><span class=\"c-technical-data__list-label\">Preparaci\u00f3n de la mezcla<\/span><span class=\"c-technical-data__list-value\">DKK Dellorto (cuerpo de la v\u00e1lvula de mariposa de 46\u00a0mm)<\/span><\/li>\n<li class=\"\"><span class=\"c-technical-data__list-label\">Engrase<\/span><span class=\"c-technical-data__list-value\">Lubricaci\u00f3n a presi\u00f3n en circuito cerrado con 2 bombas de aceite<\/span><\/li>\n<\/ul>\n<\/article>\n<\/div>\n<div class=\"col-md-12 col-lg-6\">\n<article class=\"c-technical-data__group c-technical-data__group--last\">\n<h2 class=\"c-technical-data__group-heading js-group-toggle\">Parte Ciclo<\/h2>\n<ul class=\"c-technical-data__list js-technical-data-list\">\n<li><span class=\"c-technical-data__list-label\">Peso (sin combustible)<\/span><span class=\"c-technical-data__list-value\">204 kg<\/span><\/li>\n<li><span class=\"c-technical-data__list-label\">Capacidad del dep\u00f3sito (aprox.)<\/span><span class=\"c-technical-data__list-value\">19 l<\/span><\/li>\n<li><span class=\"c-technical-data__list-label\">Distancia entre ejes<\/span><span class=\"c-technical-data__list-value\">1.513 mm<\/span><\/li>\n<li><span class=\"c-technical-data__list-label\">ABS<\/span><span class=\"c-technical-data__list-value\">Sistema ABS de doble canal 9MB de Bosch<\/span><\/li>\n<li><span class=\"c-technical-data__list-label\">Di\u00e1metro del disco de freno delantero<\/span><span class=\"c-technical-data__list-value\">320 mm<\/span><\/li>\n<li class=\"\"><span class=\"c-technical-data__list-label\">Di\u00e1metro del disco de freno trasero<\/span><span class=\"c-technical-data__list-value\">260 mm<\/span><\/li>\n<li class=\"\"><span class=\"c-technical-data__list-label\">Freno delantero<\/span><span class=\"c-technical-data__list-value\">2\u00a0pinzas de 4\u00a0pistones montadas radialmente, disco de freno<\/span><\/li>\n<li class=\"\"><span class=\"c-technical-data__list-label\">Freno trasero<\/span><span class=\"c-technical-data__list-value\">Pinza flotante de 2\u00a0pistones, disco de freno<\/span><\/li>\n<li class=\"\"><span class=\"c-technical-data__list-label\">Cadena<\/span><span class=\"c-technical-data__list-value\">Junta en X 520<\/span><\/li>\n<li class=\"\"><span class=\"c-technical-data__list-label\">Estructura del chasis<\/span><span class=\"c-technical-data__list-value\">Chasis de acero al cromo molibdeno, que utiliza el motor como elemento integrante, con recubrimiento en polvo<\/span><\/li>\n<li class=\"\"><span class=\"c-technical-data__list-label\">Suspensi\u00f3n delantera<\/span><span class=\"c-technical-data__list-value\">WP APEX 43<\/span><\/li>\n<li class=\"\"><span class=\"c-technical-data__list-label\">Altura libre al suelo<\/span><span class=\"c-technical-data__list-value\">252 mm<\/span><\/li>\n<li class=\"\"><span class=\"c-technical-data__list-label\">Manillar<\/span><span class=\"c-technical-data__list-value\">Aluminio, conificado, \u00d8 28\/22 mm<\/span><\/li>\n<li class=\"\"><span class=\"c-technical-data__list-label\">Suspensi\u00f3n trasera<\/span><span class=\"c-technical-data__list-value\">Amortiguador WP APEX<\/span><\/li>\n<li class=\"\"><span class=\"c-technical-data__list-label\">Altura del asiento<\/span><span class=\"c-technical-data__list-value\">859\/879 mm<\/span><\/li>\n<li class=\"\"><span class=\"c-technical-data__list-label\">Silenciador<\/span><span class=\"c-technical-data__list-value\">Silenciador con primario de acero inoxidable y secundario de aluminio<\/span><\/li>\n<li class=\"\"><span class=\"c-technical-data__list-label\">\u00c1ngulo de direcci\u00f3n<\/span><span class=\"c-technical-data__list-value\">64.2 \u00b0<\/span><\/li>\n<li class=\"\"><span class=\"c-technical-data__list-label\">Estructura del subchasis trasero<\/span><span class=\"c-technical-data__list-value\">Multitubular de acero al cromo-molibdeno, pintado al polvo<\/span><\/li>\n<li class=\"\"><span class=\"c-technical-data__list-label\">Recorrido de suspensi\u00f3n delantera<\/span><span class=\"c-technical-data__list-value\">220 mm<\/span><\/li>\n<li class=\"\"><span class=\"c-technical-data__list-label\">Recorrido de suspensi\u00f3n trasera<\/span><span class=\"c-technical-data__list-value\">215 mm<\/span><\/li>\n<li class=\"\"><span class=\"c-technical-data__list-label\">Ruedas<\/span><span class=\"c-technical-data__list-value\">2.50 x 21&#8243;; 4.50 x 18&#8243;<\/span><\/li>\n<li class=\"\"><span class=\"c-technical-data__list-label\">Ruedas<\/span><span class=\"c-technical-data__list-value\">Llantas de aluminio de radios sin c\u00e1mara<\/span><\/li>\n<li class=\"\"><span class=\"c-technical-data__list-label\">Distancia entre ejes<\/span><span class=\"c-technical-data__list-value\">1.513 \u00b1 15 mm<\/span><\/li>\n<\/ul>\n<\/article>\n<\/div>\n<\/div>\n<\/div>\n<\/article>\n<\/section>\n<\/div>\n<\/div>\n<\/div>\n<\/div>\n<\/article>\n<article class=\"c-benefit__category js-benefit-category\">\n<div class=\"container-fluid p-0\">\n<div class=\"container\"><\/div>\n<\/div>\n<\/article>\n<article class=\"c-benefit__category js-benefit-category\">\n<div class=\"container-fluid p-0\"><\/div>\n<div class=\"container\">\n<div class=\"c-benefit__feature-container\" data-display=\"hqv-desktop\">\n<div class=\"glider glider--hqv glider--hqv-active glide--ltr glide--slider glide--swipeable\">\n<div class=\"glide__track\" data-glide-el=\"track\">\n<section class=\"c-benefit__features glide__slides\">\n<article class=\"c-benefit__feature js-benefit-feature glide__slide js-benefit-slide glide__slide--active\">\n<figure class=\"c-benefit__feature-image\"><\/figure>\n<div class=\"c-benefit__feature-content\"><\/div>\n<\/article>\n<\/section>\n<\/div>\n<\/div>\n<\/div>\n<\/div>\n<\/article>\n<article class=\"c-benefit__category js-benefit-category\">\n<div class=\"container-fluid p-0\">\n<div class=\"container\">\n<h3 class=\"c-benefit__heading highlight\"><\/h3>\n<\/div>\n<\/div>\n<\/article>\n<\/div>\n<\/div>\n<\/div>\n","protected":false},"excerpt":{"rendered":"<p>FINANCIACION AL 2,99% TIN a 36 MESES (se adjunto tabla de ejemplos)<\/p>\n","protected":false},"featured_media":24423,"template":"","meta":{"_et_pb_use_builder":"","_et_pb_old_content":"","_et_gb_content_width":""},"product_cat":[324,129,329],"product_tag":[],"_links":{"self":[{"href":"https:\/\/difrenos.com\/index.php\/wp-json\/wp\/v2\/product\/24421"}],"collection":[{"href":"https:\/\/difrenos.com\/index.php\/wp-json\/wp\/v2\/product"}],"about":[{"href":"https:\/\/difrenos.com\/index.php\/wp-json\/wp\/v2\/types\/product"}],"wp:featuredmedia":[{"embeddable":true,"href":"https:\/\/difrenos.com\/index.php\/wp-json\/wp\/v2\/media\/24423"}],"wp:attachment":[{"href":"https:\/\/difrenos.com\/index.php\/wp-json\/wp\/v2\/media?parent=24421"}],"wp:term":[{"taxonomy":"product_cat","embeddable":true,"href":"https:\/\/difrenos.com\/index.php\/wp-json\/wp\/v2\/product_cat?post=24421"},{"taxonomy":"product_tag","embeddable":true,"href":"https:\/\/difrenos.com\/index.php\/wp-json\/wp\/v2\/product_tag?post=24421"}],"curies":[{"name":"wp","href":"https:\/\/api.w.org\/{rel}","templated":true}]}}

<div class="row models__row-reverse">
<div class="col-xl-4 col-lg-5 col-lg-5--top-col col-md-12 models__reverse-col-offset-lg">
<h1 class="models__heading">Norden 901</h1>
<div class="models__finance"></div>
</div>
<div class="col-xl-7 col-lg-6 col-md-12 offset-lg-1">
<div class="models__actions--desktop"></div>
</div>
</div>
<div class="row models__row-reverse">
<div class="col-xl-4 col-lg-5 col-lg-5 col-lg-5--bottom-col col-md-12 models__reverse-col-offset-lg">
<div class="models__price js-price">
<div class="models__manufacturer-info models__manufacturer-info--desktop-only">
<div class="models__price-note">
<div class="models__price-note-container js-collapse-linebreak models__price-note-container__expanded">
<p>*Precio venta al público, I.V.A 21% incluído</p>
</div>
</div>
</div>
</div>
<div class="models__description models__description--desktop-only">Elevando el listón en el segmento de las motocicletas de aventura, la Norden 901 permite a los amantes de viajar en moto descubrir los rincones ocultos del planeta. Excelente en carretera y muy capaz en offroad, esta máquina para viajes de larga distancia ha sido diseñada para mejorar el confort del piloto en las rutas más largas. Impulsada por un suave y potente motor bicilíndrico en paralelo de 889 cc alojado en un ligero chasis multitubular de acero, la Norden 901 está acabada con componentes de alta gama, que ofrecen el máximo rendimiento y fiabilidad. Explora el mundo a tu manera con la Norden 901.</div>
<div>
<article class="c-benefit__category js-benefit-category">
<div class="container-fluid p-0">
<div class="container"></div>
</div>
<div class="container">
<div class="c-benefit__feature-container" data-display="hqv-desktop">
<div class="glider glider--hqv">
<div class="glide__track" data-glide-el="track">
<section class="c-benefit__features glide__slides c-benefit__features--centered">
<article class="c-benefit__feature js-benefit-feature glide__slide js-benefit-slide c-benefit__feature--no-benefit-image">
<div class="c-benefit__feature-content">
<div class="row c-technical-data__backdrop c-technical-data__backdrop--top js-heading-row">
<div class="col-sm-12">
<h3 class="c-technical-data__heading highlight">Detalles Técnicos</h3>
</div>
</div>
<div class="row c-technical-data__backdrop js-data-row">
<div class="col-md-12 col-lg-6">
<article class="c-technical-data__group">
<h2 class="c-technical-data__group-heading js-group-toggle">Motor</h2>
<ul class="c-technical-data__list js-technical-data-list">
<li><span class="c-technical-data__list-label">Transmisión primaria</span><span class="c-technical-data__list-value">39:75</span></li>
<li><span class="c-technical-data__list-label">Par máximo</span><span class="c-technical-data__list-value">100 Nm</span></li>
<li><span class="c-technical-data__list-label">Cambio</span><span class="c-technical-data__list-value">6 marchas</span></li>
<li><span class="c-technical-data__list-label">Capacidad de la batería</span><span class="c-technical-data__list-value">10 Ah</span></li>
<li><span class="c-technical-data__list-label">Refrigeración</span><span class="c-technical-data__list-value">Refrigeración por líquido con intercambiador de calor agua/aceite</span></li>
<li class=""><span class="c-technical-data__list-label">Transmisión secundaria</span><span class="c-technical-data__list-value">16:45</span></li>
<li class=""><span class="c-technical-data__list-label">Potencia en Kw</span><span class="c-technical-data__list-value">77 kW</span></li>
<li class=""><span class="c-technical-data__list-label">Arranque</span><span class="c-technical-data__list-value">Arranque eléctrico</span></li>
<li class=""><span class="c-technical-data__list-label">Carrera</span><span class="c-technical-data__list-value">68.8 mm</span></li>
<li class=""><span class="c-technical-data__list-label">Diámetro</span><span class="c-technical-data__list-value">90.7 mm</span></li>
<li class=""><span class="c-technical-data__list-label">Embrague</span><span class="c-technical-data__list-value">Embrague antirrebotes PASC accionado por cable</span></li>
<li class=""><span class="c-technical-data__list-label">Emisiones de CO<sub>2</sub></span><span class="c-technical-data__list-value">103 g/km</span></li>
<li class=""><span class="c-technical-data__list-label">Compresión</span><span class="c-technical-data__list-value">13.5</span></li>
<li class=""><span class="c-technical-data__list-label">Cilindrada</span><span class="c-technical-data__list-value">889 cm³</span></li>
<li class=""><span class="c-technical-data__list-label">EMS</span><span class="c-technical-data__list-value">EMS de Bosch con RBW</span></li>
<li class=""><span class="c-technical-data__list-label">Estructura</span><span class="c-technical-data__list-value">Bicilíndrico paralelo de 4 tiempos</span></li>
<li class=""><span class="c-technical-data__list-label">Consumo de combustible</span><span class="c-technical-data__list-value">4.5 l/100 km</span></li>
<li class=""><span class="c-technical-data__list-label">Preparación de la mezcla</span><span class="c-technical-data__list-value">DKK Dellorto (cuerpo de la válvula de mariposa de 46 mm)</span></li>
<li class=""><span class="c-technical-data__list-label">Engrase</span><span class="c-technical-data__list-value">Lubricación a presión en circuito cerrado con 2 bombas de aceite</span></li>
</ul>
</article>
</div>
<div class="col-md-12 col-lg-6">
<article class="c-technical-data__group c-technical-data__group--last">
<h2 class="c-technical-data__group-heading js-group-toggle">Parte Ciclo</h2>
<ul class="c-technical-data__list js-technical-data-list">
<li><span class="c-technical-data__list-label">Peso (sin combustible)</span><span class="c-technical-data__list-value">204 kg</span></li>
<li><span class="c-technical-data__list-label">Capacidad del depósito (aprox.)</span><span class="c-technical-data__list-value">19 l</span></li>
<li><span class="c-technical-data__list-label">Distancia entre ejes</span><span class="c-technical-data__list-value">1.513 mm</span></li>
<li><span class="c-technical-data__list-label">ABS</span><span class="c-technical-data__list-value">Sistema ABS de doble canal 9MB de Bosch</span></li>
<li><span class="c-technical-data__list-label">Diámetro del disco de freno delantero</span><span class="c-technical-data__list-value">320 mm</span></li>
<li class=""><span class="c-technical-data__list-label">Diámetro del disco de freno trasero</span><span class="c-technical-data__list-value">260 mm</span></li>
<li class=""><span class="c-technical-data__list-label">Freno delantero</span><span class="c-technical-data__list-value">2 pinzas de 4 pistones montadas radialmente, disco de freno</span></li>
<li class=""><span class="c-technical-data__list-label">Freno trasero</span><span class="c-technical-data__list-value">Pinza flotante de 2 pistones, disco de freno</span></li>
<li class=""><span class="c-technical-data__list-label">Cadena</span><span class="c-technical-data__list-value">Junta en X 520</span></li>
<li class=""><span class="c-technical-data__list-label">Estructura del chasis</span><span class="c-technical-data__list-value">Chasis de acero al cromo molibdeno, que utiliza el motor como elemento integrante, con recubrimiento en polvo</span></li>
<li class=""><span class="c-technical-data__list-label">Suspensión delantera</span><span class="c-technical-data__list-value">WP APEX 43</span></li>
<li class=""><span class="c-technical-data__list-label">Altura libre al suelo</span><span class="c-technical-data__list-value">252 mm</span></li>
<li class=""><span class="c-technical-data__list-label">Manillar</span><span class="c-technical-data__list-value">Aluminio, conificado, Ø 28/22 mm</span></li>
<li class=""><span class="c-technical-data__list-label">Suspensión trasera</span><span class="c-technical-data__list-value">Amortiguador WP APEX</span></li>
<li class=""><span class="c-technical-data__list-label">Altura del asiento</span><span class="c-technical-data__list-value">859/879 mm</span></li>
<li class=""><span class="c-technical-data__list-label">Silenciador</span><span class="c-technical-data__list-value">Silenciador con primario de acero inoxidable y secundario de aluminio</span></li>
<li class=""><span class="c-technical-data__list-label">Ángulo de dirección</span><span class="c-technical-data__list-value">64.2 °</span></li>
<li class=""><span class="c-technical-data__list-label">Estructura del subchasis trasero</span><span class="c-technical-data__list-value">Multitubular de acero al cromo-molibdeno, pintado al polvo</span></li>
<li class=""><span class="c-technical-data__list-label">Recorrido de suspensión delantera</span><span class="c-technical-data__list-value">220 mm</span></li>
<li class=""><span class="c-technical-data__list-label">Recorrido de suspensión trasera</span><span class="c-technical-data__list-value">215 mm</span></li>
<li class=""><span class="c-technical-data__list-label">Ruedas</span><span class="c-technical-data__list-value">2.50 x 21&#8243;; 4.50 x 18&#8243;</span></li>
<li class=""><span class="c-technical-data__list-label">Ruedas</span><span class="c-technical-data__list-value">Llantas de aluminio de radios sin cámara</span></li>
<li class=""><span class="c-technical-data__list-label">Distancia entre ejes</span><span class="c-technical-data__list-value">1.513 ± 15 mm</span></li>
</ul>
</article>
</div>
</div>
</div>
</article>
</section>
</div>
</div>
</div>
</div>
</article>
<article class="c-benefit__category js-benefit-category">
<div class="container-fluid p-0">
<div class="container"></div>
</div>
</article>
<article class="c-benefit__category js-benefit-category">
<div class="container-fluid p-0"></div>
<div class="container">
<div class="c-benefit__feature-container" data-display="hqv-desktop">
<div class="glider glider--hqv glider--hqv-active glide--ltr glide--slider glide--swipeable">
<div class="glide__track" data-glide-el="track">
<section class="c-benefit__features glide__slides">
<article class="c-benefit__feature js-benefit-feature glide__slide js-benefit-slide glide__slide--active">
<figure class="c-benefit__feature-image"></figure>
<div class="c-benefit__feature-content"></div>
</article>
</section>
</div>
</div>
</div>
</div>
</article>
<article class="c-benefit__category js-benefit-category">
<div class="container-fluid p-0">
<div class="container">
<h3 class="c-benefit__heading highlight"></h3>
</div>
</div>
</article>
</div>
</div>
</div>
