{"id":24393,"date":"2026-03-05T11:38:41","date_gmt":"2026-03-05T11:38:41","guid":{"rendered":"https:\/\/difrenos.com\/?post_type=product&#038;p=24393"},"modified":"2026-03-05T15:43:31","modified_gmt":"2026-03-05T15:43:31","slug":"calcetin-mid-calf-dominicana","status":"publish","type":"product","link":"https:\/\/difrenos.com\/index.php\/producto\/calcetin-mid-calf-dominicana\/","title":{"rendered":"CALCETIN\/MID-CALF DOMINICANA"},"content":{"rendered":"<div class=\"summary entry-summary\">\n<div id=\"uk-accordion-43-content-0\" class=\"uk-accordion-content\" role=\"region\" aria-labelledby=\"uk-accordion-43-title-0\">\n<p>HB6405LR talla L\/ROJO<\/p>\n<p>HB6405LA talla L\/AZUL<\/p>\n<p>HB6405MG talla M\/GRIS<\/p>\n<p><strong>Calcet\u00edn\/mid-calf dominicana<\/strong> t\u00e9cnico fabricado en Polyester, Coolmax y elastan.<\/p>\n<p>Con alto grado de transpiraci\u00f3n y gran resistencia estructural.<\/p>\n<p>&nbsp;<\/p>\n<ul>\n<li>Composici\u00f3n: 61% Polyester (Coolmax\u00ae) , 37% Poliamida , Elast\u00e1n (Lycra\u00ae).<\/li>\n<\/ul>\n<\/div>\n<\/div>\n<section class=\"related products\">\n<h2><\/h2>\n<\/section>\n","protected":false},"excerpt":{"rendered":"<p>HB6405LR talla L\/ROJO HB6405LA talla L\/AZUL HB6405MG talla M\/GRIS Calcet\u00edn\/mid-calf dominicana t\u00e9cnico fabricado en Polyester, Coolmax y elastan. Con alto grado de transpiraci\u00f3n y gran resistencia estructural. &nbsp; Composici\u00f3n: 61% Polyester (Coolmax\u00ae) , 37% Poliamida , Elast\u00e1n (Lycra\u00ae).<\/p>\n","protected":false},"featured_media":24396,"template":"","meta":{"_et_pb_use_builder":"","_et_pb_old_content":"","_et_gb_content_width":""},"product_cat":[33,223],"product_tag":[],"_links":{"self":[{"href":"https:\/\/difrenos.com\/index.php\/wp-json\/wp\/v2\/product\/24393"}],"collection":[{"href":"https:\/\/difrenos.com\/index.php\/wp-json\/wp\/v2\/product"}],"about":[{"href":"https:\/\/difrenos.com\/index.php\/wp-json\/wp\/v2\/types\/product"}],"wp:featuredmedia":[{"embeddable":true,"href":"https:\/\/difrenos.com\/index.php\/wp-json\/wp\/v2\/media\/24396"}],"wp:attachment":[{"href":"https:\/\/difrenos.com\/index.php\/wp-json\/wp\/v2\/media?parent=24393"}],"wp:term":[{"taxonomy":"product_cat","embeddable":true,"href":"https:\/\/difrenos.com\/index.php\/wp-json\/wp\/v2\/product_cat?post=24393"},{"taxonomy":"product_tag","embeddable":true,"href":"https:\/\/difrenos.com\/index.php\/wp-json\/wp\/v2\/product_tag?post=24393"}],"curies":[{"name":"wp","href":"https:\/\/api.w.org\/{rel}","templated":true}]}}