{"id":24326,"date":"2026-02-23T14:01:10","date_gmt":"2026-02-23T14:01:10","guid":{"rendered":"https:\/\/difrenos.com\/?post_type=product&#038;p=24326"},"modified":"2026-02-23T14:05:08","modified_gmt":"2026-02-23T14:05:08","slug":"hebo-pantalones-goretex-rain-tech-talla-l-34","status":"publish","type":"product","link":"https:\/\/difrenos.com\/index.php\/producto\/hebo-pantalones-goretex-rain-tech-talla-l-34\/","title":{"rendered":"Hebo Pantalones Gore-tex Rain Tech Talla L\/34"},"content":{"rendered":"<h2><span id=\"js-descripcion\" class=\"title-page \">Descripci\u00f3n Hebo Pantalones Gore-tex Rain Tech<\/span><\/h2>\n<div id=\"js-detalle-descripcion\" class=\"flex__column txt-base \">\n<div id=\"js-description\" class=\"txt-base\">\n<div id=\"desc\">\n<p>Pantal\u00f3n para la pr\u00e1ctica del Trial.<\/p>\n<p>Membrana Gore-tex.<\/p>\n<p>Impermeable.<\/p>\n<p>Costuras termoselladas.<\/p>\n<\/div>\n<\/div>\n<\/div>\n","protected":false},"excerpt":{"rendered":"<p>Descripci\u00f3n Hebo Pantalones Gore-tex Rain Tech Pantal\u00f3n para la pr\u00e1ctica del Trial. Membrana Gore-tex. Impermeable. Costuras termoselladas.<\/p>\n","protected":false},"featured_media":24327,"template":"","meta":{"_et_pb_use_builder":"","_et_pb_old_content":"","_et_gb_content_width":""},"product_cat":[33,711,816],"product_tag":[],"_links":{"self":[{"href":"https:\/\/difrenos.com\/index.php\/wp-json\/wp\/v2\/product\/24326"}],"collection":[{"href":"https:\/\/difrenos.com\/index.php\/wp-json\/wp\/v2\/product"}],"about":[{"href":"https:\/\/difrenos.com\/index.php\/wp-json\/wp\/v2\/types\/product"}],"wp:featuredmedia":[{"embeddable":true,"href":"https:\/\/difrenos.com\/index.php\/wp-json\/wp\/v2\/media\/24327"}],"wp:attachment":[{"href":"https:\/\/difrenos.com\/index.php\/wp-json\/wp\/v2\/media?parent=24326"}],"wp:term":[{"taxonomy":"product_cat","embeddable":true,"href":"https:\/\/difrenos.com\/index.php\/wp-json\/wp\/v2\/product_cat?post=24326"},{"taxonomy":"product_tag","embeddable":true,"href":"https:\/\/difrenos.com\/index.php\/wp-json\/wp\/v2\/product_tag?post=24326"}],"curies":[{"name":"wp","href":"https:\/\/api.w.org\/{rel}","templated":true}]}}