{"id":24149,"date":"2026-02-06T13:23:07","date_gmt":"2026-02-06T13:23:07","guid":{"rendered":"https:\/\/difrenos.com\/?post_type=product&#038;p=24149"},"modified":"2026-04-24T15:05:46","modified_gmt":"2026-04-24T15:05:46","slug":"gas-gas-ec-350-f-2024-matriculada-4-2025","status":"publish","type":"product","link":"https:\/\/difrenos.com\/index.php\/producto\/gas-gas-ec-350-f-2024-matriculada-4-2025\/","title":{"rendered":"Gas Gas Ec 350 F-2024 Matriculada 4\/2025"},"content":{"rendered":"<p><strong><span class=\"item-detail_ItemDetailTwoColumns__detailsTitle__Cns5F d-block mb-3\">Detalles del producto<\/span><\/strong><\/p>\n<section class=\"item-detail_ItemDetailTwoColumns__description__0DKb0\">Moto GAS GAS EC 350 F &#8211; 2024, matriculada en 4\/2025.<\/section>\n<section class=\"item-detail_ItemDetailTwoColumns__description__0DKb0\">La moto est\u00e1 perfecta de mec\u00e1nica, se entrega con la revisi\u00f3n oficial.<\/section>\n<section class=\"item-detail_ItemDetailTwoColumns__description__0DKb0\">Tiene un total de 190 horas, nos la mandar\u00f3n de f\u00e1brica con 179 horas, reacondicionada y con\u00a0 todos los mantenimientos de motor hechos en f\u00e1brica\u00a0 , marca 185 kil\u00f3metros porque le pusieron cuentakil\u00f3metros nuevo en f\u00e1brica.<\/section>\n<section class=\"item-detail_ItemDetailTwoColumns__description__0DKb0\">Podemos coger moto a cambio. Disponemos de servicio de transporte.<\/section>\n<section class=\"item-detail_ItemDetailTwoColumns__description__0DKb0\">Gestionamos financiaci\u00f3n a trav\u00e9s de Santander Consumer.<\/section>\n<section class=\"item-detail_ItemDetailTwoColumns__description__0DKb0\">Cualquier consulta que puedas necesitar contacta por whatsapp al 659968466<\/section>\n","protected":false},"excerpt":{"rendered":"<p>Detalles del producto Moto GAS GAS EC 350 F &#8211; 2024, matriculada en 4\/2025. La moto est\u00e1 perfecta de mec\u00e1nica, se entrega con la revisi\u00f3n oficial. Tiene un total de 190 horas, nos la mandar\u00f3n de f\u00e1brica con 179 horas, reacondicionada y con\u00a0 todos los mantenimientos de motor hechos en f\u00e1brica\u00a0 , marca 185 kil\u00f3metros [&hellip;]<\/p>\n","protected":false},"featured_media":24156,"template":"","meta":{"_et_pb_use_builder":"","_et_pb_old_content":"","_et_gb_content_width":""},"product_cat":[256,129,133],"product_tag":[296],"_links":{"self":[{"href":"https:\/\/difrenos.com\/index.php\/wp-json\/wp\/v2\/product\/24149"}],"collection":[{"href":"https:\/\/difrenos.com\/index.php\/wp-json\/wp\/v2\/product"}],"about":[{"href":"https:\/\/difrenos.com\/index.php\/wp-json\/wp\/v2\/types\/product"}],"wp:featuredmedia":[{"embeddable":true,"href":"https:\/\/difrenos.com\/index.php\/wp-json\/wp\/v2\/media\/24156"}],"wp:attachment":[{"href":"https:\/\/difrenos.com\/index.php\/wp-json\/wp\/v2\/media?parent=24149"}],"wp:term":[{"taxonomy":"product_cat","embeddable":true,"href":"https:\/\/difrenos.com\/index.php\/wp-json\/wp\/v2\/product_cat?post=24149"},{"taxonomy":"product_tag","embeddable":true,"href":"https:\/\/difrenos.com\/index.php\/wp-json\/wp\/v2\/product_tag?post=24149"}],"curies":[{"name":"wp","href":"https:\/\/api.w.org\/{rel}","templated":true}]}}

<p><strong><span class="item-detail_ItemDetailTwoColumns__detailsTitle__Cns5F d-block mb-3">Detalles del producto</span></strong></p>
<section class="item-detail_ItemDetailTwoColumns__description__0DKb0">Moto GAS GAS EC 350 F &#8211; 2024, matriculada en 4/2025.</section>
<section class="item-detail_ItemDetailTwoColumns__description__0DKb0">La moto está perfecta de mecánica, se entrega con la revisión oficial.</section>
<section class="item-detail_ItemDetailTwoColumns__description__0DKb0">Tiene un total de 190 horas, nos la mandarón de fábrica con 179 horas, reacondicionada y con  todos los mantenimientos de motor hechos en fábrica  , marca 185 kilómetros porque le pusieron cuentakilómetros nuevo en fábrica.</section>
<section class="item-detail_ItemDetailTwoColumns__description__0DKb0">Podemos coger moto a cambio. Disponemos de servicio de transporte.</section>
<section class="item-detail_ItemDetailTwoColumns__description__0DKb0">Gestionamos financiación a través de Santander Consumer.</section>
<section class="item-detail_ItemDetailTwoColumns__description__0DKb0">Cualquier consulta que puedas necesitar contacta por whatsapp al 659968466</section>

<p>Detalles del producto Moto GAS GAS EC 350 F &#8211; 2024, matriculada en 4/2025. La moto está perfecta de mecánica, se entrega con la revisión oficial. Tiene un total de 190 horas, nos la mandarón de fábrica con 179 horas, reacondicionada y con  todos los mantenimientos de motor hechos en fábrica  , marca 185 kilómetros [&hellip;]</p>
