{"id":24105,"date":"2026-02-05T11:29:23","date_gmt":"2026-02-05T11:29:23","guid":{"rendered":"https:\/\/difrenos.com\/?post_type=product&#038;p=24105"},"modified":"2026-02-05T12:08:06","modified_gmt":"2026-02-05T12:08:06","slug":"cubrecarter-acerbis-husqvarna-fe-350-2024-2026-color-negro-0025336-090","status":"publish","type":"product","link":"https:\/\/difrenos.com\/index.php\/producto\/cubrecarter-acerbis-husqvarna-fe-350-2024-2026-color-negro-0025336-090\/","title":{"rendered":"Cubrecarter Acerbis Husqvarna Fe 350 (2024-2026) Color Negro 0025336.090"},"content":{"rendered":"<p>Marca: Acerbis<br \/>\nRef. 0025336.090<\/p>\n<h3>CUBRECARTER ACERBIS<\/h3>\n<p>Cubrecarter resistente, dise\u00f1ado para proteger el motor de la motocicleta de impactos y da\u00f1os, fabricado con materiales duraderos para mayor seguridad y protecci\u00f3n.<\/p>\n<p><b>CONSTRUCCI\u00d3N Y DISE\u00d1O:<\/b><\/p>\n<ul>\n<li>\u2022 Dise\u00f1o dise\u00f1ado para una protecci\u00f3n \u00f3ptima del chasis y el motor.<\/li>\n<li>\u2022 Aleta dise\u00f1ada para proteger el enlace del amortiguador de impactos, barro y arena. Permite deslizarse f\u00e1cilmente sobre obst\u00e1culos naturales (whoops, piedras, troncos) asegurando una conducci\u00f3n suave. El dise\u00f1o garantiza la m\u00e1xima adherencia al enlace.<\/li>\n<li>\u2022 Material resistente a impactos que protege eficazmente contra piedras, tierra y barro.<\/li>\n<li>\u2022 Pl\u00e1stico flexible y ligero que reduce las vibraciones y el da\u00f1o superficial al chasis y el motor.<\/li>\n<li>\u2022 Las tomas de aire est\u00e1n dise\u00f1adas para proporcionar m\u00e1s ligereza, ventilaci\u00f3n y facilitar las operaciones de lavado dentro del sub-motor, reduciendo la entrada de grava, tierra y barro.<\/li>\n<li>\u2022 Aprovechando los puntos de anclaje originales de la moto, el montaje\/desmontaje es intuitivo y facilita el mantenimiento y lavado normal del motor.<\/li>\n<li>\u2022 \u00c1reas de protecci\u00f3n extendidas sobre las tapas laterales, la bomba de agua y en las \u00e1reas del chasis.<\/li>\n<li>\u2022 Compatible con el uso simult\u00e1neo de X-Power (protecci\u00f3n del c\u00e1rter de encendido y del embrague).<\/li>\n<\/ul>\n<p><b>MATERIALES:<\/b><\/p>\n<ul>\n<li>\u2022 Nylon 96%<\/li>\n<li>\u2022 Otros 4%<\/li>\n<\/ul>\n","protected":false},"excerpt":{"rendered":"<p>Marca: Acerbis Ref. 0025336.090 CUBRECARTER ACERBIS Cubrecarter resistente, dise\u00f1ado para proteger el motor de la motocicleta de impactos y da\u00f1os, fabricado con materiales duraderos para mayor seguridad y protecci\u00f3n. CONSTRUCCI\u00d3N Y DISE\u00d1O: \u2022 Dise\u00f1o dise\u00f1ado para una protecci\u00f3n \u00f3ptima del chasis y el motor. \u2022 Aleta dise\u00f1ada para proteger el enlace del amortiguador de impactos, [&hellip;]<\/p>\n","protected":false},"featured_media":24110,"template":"","meta":{"_et_pb_use_builder":"","_et_pb_old_content":"","_et_gb_content_width":""},"product_cat":[789,170],"product_tag":[923],"_links":{"self":[{"href":"https:\/\/difrenos.com\/index.php\/wp-json\/wp\/v2\/product\/24105"}],"collection":[{"href":"https:\/\/difrenos.com\/index.php\/wp-json\/wp\/v2\/product"}],"about":[{"href":"https:\/\/difrenos.com\/index.php\/wp-json\/wp\/v2\/types\/product"}],"wp:featuredmedia":[{"embeddable":true,"href":"https:\/\/difrenos.com\/index.php\/wp-json\/wp\/v2\/media\/24110"}],"wp:attachment":[{"href":"https:\/\/difrenos.com\/index.php\/wp-json\/wp\/v2\/media?parent=24105"}],"wp:term":[{"taxonomy":"product_cat","embeddable":true,"href":"https:\/\/difrenos.com\/index.php\/wp-json\/wp\/v2\/product_cat?post=24105"},{"taxonomy":"product_tag","embeddable":true,"href":"https:\/\/difrenos.com\/index.php\/wp-json\/wp\/v2\/product_tag?post=24105"}],"curies":[{"name":"wp","href":"https:\/\/api.w.org\/{rel}","templated":true}]}}