{"id":2388,"date":"2022-04-18T05:43:21","date_gmt":"2022-04-18T05:43:21","guid":{"rendered":"https:\/\/onyon365.com\/df2\/?post_type=product&#038;p=2388"},"modified":"2026-03-20T19:28:43","modified_gmt":"2026-03-20T19:28:43","slug":"casco-gasgas-z4-carbotech","status":"publish","type":"product","link":"https:\/\/difrenos.com\/index.php\/producto\/casco-gasgas-z4-carbotech\/","title":{"rendered":"Casco Gas Gas trial Z4 Carbotech"},"content":{"rendered":"<p class=\"c-powerparts__detail-reference\">Referencias:<br \/>\n3GG210041402 Talla S<br \/>\n3GG210041403 Talla M<\/p>\n<div class=\"c-powerparts__detail-error\"><\/div>\n<div class=\"c-powerparts__detail-description\">\n<ul>\n<li>Casco de trial ligero y vers\u00e1til<\/li>\n<li>Sistema de ventilaci\u00f3n perfeccionado<\/li>\n<li>Acolchado para las mejillas con forro interior extra\u00edble, lavable e hidr\u00f3fugo<\/li>\n<li>Peso 950 g (\u00b1 50\u00a0g)<\/li>\n<li>Dise\u00f1o exclusivo de Hebo exclusivamente para GASGAS<\/li>\n<\/ul>\n<\/div>\n<div class=\"c-powerparts__detail-info\">\n<div class=\"row no-gutters\">\n<div class=\"col-lg-6 col-md-6 col-sm-12\">\n<div>\n<h6>MATERIAL:<\/h6>\n<p>100% carbono<\/p>\n<\/div>\n<\/div>\n<\/div>\n<\/div>\n","protected":false},"excerpt":{"rendered":"<p>Referencias: 3GG210041402 Talla S 3GG210041403 Talla M Casco de trial ligero y vers\u00e1til Sistema de ventilaci\u00f3n perfeccionado Acolchado para las mejillas con forro interior extra\u00edble, lavable e hidr\u00f3fugo Peso 950 g (\u00b1 50\u00a0g) Dise\u00f1o exclusivo de Hebo exclusivamente para GASGAS MATERIAL: 100% carbono<\/p>\n","protected":false},"featured_media":2389,"template":"","meta":{"_et_pb_use_builder":"","_et_pb_old_content":"","_et_gb_content_width":""},"product_cat":[33,43,203],"product_tag":[384,432,85,302],"_links":{"self":[{"href":"https:\/\/difrenos.com\/index.php\/wp-json\/wp\/v2\/product\/2388"}],"collection":[{"href":"https:\/\/difrenos.com\/index.php\/wp-json\/wp\/v2\/product"}],"about":[{"href":"https:\/\/difrenos.com\/index.php\/wp-json\/wp\/v2\/types\/product"}],"wp:featuredmedia":[{"embeddable":true,"href":"https:\/\/difrenos.com\/index.php\/wp-json\/wp\/v2\/media\/2389"}],"wp:attachment":[{"href":"https:\/\/difrenos.com\/index.php\/wp-json\/wp\/v2\/media?parent=2388"}],"wp:term":[{"taxonomy":"product_cat","embeddable":true,"href":"https:\/\/difrenos.com\/index.php\/wp-json\/wp\/v2\/product_cat?post=2388"},{"taxonomy":"product_tag","embeddable":true,"href":"https:\/\/difrenos.com\/index.php\/wp-json\/wp\/v2\/product_tag?post=2388"}],"curies":[{"name":"wp","href":"https:\/\/api.w.org\/{rel}","templated":true}]}}