{"id":2376,"date":"2022-04-17T17:44:02","date_gmt":"2022-04-17T17:44:02","guid":{"rendered":"https:\/\/onyon365.com\/df2\/?post_type=product&#038;p=2376"},"modified":"2026-03-20T19:32:18","modified_gmt":"2026-03-20T19:32:18","slug":"chaqueta-gasgas-pro","status":"publish","type":"product","link":"https:\/\/difrenos.com\/index.php\/producto\/chaqueta-gasgas-pro\/","title":{"rendered":"Chaqueta Gas Gas Pro trial"},"content":{"rendered":"<p>Referencias:<br \/>\n3GG210041503 Talla M<br \/>\n3GG210041504 Talla L<br \/>\n3GG210041506 Talla XXL<\/p>\n<ul>\n<li>Chaqueta de trial robusta y ligera<\/li>\n<li>Mangas de corte ragl\u00e1n<\/li>\n<li>Inserciones el\u00e1sticas en zonas de movimiento intenso<\/li>\n<li>Estampados por sublimaci\u00f3n resistentes a rayos UV y al deste\u00f1ido<\/li>\n<li>Dise\u00f1o de Hebo exclusivamente para GASGAS<\/li>\n<li>Material: 100% Poliester<\/li>\n<\/ul>\n","protected":false},"excerpt":{"rendered":"<p>Referencias: 3GG210041503 Talla M 3GG210041504 Talla L 3GG210041506 Talla XXL Chaqueta de trial robusta y ligera Mangas de corte ragl\u00e1n Inserciones el\u00e1sticas en zonas de movimiento intenso Estampados por sublimaci\u00f3n resistentes a rayos UV y al deste\u00f1ido Dise\u00f1o de Hebo exclusivamente para GASGAS Material: 100% Poliester<\/p>\n","protected":false},"featured_media":2377,"template":"","meta":{"_et_pb_use_builder":"","_et_pb_old_content":"","_et_gb_content_width":""},"product_cat":[33,756,51,707,201],"product_tag":[82,369,146,302],"_links":{"self":[{"href":"https:\/\/difrenos.com\/index.php\/wp-json\/wp\/v2\/product\/2376"}],"collection":[{"href":"https:\/\/difrenos.com\/index.php\/wp-json\/wp\/v2\/product"}],"about":[{"href":"https:\/\/difrenos.com\/index.php\/wp-json\/wp\/v2\/types\/product"}],"wp:featuredmedia":[{"embeddable":true,"href":"https:\/\/difrenos.com\/index.php\/wp-json\/wp\/v2\/media\/2377"}],"wp:attachment":[{"href":"https:\/\/difrenos.com\/index.php\/wp-json\/wp\/v2\/media?parent=2376"}],"wp:term":[{"taxonomy":"product_cat","embeddable":true,"href":"https:\/\/difrenos.com\/index.php\/wp-json\/wp\/v2\/product_cat?post=2376"},{"taxonomy":"product_tag","embeddable":true,"href":"https:\/\/difrenos.com\/index.php\/wp-json\/wp\/v2\/product_tag?post=2376"}],"curies":[{"name":"wp","href":"https:\/\/api.w.org\/{rel}","templated":true}]}}