{"id":23752,"date":"2025-12-28T14:05:43","date_gmt":"2025-12-28T14:05:43","guid":{"rendered":"https:\/\/difrenos.com\/?post_type=product&#038;p=23752"},"modified":"2026-03-24T14:09:47","modified_gmt":"2026-03-24T14:09:47","slug":"maleta-top-case-touring-husqvarna-norden-901-36l","status":"publish","type":"product","link":"https:\/\/difrenos.com\/index.php\/producto\/maleta-top-case-touring-husqvarna-norden-901-36l\/","title":{"rendered":"Maleta Top Case Touring Husqvarna Norden 901 36L"},"content":{"rendered":"<div class=\"product-star-widget\">\n<div class=\"wrapper\" tabindex=\"1\">\n<div class=\"star-rating\" aria-label=\"Star rating of 0 out of 5 stars\">\n<div class=\"star-rating__fraction\">\n<div class=\"star\">\n<div class=\"empty\">Ref: 22112929544<\/div>\n<\/div>\n<\/div>\n<\/div>\n<\/div>\n<\/div>\n<p><strong>Maleta Top Case Touring Husqvarna Norden 901 22-24 36L<\/strong><\/p>\n<ul>\n<li>Construcci\u00f3n robusta y estable.<\/li>\n<li>Desarrollado conjuntamente con el veh\u00edculo.<\/li>\n<li>Puede cerrarse con la llave del veh\u00edculo.<\/li>\n<li>Desmontaje y montaje en cuesti\u00f3n de segundos.<\/li>\n<li>La ergon\u00f3mica asa desaparece por completo en la maleta.<\/li>\n<li>El soporte flotante de topcase evita que el veh\u00edculo oscile a altas velocidades.<\/li>\n<li>Dimensiones: 500x340x380 mm.<\/li>\n<li>Peso total m\u00e1ximo: 5 kg.<\/li>\n<li>Color:.negro\/plata<\/li>\n<li>Capacidad: 36L.<\/li>\n<li>Material: Aluminio, Pl\u00e1stico.<\/li>\n<\/ul>\n","protected":false},"excerpt":{"rendered":"<p>Ref: 22112929544 Maleta Top Case Touring Husqvarna Norden 901 22-24 36L Construcci\u00f3n robusta y estable. Desarrollado conjuntamente con el veh\u00edculo. Puede cerrarse con la llave del veh\u00edculo. Desmontaje y montaje en cuesti\u00f3n de segundos. La ergon\u00f3mica asa desaparece por completo en la maleta. El soporte flotante de topcase evita que el veh\u00edculo oscile a altas [&hellip;]<\/p>\n","protected":false},"featured_media":23753,"template":"","meta":{"_et_pb_use_builder":"","_et_pb_old_content":"","_et_gb_content_width":""},"product_cat":[857,170,329],"product_tag":[452,563],"_links":{"self":[{"href":"https:\/\/difrenos.com\/index.php\/wp-json\/wp\/v2\/product\/23752"}],"collection":[{"href":"https:\/\/difrenos.com\/index.php\/wp-json\/wp\/v2\/product"}],"about":[{"href":"https:\/\/difrenos.com\/index.php\/wp-json\/wp\/v2\/types\/product"}],"wp:featuredmedia":[{"embeddable":true,"href":"https:\/\/difrenos.com\/index.php\/wp-json\/wp\/v2\/media\/23753"}],"wp:attachment":[{"href":"https:\/\/difrenos.com\/index.php\/wp-json\/wp\/v2\/media?parent=23752"}],"wp:term":[{"taxonomy":"product_cat","embeddable":true,"href":"https:\/\/difrenos.com\/index.php\/wp-json\/wp\/v2\/product_cat?post=23752"},{"taxonomy":"product_tag","embeddable":true,"href":"https:\/\/difrenos.com\/index.php\/wp-json\/wp\/v2\/product_tag?post=23752"}],"curies":[{"name":"wp","href":"https:\/\/api.w.org\/{rel}","templated":true}]}}