{"id":23404,"date":"2025-11-24T11:42:05","date_gmt":"2025-11-24T11:42:05","guid":{"rendered":"https:\/\/difrenos.com\/?post_type=product&#038;p=23404"},"modified":"2026-02-06T11:53:21","modified_gmt":"2026-02-06T11:53:21","slug":"acerbis-mentoniera-casco-double-p-nero","status":"publish","type":"product","link":"https:\/\/difrenos.com\/index.php\/producto\/acerbis-mentoniera-casco-double-p-nero\/","title":{"rendered":"ACERBIS  MENTONERA CASCO DOUBLEP NEGRO"},"content":{"rendered":"<p>REF. 0024676.090<\/p>\n<p>MARCA: ACERBIS<\/p>\n<p>COLOR: NEGRO<\/p>\n<p><strong>Mentonera Extra\u00edble Casco Acerbis Doublep<\/strong><\/p>\n<ul>\n<li>F\u00e1cil colocar.<\/li>\n<li>Material: Termo-Pl\u00e1stico Inyectado.<\/li>\n<\/ul>\n","protected":false},"excerpt":{"rendered":"<p>REF. 0024676.090 MARCA: ACERBIS COLOR: NEGRO Mentonera Extra\u00edble Casco Acerbis Doublep F\u00e1cil colocar. Material: Termo-Pl\u00e1stico Inyectado.<\/p>\n","protected":false},"featured_media":23405,"template":"","meta":{"_et_pb_use_builder":"","_et_pb_old_content":"","_et_gb_content_width":""},"product_cat":[729,33,234],"product_tag":[898,66],"_links":{"self":[{"href":"https:\/\/difrenos.com\/index.php\/wp-json\/wp\/v2\/product\/23404"}],"collection":[{"href":"https:\/\/difrenos.com\/index.php\/wp-json\/wp\/v2\/product"}],"about":[{"href":"https:\/\/difrenos.com\/index.php\/wp-json\/wp\/v2\/types\/product"}],"wp:featuredmedia":[{"embeddable":true,"href":"https:\/\/difrenos.com\/index.php\/wp-json\/wp\/v2\/media\/23405"}],"wp:attachment":[{"href":"https:\/\/difrenos.com\/index.php\/wp-json\/wp\/v2\/media?parent=23404"}],"wp:term":[{"taxonomy":"product_cat","embeddable":true,"href":"https:\/\/difrenos.com\/index.php\/wp-json\/wp\/v2\/product_cat?post=23404"},{"taxonomy":"product_tag","embeddable":true,"href":"https:\/\/difrenos.com\/index.php\/wp-json\/wp\/v2\/product_tag?post=23404"}],"curies":[{"name":"wp","href":"https:\/\/api.w.org\/{rel}","templated":true}]}}