{"id":23247,"date":"2025-11-06T12:18:52","date_gmt":"2025-11-06T12:18:52","guid":{"rendered":"https:\/\/difrenos.com\/?post_type=product&#038;p=23247"},"modified":"2026-02-10T13:48:59","modified_gmt":"2026-02-10T13:48:59","slug":"sudadera-husqvarna-origin","status":"publish","type":"product","link":"https:\/\/difrenos.com\/index.php\/producto\/sudadera-husqvarna-origin\/","title":{"rendered":"Sudadera Husqvarna Origin Navy"},"content":{"rendered":"<p>Referencias:<br \/>\n3HS250020803 Talla M<br \/>\n3HS250020806 Talla XL<\/p>\n<p><strong>Sudadera con Capucha Husqvarna Origin<\/strong><\/p>\n<ul>\n<li>Sudadera con capucha.<\/li>\n<li>Mangas ragl\u00e1n.<\/li>\n<li>Bolsillos de canguro.<\/li>\n<li>Ajuste estrecho.<\/li>\n<li>Logo en el pecho y hombro.<\/li>\n<li>60% algod\u00f3n, 40% poli\u00e9ster.<\/li>\n<\/ul>\n","protected":false},"excerpt":{"rendered":"<p>Referencias: 3HS250020803 Talla M 3HS250020806 Talla XL Sudadera con Capucha Husqvarna Origin Sudadera con capucha. Mangas ragl\u00e1n. Bolsillos de canguro. Ajuste estrecho. Logo en el pecho y hombro. 60% algod\u00f3n, 40% poli\u00e9ster.<\/p>\n","protected":false},"featured_media":23249,"template":"","meta":{"_et_pb_use_builder":"","_et_pb_old_content":"","_et_gb_content_width":""},"product_cat":[33,702,701,703,186],"product_tag":[48,108],"_links":{"self":[{"href":"https:\/\/difrenos.com\/index.php\/wp-json\/wp\/v2\/product\/23247"}],"collection":[{"href":"https:\/\/difrenos.com\/index.php\/wp-json\/wp\/v2\/product"}],"about":[{"href":"https:\/\/difrenos.com\/index.php\/wp-json\/wp\/v2\/types\/product"}],"wp:featuredmedia":[{"embeddable":true,"href":"https:\/\/difrenos.com\/index.php\/wp-json\/wp\/v2\/media\/23249"}],"wp:attachment":[{"href":"https:\/\/difrenos.com\/index.php\/wp-json\/wp\/v2\/media?parent=23247"}],"wp:term":[{"taxonomy":"product_cat","embeddable":true,"href":"https:\/\/difrenos.com\/index.php\/wp-json\/wp\/v2\/product_cat?post=23247"},{"taxonomy":"product_tag","embeddable":true,"href":"https:\/\/difrenos.com\/index.php\/wp-json\/wp\/v2\/product_tag?post=23247"}],"curies":[{"name":"wp","href":"https:\/\/api.w.org\/{rel}","templated":true}]}}