{"id":23233,"date":"2025-11-06T11:27:45","date_gmt":"2025-11-06T11:27:45","guid":{"rendered":"https:\/\/difrenos.com\/?post_type=product&#038;p=23233"},"modified":"2026-01-14T12:23:43","modified_gmt":"2026-01-14T12:23:43","slug":"pantalon-husqvarna-authentic-2025","status":"publish","type":"product","link":"https:\/\/difrenos.com\/index.php\/producto\/pantalon-husqvarna-authentic-2025\/","title":{"rendered":"Pantal\u00f3n Husqvarna Authentic 2025"},"content":{"rendered":"<p>Referencias:<br \/>\n3HS250009903 Talla M<br \/>\n3HS250009905 Talla XL<\/p>\n<ul>\n<li>Pantal\u00f3n offroad robusto<\/li>\n<li>Estructura principal de tejido 150D resistente<\/li>\n<li>Inserciones de malla<\/li>\n<li>Zonas de ventilaci\u00f3n perforadas<\/li>\n<li>Refuerzo de cuero resistente al calor y a la abrasi\u00f3n en las rodillas<\/li>\n<li>Tejido 900 D resistente en el \u00e1rea de asiento<\/li>\n<li>Cierre lateral de velcro para ajustar el ancho de la cintura<\/li>\n<li>Cierre delantero con bot\u00f3n autom\u00e1tico<\/li>\n<li>Forro interior de malla<\/li>\n<li>Cinturilla el\u00e1stica de silicona impresa<\/li>\n<li>Bolsillo interno para las llaves<\/li>\n<li>88 % Poli\u00e9ster \/ 5 % Cuero \/ 5 % Nylon \/ 2 % Spandex<\/li>\n<\/ul>\n","protected":false},"excerpt":{"rendered":"<p>Referencias: 3HS250009903 Talla M 3HS250009905 Talla XL Pantal\u00f3n offroad robusto Estructura principal de tejido 150D resistente Inserciones de malla Zonas de ventilaci\u00f3n perforadas Refuerzo de cuero resistente al calor y a la abrasi\u00f3n en las rodillas Tejido 900 D resistente en el \u00e1rea de asiento Cierre lateral de velcro para ajustar el ancho de la [&hellip;]<\/p>\n","protected":false},"featured_media":23234,"template":"","meta":{"_et_pb_use_builder":"","_et_pb_old_content":"","_et_gb_content_width":""},"product_cat":[33,254,701,149,781],"product_tag":[108,142],"_links":{"self":[{"href":"https:\/\/difrenos.com\/index.php\/wp-json\/wp\/v2\/product\/23233"}],"collection":[{"href":"https:\/\/difrenos.com\/index.php\/wp-json\/wp\/v2\/product"}],"about":[{"href":"https:\/\/difrenos.com\/index.php\/wp-json\/wp\/v2\/types\/product"}],"wp:featuredmedia":[{"embeddable":true,"href":"https:\/\/difrenos.com\/index.php\/wp-json\/wp\/v2\/media\/23234"}],"wp:attachment":[{"href":"https:\/\/difrenos.com\/index.php\/wp-json\/wp\/v2\/media?parent=23233"}],"wp:term":[{"taxonomy":"product_cat","embeddable":true,"href":"https:\/\/difrenos.com\/index.php\/wp-json\/wp\/v2\/product_cat?post=23233"},{"taxonomy":"product_tag","embeddable":true,"href":"https:\/\/difrenos.com\/index.php\/wp-json\/wp\/v2\/product_tag?post=23233"}],"curies":[{"name":"wp","href":"https:\/\/api.w.org\/{rel}","templated":true}]}}