{"id":22451,"date":"2025-09-29T09:58:29","date_gmt":"2025-09-29T09:58:29","guid":{"rendered":"https:\/\/difrenos.com\/?post_type=product&#038;p=22451"},"modified":"2026-02-03T12:10:00","modified_gmt":"2026-02-03T12:10:00","slug":"husqvarna-te-300-i-2026","status":"publish","type":"product","link":"https:\/\/difrenos.com\/index.php\/producto\/husqvarna-te-300-i-2026\/","title":{"rendered":"HUSQVARNA TE 300 2026"},"content":{"rendered":"<p>Conocida mundialmente como una m\u00e1quina excepcionalmente capaz, especialmente en el mundo del enduro duro, la TE 300 establece un punto de referencia en cuanto a PERFORMANCE offroad. Con un motor l\u00edder en su clase alimentado por inyecci\u00f3n en el cuerpo de la mariposa (TBI) para una potencia controlable, el vers\u00e1til modelo es capaz de escalar las subidas m\u00e1s duras con facilidad. A la experiencia de conducci\u00f3n contribuye la suspensi\u00f3n WP Suspension que, junto con un chasis moderno y flexible, proporciona el m\u00e1ximo confort en todo tipo de terrenos. A bordo del TE 300, podr\u00e1 explorar donde pocos han llegado antes.<\/p>\n<article class=\"c-benefit__category js-benefit-category\">\n<div class=\"container-fluid p-0\">\n<div class=\"container\"><\/div>\n<\/div>\n<\/article>\n<article class=\"c-benefit__category js-benefit-category\">\n<div class=\"container-fluid p-0\">\n<div class=\"container\">\n<div class=\"row c-technical-data__backdrop c-technical-data__backdrop--top js-heading-row\">\n<div class=\"col-sm-12\">\n<h3 class=\"c-technical-data__heading highlight\">Detalles T\u00e9cnicos<\/h3>\n<\/div>\n<\/div>\n<div class=\"row c-technical-data__backdrop js-data-row\">\n<div class=\"col-md-12 col-lg-6\">\n<article class=\"c-technical-data__group\">\n<h2 class=\"c-technical-data__group-heading js-group-toggle\">Motor<\/h2>\n<ul class=\"c-technical-data__list js-technical-data-list\">\n<li><span class=\"c-technical-data__list-label\">Transmisi\u00f3n primaria<\/span><span class=\"c-technical-data__list-value\">26:72<\/span><\/li>\n<li><span class=\"c-technical-data__list-label\">Cambio<\/span><span class=\"c-technical-data__list-value\">6 marchas<\/span><\/li>\n<li><span class=\"c-technical-data__list-label\">Capacidad de la bater\u00eda<\/span><span class=\"c-technical-data__list-value\">2 Ah<\/span><\/li>\n<li><span class=\"c-technical-data__list-label\">Refrigeraci\u00f3n<\/span><span class=\"c-technical-data__list-value\">Refrigeraci\u00f3n l\u00edquida<\/span><\/li>\n<li><span class=\"c-technical-data__list-label\">Arranque<\/span><span class=\"c-technical-data__list-value\">Arranque el\u00e9ctrico<\/span><\/li>\n<li class=\"\"><span class=\"c-technical-data__list-label\">Carrera<\/span><span class=\"c-technical-data__list-value\">72 mm<\/span><\/li>\n<li class=\"\"><span class=\"c-technical-data__list-label\">Di\u00e1metro<\/span><span class=\"c-technical-data__list-value\">72 mm<\/span><\/li>\n<li class=\"\"><span class=\"c-technical-data__list-label\">Embrague<\/span><span class=\"c-technical-data__list-value\">Embrague multidisco DDS en ba\u00f1o de aceite, sistema hidr\u00e1ulico Brembo<\/span><\/li>\n<li class=\"\"><span class=\"c-technical-data__list-label\">Cilindrada<\/span><span class=\"c-technical-data__list-value\">293.2 cm\u00b3<\/span><\/li>\n<li class=\"\"><span class=\"c-technical-data__list-label\">EMS<\/span><span class=\"c-technical-data__list-value\">EMS de Vitesco Technologies<\/span><\/li>\n<li class=\"\"><span class=\"c-technical-data__list-label\">Estructura<\/span><span class=\"c-technical-data__list-value\">Motor monocil\u00edndrico de 2 tiempos<\/span><\/li>\n<li class=\"\"><span class=\"c-technical-data__list-label\">Preparaci\u00f3n de la mezcla<\/span><span class=\"c-technical-data__list-value\">Keihin EFI, cuerpo de aceleraci\u00f3n de 39\u00a0mm<\/span><\/li>\n<\/ul>\n<\/article>\n<\/div>\n<div class=\"col-md-12 col-lg-6\">\n<article class=\"c-technical-data__group c-technical-data__group--last\">\n<h2 class=\"c-technical-data__group-heading js-group-toggle\">Parte Ciclo<\/h2>\n<ul class=\"c-technical-data__list js-technical-data-list\">\n<li><span class=\"c-technical-data__list-label\">Peso (sin combustible)<\/span><span class=\"c-technical-data__list-value\">106.8 kg<\/span><\/li>\n<li><span class=\"c-technical-data__list-label\">Capacidad del dep\u00f3sito (aprox.)<\/span><span class=\"c-technical-data__list-value\">8.5 l<\/span><\/li>\n<li><span class=\"c-technical-data__list-label\">Distancia entre ejes<\/span><span class=\"c-technical-data__list-value\">1489 mm<\/span><\/li>\n<li><span class=\"c-technical-data__list-label\">Di\u00e1metro del disco de freno delantero<\/span><span class=\"c-technical-data__list-value\">260 mm<\/span><\/li>\n<li><span class=\"c-technical-data__list-label\">Di\u00e1metro del disco de freno trasero<\/span><span class=\"c-technical-data__list-value\">220 mm<\/span><\/li>\n<li class=\"\"><span class=\"c-technical-data__list-label\">Cadena<\/span><span class=\"c-technical-data__list-value\">Junta en X 520<\/span><\/li>\n<li class=\"\"><span class=\"c-technical-data__list-label\">Estructura del chasis<\/span><span class=\"c-technical-data__list-value\">Tipo de doble cuna central, acero 25CrMo4<\/span><\/li>\n<li class=\"\"><span class=\"c-technical-data__list-label\">Suspensi\u00f3n delantera<\/span><span class=\"c-technical-data__list-value\">Cartucho WP XACT \u00d8\u00a048\u00a0mm<\/span><\/li>\n<li class=\"\"><span class=\"c-technical-data__list-label\">Altura libre al suelo<\/span><span class=\"c-technical-data__list-value\">343 mm<\/span><\/li>\n<li class=\"\"><span class=\"c-technical-data__list-label\">Manillar<\/span><span class=\"c-technical-data__list-value\">Pro Taper, aluminio de 28\/22\u00a0mm de di\u00e1metro<\/span><\/li>\n<li class=\"\"><span class=\"c-technical-data__list-label\">Suspensi\u00f3n trasera<\/span><span class=\"c-technical-data__list-value\">Amortiguador trasero WP XACT con varillas<\/span><\/li>\n<li class=\"\"><span class=\"c-technical-data__list-label\">Altura del asiento<\/span><span class=\"c-technical-data__list-value\">952 mm<\/span><\/li>\n<li class=\"\"><span class=\"c-technical-data__list-label\">Silenciador<\/span><span class=\"c-technical-data__list-value\">Aluminio<\/span><\/li>\n<li class=\"\"><span class=\"c-technical-data__list-label\">\u00c1ngulo de direcci\u00f3n<\/span><span class=\"c-technical-data__list-value\">63.9 \u00b0<\/span><\/li>\n<li class=\"\"><span class=\"c-technical-data__list-label\">Estructura del subchasis trasero<\/span><span class=\"c-technical-data__list-value\">Poliamida reforzada con aluminio<\/span><\/li>\n<li class=\"\"><span class=\"c-technical-data__list-label\">Recorrido de suspensi\u00f3n delantera<\/span><span class=\"c-technical-data__list-value\">300 mm<\/span><\/li>\n<li class=\"\"><span class=\"c-technical-data__list-label\">Recorrido de suspensi\u00f3n trasera<\/span><span class=\"c-technical-data__list-value\">300 mm<\/span><\/li>\n<li class=\"\"><span class=\"c-technical-data__list-label\">Dimensiones de neum\u00e1ticos (delantero\/trasero)<\/span><span class=\"c-technical-data__list-value\">90\/90; 140\/80<\/span><\/li>\n<li class=\"\"><span class=\"c-technical-data__list-label\">Ruedas<\/span><span class=\"c-technical-data__list-value\">1.60 x 21&#8243;; 2.15 x 18&#8243;<\/span><\/li>\n<li class=\"\"><span class=\"c-technical-data__list-label\">Ruedas<\/span><span class=\"c-technical-data__list-value\">Llantas de aluminio de radios<\/span><\/li>\n<li class=\"\"><span class=\"c-technical-data__list-label\">Distancia entre ejes<\/span><span class=\"c-technical-data__list-value\">1489 \u00b1 10 mm<\/span><\/li>\n<\/ul>\n<\/article>\n<\/div>\n<\/div>\n<\/div>\n<article class=\"c-benefit__feature c-benefit__feature--first-feature js-benefit-feature \">\n<figure class=\"c-benefit__benefit-image\"><\/figure>\n<\/article>\n<\/div>\n<\/article>\n","protected":false},"excerpt":{"rendered":"<p>1 Unidad disponible mediados diciembre 2025<\/p>\n<p>PODEMOS COGER MOTO A CAMBIO<\/p>\n","protected":false},"featured_media":22454,"template":"","meta":{"_et_pb_use_builder":"","_et_pb_old_content":"","_et_gb_content_width":""},"product_cat":[326,324,129],"product_tag":[],"_links":{"self":[{"href":"https:\/\/difrenos.com\/index.php\/wp-json\/wp\/v2\/product\/22451"}],"collection":[{"href":"https:\/\/difrenos.com\/index.php\/wp-json\/wp\/v2\/product"}],"about":[{"href":"https:\/\/difrenos.com\/index.php\/wp-json\/wp\/v2\/types\/product"}],"wp:featuredmedia":[{"embeddable":true,"href":"https:\/\/difrenos.com\/index.php\/wp-json\/wp\/v2\/media\/22454"}],"wp:attachment":[{"href":"https:\/\/difrenos.com\/index.php\/wp-json\/wp\/v2\/media?parent=22451"}],"wp:term":[{"taxonomy":"product_cat","embeddable":true,"href":"https:\/\/difrenos.com\/index.php\/wp-json\/wp\/v2\/product_cat?post=22451"},{"taxonomy":"product_tag","embeddable":true,"href":"https:\/\/difrenos.com\/index.php\/wp-json\/wp\/v2\/product_tag?post=22451"}],"curies":[{"name":"wp","href":"https:\/\/api.w.org\/{rel}","templated":true}]}}

<p>Conocida mundialmente como una máquina excepcionalmente capaz, especialmente en el mundo del enduro duro, la TE 300 establece un punto de referencia en cuanto a PERFORMANCE offroad. Con un motor líder en su clase alimentado por inyección en el cuerpo de la mariposa (TBI) para una potencia controlable, el versátil modelo es capaz de escalar las subidas más duras con facilidad. A la experiencia de conducción contribuye la suspensión WP Suspension que, junto con un chasis moderno y flexible, proporciona el máximo confort en todo tipo de terrenos. A bordo del TE 300, podrá explorar donde pocos han llegado antes.</p>
<article class="c-benefit__category js-benefit-category">
<div class="container-fluid p-0">
<div class="container"></div>
</div>
</article>
<article class="c-benefit__category js-benefit-category">
<div class="container-fluid p-0">
<div class="container">
<div class="row c-technical-data__backdrop c-technical-data__backdrop--top js-heading-row">
<div class="col-sm-12">
<h3 class="c-technical-data__heading highlight">Detalles Técnicos</h3>
</div>
</div>
<div class="row c-technical-data__backdrop js-data-row">
<div class="col-md-12 col-lg-6">
<article class="c-technical-data__group">
<h2 class="c-technical-data__group-heading js-group-toggle">Motor</h2>
<ul class="c-technical-data__list js-technical-data-list">
<li><span class="c-technical-data__list-label">Transmisión primaria</span><span class="c-technical-data__list-value">26:72</span></li>
<li><span class="c-technical-data__list-label">Cambio</span><span class="c-technical-data__list-value">6 marchas</span></li>
<li><span class="c-technical-data__list-label">Capacidad de la batería</span><span class="c-technical-data__list-value">2 Ah</span></li>
<li><span class="c-technical-data__list-label">Refrigeración</span><span class="c-technical-data__list-value">Refrigeración líquida</span></li>
<li><span class="c-technical-data__list-label">Arranque</span><span class="c-technical-data__list-value">Arranque eléctrico</span></li>
<li class=""><span class="c-technical-data__list-label">Carrera</span><span class="c-technical-data__list-value">72 mm</span></li>
<li class=""><span class="c-technical-data__list-label">Diámetro</span><span class="c-technical-data__list-value">72 mm</span></li>
<li class=""><span class="c-technical-data__list-label">Embrague</span><span class="c-technical-data__list-value">Embrague multidisco DDS en baño de aceite, sistema hidráulico Brembo</span></li>
<li class=""><span class="c-technical-data__list-label">Cilindrada</span><span class="c-technical-data__list-value">293.2 cm³</span></li>
<li class=""><span class="c-technical-data__list-label">EMS</span><span class="c-technical-data__list-value">EMS de Vitesco Technologies</span></li>
<li class=""><span class="c-technical-data__list-label">Estructura</span><span class="c-technical-data__list-value">Motor monocilíndrico de 2 tiempos</span></li>
<li class=""><span class="c-technical-data__list-label">Preparación de la mezcla</span><span class="c-technical-data__list-value">Keihin EFI, cuerpo de aceleración de 39 mm</span></li>
</ul>
</article>
</div>
<div class="col-md-12 col-lg-6">
<article class="c-technical-data__group c-technical-data__group--last">
<h2 class="c-technical-data__group-heading js-group-toggle">Parte Ciclo</h2>
<ul class="c-technical-data__list js-technical-data-list">
<li><span class="c-technical-data__list-label">Peso (sin combustible)</span><span class="c-technical-data__list-value">106.8 kg</span></li>
<li><span class="c-technical-data__list-label">Capacidad del depósito (aprox.)</span><span class="c-technical-data__list-value">8.5 l</span></li>
<li><span class="c-technical-data__list-label">Distancia entre ejes</span><span class="c-technical-data__list-value">1489 mm</span></li>
<li><span class="c-technical-data__list-label">Diámetro del disco de freno delantero</span><span class="c-technical-data__list-value">260 mm</span></li>
<li><span class="c-technical-data__list-label">Diámetro del disco de freno trasero</span><span class="c-technical-data__list-value">220 mm</span></li>
<li class=""><span class="c-technical-data__list-label">Cadena</span><span class="c-technical-data__list-value">Junta en X 520</span></li>
<li class=""><span class="c-technical-data__list-label">Estructura del chasis</span><span class="c-technical-data__list-value">Tipo de doble cuna central, acero 25CrMo4</span></li>
<li class=""><span class="c-technical-data__list-label">Suspensión delantera</span><span class="c-technical-data__list-value">Cartucho WP XACT Ø 48 mm</span></li>
<li class=""><span class="c-technical-data__list-label">Altura libre al suelo</span><span class="c-technical-data__list-value">343 mm</span></li>
<li class=""><span class="c-technical-data__list-label">Manillar</span><span class="c-technical-data__list-value">Pro Taper, aluminio de 28/22 mm de diámetro</span></li>
<li class=""><span class="c-technical-data__list-label">Suspensión trasera</span><span class="c-technical-data__list-value">Amortiguador trasero WP XACT con varillas</span></li>
<li class=""><span class="c-technical-data__list-label">Altura del asiento</span><span class="c-technical-data__list-value">952 mm</span></li>
<li class=""><span class="c-technical-data__list-label">Silenciador</span><span class="c-technical-data__list-value">Aluminio</span></li>
<li class=""><span class="c-technical-data__list-label">Ángulo de dirección</span><span class="c-technical-data__list-value">63.9 °</span></li>
<li class=""><span class="c-technical-data__list-label">Estructura del subchasis trasero</span><span class="c-technical-data__list-value">Poliamida reforzada con aluminio</span></li>
<li class=""><span class="c-technical-data__list-label">Recorrido de suspensión delantera</span><span class="c-technical-data__list-value">300 mm</span></li>
<li class=""><span class="c-technical-data__list-label">Recorrido de suspensión trasera</span><span class="c-technical-data__list-value">300 mm</span></li>
<li class=""><span class="c-technical-data__list-label">Dimensiones de neumáticos (delantero/trasero)</span><span class="c-technical-data__list-value">90/90; 140/80</span></li>
<li class=""><span class="c-technical-data__list-label">Ruedas</span><span class="c-technical-data__list-value">1.60 x 21&#8243;; 2.15 x 18&#8243;</span></li>
<li class=""><span class="c-technical-data__list-label">Ruedas</span><span class="c-technical-data__list-value">Llantas de aluminio de radios</span></li>
<li class=""><span class="c-technical-data__list-label">Distancia entre ejes</span><span class="c-technical-data__list-value">1489 ± 10 mm</span></li>
</ul>
</article>
</div>
</div>
</div>
<article class="c-benefit__feature c-benefit__feature--first-feature js-benefit-feature ">
<figure class="c-benefit__benefit-image"></figure>
</article>
</div>
</article>
