{"id":21719,"date":"2025-09-03T15:45:31","date_gmt":"2025-09-03T15:45:31","guid":{"rendered":"https:\/\/difrenos.com\/?post_type=product&#038;p=21719"},"modified":"2025-09-04T15:17:35","modified_gmt":"2025-09-04T15:17:35","slug":"chasis-lem-cr3-blanco-2300150","status":"publish","type":"product","link":"https:\/\/difrenos.com\/index.php\/producto\/chasis-lem-cr3-blanco-2300150\/","title":{"rendered":"CHASIS LEM CR3 BLANCO (2300150)"},"content":{"rendered":"<p>Tiene algun ara\u00f1azo y peque\u00f1os golpes de los a\u00f1os de almacenaje.<\/p>\n","protected":false},"excerpt":{"rendered":"<p>Tiene algun ara\u00f1azo y peque\u00f1os golpes de los a\u00f1os de almacenaje.<\/p>\n","protected":false},"featured_media":21774,"template":"","meta":{"_et_pb_use_builder":"","_et_pb_old_content":"","_et_gb_content_width":""},"product_cat":[170,788],"product_tag":[],"_links":{"self":[{"href":"https:\/\/difrenos.com\/index.php\/wp-json\/wp\/v2\/product\/21719"}],"collection":[{"href":"https:\/\/difrenos.com\/index.php\/wp-json\/wp\/v2\/product"}],"about":[{"href":"https:\/\/difrenos.com\/index.php\/wp-json\/wp\/v2\/types\/product"}],"wp:featuredmedia":[{"embeddable":true,"href":"https:\/\/difrenos.com\/index.php\/wp-json\/wp\/v2\/media\/21774"}],"wp:attachment":[{"href":"https:\/\/difrenos.com\/index.php\/wp-json\/wp\/v2\/media?parent=21719"}],"wp:term":[{"taxonomy":"product_cat","embeddable":true,"href":"https:\/\/difrenos.com\/index.php\/wp-json\/wp\/v2\/product_cat?post=21719"},{"taxonomy":"product_tag","embeddable":true,"href":"https:\/\/difrenos.com\/index.php\/wp-json\/wp\/v2\/product_tag?post=21719"}],"curies":[{"name":"wp","href":"https:\/\/api.w.org\/{rel}","templated":true}]}}