{"id":21156,"date":"2025-07-21T12:31:15","date_gmt":"2025-07-21T12:31:15","guid":{"rendered":"https:\/\/difrenos.com\/?post_type=product&#038;p=21156"},"modified":"2025-09-23T11:11:54","modified_gmt":"2025-09-23T11:11:54","slug":"cuello-vintage-hebo","status":"publish","type":"product","link":"https:\/\/difrenos.com\/index.php\/producto\/cuello-vintage-hebo\/","title":{"rendered":"Cuello Vintage Hebo"},"content":{"rendered":"<p>Referencia: HM5611<\/p>\n<div><span style=\"font-size: small;\">Braga de Cuello muy transpirable, protege de las condiciones clim\u00e1ticas ayudando a absorber la humedad del cuerpo en el momento de la pr\u00e1ctica de ejercicio.<\/span><\/div>\n<div><span style=\"font-size: small;\">\u00a0<\/span><\/div>\n<div><span style=\"font-size: small;\">CARACTER\u00cdSTICAS:<\/span><\/div>\n<div><span style=\"font-size: small;\">\u00a0<\/span><\/div>\n<div><span style=\"font-size: small;\">100% polyester<\/span><\/div>\n<div><span style=\"font-size: small;\">Fibras transpirables<\/span><\/div>\n<div><span style=\"font-size: small;\">Absorci\u00f3n de la humedad y sudor<\/span><\/div>\n<div><span style=\"font-size: small;\">Protege de las condiciones clim\u00e1ticas (fr\u00edo, humedad, etc&#8230;)<\/span><\/div>\n<div><span style=\"font-size: small;\">Fibras de tacto natural<\/span><\/div>\n<div><span style=\"font-size: small;\">Tejido resistente y con alta durabilidad<\/span><\/div>\n<div><span style=\"font-size: small;\">Para cualquier deporte al aire libre<\/span><\/div>\n","protected":false},"excerpt":{"rendered":"<p>Referencia: HM5611 Braga de Cuello muy transpirable, protege de las condiciones clim\u00e1ticas ayudando a absorber la humedad del cuerpo en el momento de la pr\u00e1ctica de ejercicio. \u00a0 CARACTER\u00cdSTICAS: \u00a0 100% polyester Fibras transpirables Absorci\u00f3n de la humedad y sudor Protege de las condiciones clim\u00e1ticas (fr\u00edo, humedad, etc&#8230;) Fibras de tacto natural Tejido resistente y [&hellip;]<\/p>\n","protected":false},"featured_media":21157,"template":"","meta":{"_et_pb_use_builder":"","_et_pb_old_content":"","_et_gb_content_width":""},"product_cat":[215,33,711,290],"product_tag":[445,105],"_links":{"self":[{"href":"https:\/\/difrenos.com\/index.php\/wp-json\/wp\/v2\/product\/21156"}],"collection":[{"href":"https:\/\/difrenos.com\/index.php\/wp-json\/wp\/v2\/product"}],"about":[{"href":"https:\/\/difrenos.com\/index.php\/wp-json\/wp\/v2\/types\/product"}],"wp:featuredmedia":[{"embeddable":true,"href":"https:\/\/difrenos.com\/index.php\/wp-json\/wp\/v2\/media\/21157"}],"wp:attachment":[{"href":"https:\/\/difrenos.com\/index.php\/wp-json\/wp\/v2\/media?parent=21156"}],"wp:term":[{"taxonomy":"product_cat","embeddable":true,"href":"https:\/\/difrenos.com\/index.php\/wp-json\/wp\/v2\/product_cat?post=21156"},{"taxonomy":"product_tag","embeddable":true,"href":"https:\/\/difrenos.com\/index.php\/wp-json\/wp\/v2\/product_tag?post=21156"}],"curies":[{"name":"wp","href":"https:\/\/api.w.org\/{rel}","templated":true}]}}