{"id":20500,"date":"2025-06-23T10:26:29","date_gmt":"2025-06-23T10:26:29","guid":{"rendered":"https:\/\/difrenos.com\/?post_type=product&#038;p=20500"},"modified":"2026-03-10T12:22:14","modified_gmt":"2026-03-10T12:22:14","slug":"conjunto-pantalon-y-camiseta-trial-difrenos-2025","status":"publish","type":"product","link":"https:\/\/difrenos.com\/index.php\/producto\/conjunto-pantalon-y-camiseta-trial-difrenos-2025\/","title":{"rendered":"Conjunto Pantal\u00f3n y Camiseta trial DIFRENOS 2026"},"content":{"rendered":"<p>NUEVA EQUIPACION HEBO TRIAL 2025.<br \/>\nTALLAS DISPONIBLES S\/30 M\/32 L\/34 XL\/36 XXL\/38<br \/>\nMARCA HEBO:<br \/>\nPantalones ligeros, el\u00e1sticos y c\u00f3modos.<br \/>\nConfeccionados con poli\u00e9ster (el 81%reciclado) y lycra.<br \/>\nIncluye rodilleras extra\u00edbles homologadas por la certificaci\u00f3n CE 1621-1 Nivel 2.<br \/>\nPaneles de tejido resistente a la abrasi\u00f3n y al calor en el interior de las rodillas.<br \/>\nAcolchado interior en la rodilla.<br \/>\nPrecio por separado: pantal\u00f3n 95\u20ac, camiseta 35\u20ac, rodilleras 15\u20ac. Comprado en conjunto 129\u20ac<\/p>\n<p>&nbsp;<\/p>\n","protected":false},"excerpt":{"rendered":"<p>NUEVA EQUIPACION HEBO TRIAL 2025. TALLAS DISPONIBLES S\/30 M\/32 L\/34 XL\/36 XXL\/38 MARCA HEBO: Pantalones ligeros, el\u00e1sticos y c\u00f3modos. Confeccionados con poli\u00e9ster (el 81%reciclado) y lycra. Incluye rodilleras extra\u00edbles homologadas por la certificaci\u00f3n CE 1621-1 Nivel 2. Paneles de tejido resistente a la abrasi\u00f3n y al calor en el interior de las rodillas. Acolchado interior [&hellip;]<\/p>\n","protected":false},"featured_media":20501,"template":"","meta":{"_et_pb_use_builder":"","_et_pb_old_content":"","_et_gb_content_width":""},"product_cat":[33,37,711,149,200,202],"product_tag":[681,832,105,302],"_links":{"self":[{"href":"https:\/\/difrenos.com\/index.php\/wp-json\/wp\/v2\/product\/20500"}],"collection":[{"href":"https:\/\/difrenos.com\/index.php\/wp-json\/wp\/v2\/product"}],"about":[{"href":"https:\/\/difrenos.com\/index.php\/wp-json\/wp\/v2\/types\/product"}],"wp:featuredmedia":[{"embeddable":true,"href":"https:\/\/difrenos.com\/index.php\/wp-json\/wp\/v2\/media\/20501"}],"wp:attachment":[{"href":"https:\/\/difrenos.com\/index.php\/wp-json\/wp\/v2\/media?parent=20500"}],"wp:term":[{"taxonomy":"product_cat","embeddable":true,"href":"https:\/\/difrenos.com\/index.php\/wp-json\/wp\/v2\/product_cat?post=20500"},{"taxonomy":"product_tag","embeddable":true,"href":"https:\/\/difrenos.com\/index.php\/wp-json\/wp\/v2\/product_tag?post=20500"}],"curies":[{"name":"wp","href":"https:\/\/api.w.org\/{rel}","templated":true}]}}