{"id":19274,"date":"2025-04-16T11:17:01","date_gmt":"2025-04-16T11:17:01","guid":{"rendered":"https:\/\/difrenos.com\/?post_type=product&#038;p=19274"},"modified":"2025-10-14T11:48:56","modified_gmt":"2025-10-14T11:48:56","slug":"sillin-selle-italia-x3","status":"publish","type":"product","link":"https:\/\/difrenos.com\/index.php\/producto\/sillin-selle-italia-x3\/","title":{"rendered":"Sill\u00edn Selle Italia X3"},"content":{"rendered":"<p>El Cut X3 Boost de Selle Italia es un sill\u00edn c\u00f3modo con un acolchado m\u00ednimo, perfil ultraplano, bajo peso y excelente rendimiento. La superficie es de microfibra de f\u00e1cil cuidado.<\/p>\n<ul>\n<li><strong>Uso:<\/strong>\u00a0Carretera<\/li>\n<li><strong>G\u00e9nero:<\/strong>\u00a0Unisex<\/li>\n<li><strong>Modelo:<\/strong>\u00a0X3<\/li>\n<li><strong>Dimensiones:<\/strong>\u00a0145 x 275 mm<\/li>\n<\/ul>\n<h3>Material<\/h3>\n<ul>\n<li><strong>Carril:<\/strong>\u00a0Aleaci\u00f3n FEC<\/li>\n<li><strong>Cubierta:<\/strong>\u00a0Fibra-Tek<\/li>\n<\/ul>\n<h3>Color<\/h3>\n<ul>\n<li>negro<\/li>\n<\/ul>\n<h3>Peso<\/h3>\n<ul>\n<li>aprox. 290 g<\/li>\n<\/ul>\n","protected":false},"excerpt":{"rendered":"<p>El Cut X3 Boost de Selle Italia es un sill\u00edn c\u00f3modo con un acolchado m\u00ednimo, perfil ultraplano, bajo peso y excelente rendimiento. La superficie es de microfibra de f\u00e1cil cuidado. Uso:\u00a0Carretera G\u00e9nero:\u00a0Unisex Modelo:\u00a0X3 Dimensiones:\u00a0145 x 275 mm Material Carril:\u00a0Aleaci\u00f3n FEC Cubierta:\u00a0Fibra-Tek Color negro Peso aprox. 290 g<\/p>\n","protected":false},"featured_media":19275,"template":"","meta":{"_et_pb_use_builder":"","_et_pb_old_content":"","_et_gb_content_width":""},"product_cat":[292,220],"product_tag":[445,315],"_links":{"self":[{"href":"https:\/\/difrenos.com\/index.php\/wp-json\/wp\/v2\/product\/19274"}],"collection":[{"href":"https:\/\/difrenos.com\/index.php\/wp-json\/wp\/v2\/product"}],"about":[{"href":"https:\/\/difrenos.com\/index.php\/wp-json\/wp\/v2\/types\/product"}],"wp:featuredmedia":[{"embeddable":true,"href":"https:\/\/difrenos.com\/index.php\/wp-json\/wp\/v2\/media\/19275"}],"wp:attachment":[{"href":"https:\/\/difrenos.com\/index.php\/wp-json\/wp\/v2\/media?parent=19274"}],"wp:term":[{"taxonomy":"product_cat","embeddable":true,"href":"https:\/\/difrenos.com\/index.php\/wp-json\/wp\/v2\/product_cat?post=19274"},{"taxonomy":"product_tag","embeddable":true,"href":"https:\/\/difrenos.com\/index.php\/wp-json\/wp\/v2\/product_tag?post=19274"}],"curies":[{"name":"wp","href":"https:\/\/api.w.org\/{rel}","templated":true}]}}