{"id":19222,"date":"2025-04-15T13:22:28","date_gmt":"2025-04-15T13:22:28","guid":{"rendered":"https:\/\/difrenos.com\/?post_type=product&#038;p=19222"},"modified":"2025-09-16T11:50:44","modified_gmt":"2025-09-16T11:50:44","slug":"collarin-cervical-acerbis-x-round-adulto","status":"publish","type":"product","link":"https:\/\/difrenos.com\/index.php\/producto\/collarin-cervical-acerbis-x-round-adulto\/","title":{"rendered":"Collar\u00edn Cervical Acerbis X-Round Adulto"},"content":{"rendered":"<p><strong>Collar\u00edn Cervical Acerbis X-Round<\/strong><\/p>\n<p>ref. 0023930.323<\/p>\n<p>Nuevo collar\u00edn Acerbis X-Round, con un dise\u00f1o ergon\u00f3mico que se ajusta a tus necesidades.<\/p>\n<ul>\n<li>Acolchado suave.<\/li>\n<li>Forro f\u00e1cilmente extra\u00edble y lavable.<\/li>\n<li>F\u00e1cil de usar.<\/li>\n<li>Correa r\u00e1pida para cerrar.<\/li>\n<\/ul>\n","protected":false},"excerpt":{"rendered":"<p>Collar\u00edn Cervical Acerbis X-Round ref. 0023930.323 Nuevo collar\u00edn Acerbis X-Round, con un dise\u00f1o ergon\u00f3mico que se ajusta a tus necesidades. Acolchado suave. Forro f\u00e1cilmente extra\u00edble y lavable. F\u00e1cil de usar. Correa r\u00e1pida para cerrar.<\/p>\n","protected":false},"featured_media":19226,"template":"","meta":{"_et_pb_use_builder":"","_et_pb_old_content":"","_et_gb_content_width":""},"product_cat":[729,33],"product_tag":[],"_links":{"self":[{"href":"https:\/\/difrenos.com\/index.php\/wp-json\/wp\/v2\/product\/19222"}],"collection":[{"href":"https:\/\/difrenos.com\/index.php\/wp-json\/wp\/v2\/product"}],"about":[{"href":"https:\/\/difrenos.com\/index.php\/wp-json\/wp\/v2\/types\/product"}],"wp:featuredmedia":[{"embeddable":true,"href":"https:\/\/difrenos.com\/index.php\/wp-json\/wp\/v2\/media\/19226"}],"wp:attachment":[{"href":"https:\/\/difrenos.com\/index.php\/wp-json\/wp\/v2\/media?parent=19222"}],"wp:term":[{"taxonomy":"product_cat","embeddable":true,"href":"https:\/\/difrenos.com\/index.php\/wp-json\/wp\/v2\/product_cat?post=19222"},{"taxonomy":"product_tag","embeddable":true,"href":"https:\/\/difrenos.com\/index.php\/wp-json\/wp\/v2\/product_tag?post=19222"}],"curies":[{"name":"wp","href":"https:\/\/api.w.org\/{rel}","templated":true}]}}