{"id":18538,"date":"2025-03-21T13:52:43","date_gmt":"2025-03-21T13:52:43","guid":{"rendered":"https:\/\/difrenos.com\/?post_type=product&#038;p=18538"},"modified":"2026-04-24T15:06:38","modified_gmt":"2026-04-24T15:06:38","slug":"18538","status":"publish","type":"product","link":"https:\/\/difrenos.com\/index.php\/producto\/18538\/","title":{"rendered":"KTM SX 450 F 2023 TOTAL 165 HORAS"},"content":{"rendered":"<p>La moto est\u00e1 muy bien de aspecto y va muy bien de mec\u00e1nica.<\/p>\n<p>La entregamos revisada.<\/p>\n<p>Mantenimiento pist\u00f3n cambiado a las 130 horas, cuenta horas 34.\u00a0 TOTAL 165 horas.<\/p>\n<p>Posibilidad de coger moto a cambio.<\/p>\n<p>Disponemos de servicio de transporte a peninsula\/nacional 100\u20ac<\/p>\n<p>Cualquier consulta que puedas necesitar llamarnos al -659968466- o por e-mail a df@difrenos.com<\/p>\n","protected":false},"excerpt":{"rendered":"<p>La moto est\u00e1 muy bien de aspecto y va muy bien de mec\u00e1nica. La entregamos revisada. Mantenimiento pist\u00f3n cambiado a las 130 horas, cuenta horas 34.\u00a0 TOTAL 165 horas. Posibilidad de coger moto a cambio. Disponemos de servicio de transporte a peninsula\/nacional 100\u20ac Cualquier consulta que puedas necesitar llamarnos al -659968466- o por e-mail a [&hellip;]<\/p>\n","protected":false},"featured_media":18539,"template":"","meta":{"_et_pb_use_builder":"","_et_pb_old_content":"","_et_gb_content_width":""},"product_cat":[245,129,133],"product_tag":[],"_links":{"self":[{"href":"https:\/\/difrenos.com\/index.php\/wp-json\/wp\/v2\/product\/18538"}],"collection":[{"href":"https:\/\/difrenos.com\/index.php\/wp-json\/wp\/v2\/product"}],"about":[{"href":"https:\/\/difrenos.com\/index.php\/wp-json\/wp\/v2\/types\/product"}],"wp:featuredmedia":[{"embeddable":true,"href":"https:\/\/difrenos.com\/index.php\/wp-json\/wp\/v2\/media\/18539"}],"wp:attachment":[{"href":"https:\/\/difrenos.com\/index.php\/wp-json\/wp\/v2\/media?parent=18538"}],"wp:term":[{"taxonomy":"product_cat","embeddable":true,"href":"https:\/\/difrenos.com\/index.php\/wp-json\/wp\/v2\/product_cat?post=18538"},{"taxonomy":"product_tag","embeddable":true,"href":"https:\/\/difrenos.com\/index.php\/wp-json\/wp\/v2\/product_tag?post=18538"}],"curies":[{"name":"wp","href":"https:\/\/api.w.org\/{rel}","templated":true}]}}