{"id":18180,"date":"2025-03-11T11:53:45","date_gmt":"2025-03-11T11:53:45","guid":{"rendered":"https:\/\/difrenos.com\/?post_type=product&#038;p=18180"},"modified":"2025-11-18T13:11:54","modified_gmt":"2025-11-18T13:11:54","slug":"rodilleras-husqvarna-kids-3df-hybrid-ext","status":"publish","type":"product","link":"https:\/\/difrenos.com\/index.php\/producto\/rodilleras-husqvarna-kids-3df-hybrid-ext\/","title":{"rendered":"Rodilleras Husqvarna Kids 3DF Hybrid Ext"},"content":{"rendered":"<p>Referencia: 3HS230010900<\/p>\n<ul>\n<li>Rodillera de absorci\u00f3n de impactos para ni\u00f1os<\/li>\n<li>Rodillera blanda con espinilleras prolongadas de calota dura<\/li>\n<li>El dise\u00f1o 3D garantiza un ajuste magn\u00edfico y c\u00f3modo<\/li>\n<li>Confort de primera gracias a materiales MoistureCool y AirMesh que repelen la humedad<\/li>\n<li>Cinta antideslizante para la pantorrilla y tiras de silicona<\/li>\n<li>Correa de pierna con impresi\u00f3n de silicona ajustable y antideslizante<\/li>\n<li>Capa exterior de aramida resistente a la abrasi\u00f3n para larga durabilidad<\/li>\n<li>Placa delgada para espinilla que cabe en la bota<\/li>\n<li>30 % Nylon \/ 30 % Poli\u00e9ster \/ 30 % Poliuretano \/ 5 % Otros \/ 5 % Silicona<\/li>\n<\/ul>\n","protected":false},"excerpt":{"rendered":"<p>Referencia: 3HS230010900 Rodillera de absorci\u00f3n de impactos para ni\u00f1os Rodillera blanda con espinilleras prolongadas de calota dura El dise\u00f1o 3D garantiza un ajuste magn\u00edfico y c\u00f3modo Confort de primera gracias a materiales MoistureCool y AirMesh que repelen la humedad Cinta antideslizante para la pantorrilla y tiras de silicona Correa de pierna con impresi\u00f3n de silicona [&hellip;]<\/p>\n","protected":false},"featured_media":18182,"template":"","meta":{"_et_pb_use_builder":"","_et_pb_old_content":"","_et_gb_content_width":""},"product_cat":[33,701,116,167,695],"product_tag":[108,118,309],"_links":{"self":[{"href":"https:\/\/difrenos.com\/index.php\/wp-json\/wp\/v2\/product\/18180"}],"collection":[{"href":"https:\/\/difrenos.com\/index.php\/wp-json\/wp\/v2\/product"}],"about":[{"href":"https:\/\/difrenos.com\/index.php\/wp-json\/wp\/v2\/types\/product"}],"wp:featuredmedia":[{"embeddable":true,"href":"https:\/\/difrenos.com\/index.php\/wp-json\/wp\/v2\/media\/18182"}],"wp:attachment":[{"href":"https:\/\/difrenos.com\/index.php\/wp-json\/wp\/v2\/media?parent=18180"}],"wp:term":[{"taxonomy":"product_cat","embeddable":true,"href":"https:\/\/difrenos.com\/index.php\/wp-json\/wp\/v2\/product_cat?post=18180"},{"taxonomy":"product_tag","embeddable":true,"href":"https:\/\/difrenos.com\/index.php\/wp-json\/wp\/v2\/product_tag?post=18180"}],"curies":[{"name":"wp","href":"https:\/\/api.w.org\/{rel}","templated":true}]}}