{"id":17860,"date":"2025-02-27T17:14:24","date_gmt":"2025-02-27T17:14:24","guid":{"rendered":"https:\/\/difrenos.com\/?post_type=product&#038;p=17860"},"modified":"2026-04-24T10:25:19","modified_gmt":"2026-04-24T10:25:19","slug":"trs-rr-one-2025","status":"publish","type":"product","link":"https:\/\/difrenos.com\/index.php\/producto\/trs-rr-one-2025\/","title":{"rendered":"TRRS ONE  RR 300 2025"},"content":{"rendered":"<p>La nueva TRRS Race R\u00e9plica 2025, equipa todos los avances t\u00e9cnicos y est\u00e9ticos de la marca, consolidada como la opci\u00f3n preferida de los trialeros mas exigentes. Reconocida por sus altas prestaciones y fiabilidad, afianzada para el 2025 como la mejor m\u00e1quina de competici\u00f3n.<\/p>\n<p>La experiencia del equipo t\u00e9cnico, juntamente con el \u00abfeedback\u00bb de los pilotos oficiales, han permitido perfeccionar a\u00fan m\u00e1s si cabe el rendimiento de la TRRS ONE RR 2025, creando una moto a\u00fan m\u00e1s fiable y duradera, con un ADN intr\u00ednseco de carreras.<\/p>\n<p>Versi\u00f3n xtrack con kit de dep\u00f3sito asiento:\u00a0 6.990\u20ac<\/p>\n","protected":false},"excerpt":{"rendered":"<p>PODEMOS COGER MOTO A CAMBIO<\/p>\n<p>Versi\u00f3n xtrack con kit de dep\u00f3sito asiento:\u00a0 7.190\u20ac<\/p>\n","protected":false},"featured_media":17861,"template":"","meta":{"_et_pb_use_builder":"","_et_pb_old_content":"","_et_gb_content_width":""},"product_cat":[129,286,207],"product_tag":[],"_links":{"self":[{"href":"https:\/\/difrenos.com\/index.php\/wp-json\/wp\/v2\/product\/17860"}],"collection":[{"href":"https:\/\/difrenos.com\/index.php\/wp-json\/wp\/v2\/product"}],"about":[{"href":"https:\/\/difrenos.com\/index.php\/wp-json\/wp\/v2\/types\/product"}],"wp:featuredmedia":[{"embeddable":true,"href":"https:\/\/difrenos.com\/index.php\/wp-json\/wp\/v2\/media\/17861"}],"wp:attachment":[{"href":"https:\/\/difrenos.com\/index.php\/wp-json\/wp\/v2\/media?parent=17860"}],"wp:term":[{"taxonomy":"product_cat","embeddable":true,"href":"https:\/\/difrenos.com\/index.php\/wp-json\/wp\/v2\/product_cat?post=17860"},{"taxonomy":"product_tag","embeddable":true,"href":"https:\/\/difrenos.com\/index.php\/wp-json\/wp\/v2\/product_tag?post=17860"}],"curies":[{"name":"wp","href":"https:\/\/api.w.org\/{rel}","templated":true}]}}