{"id":17710,"date":"2025-02-25T11:25:01","date_gmt":"2025-02-25T11:25:01","guid":{"rendered":"https:\/\/difrenos.com\/?post_type=product&#038;p=17710"},"modified":"2026-02-06T12:37:07","modified_gmt":"2026-02-06T12:37:07","slug":"camiseta-husqvarna-ebike-woman-remote","status":"publish","type":"product","link":"https:\/\/difrenos.com\/index.php\/producto\/camiseta-husqvarna-ebike-woman-remote\/","title":{"rendered":"Camiseta Husqvarna EBike Woman Remote"},"content":{"rendered":"<p>Referencias:<br \/>\n9800000026 Talla S<br \/>\n9800000028 Talla L<\/p>\n<ul>\n<li>Maillot All-Mountain de alta calidad<\/li>\n<li>Inserciones de malla<\/li>\n<li>Ajuste \u00f3ptimo en posici\u00f3n de pilotaje (delante corta, detr\u00e1s larga)<\/li>\n<li>Bolsillo posterior<\/li>\n<li>Impresiones de silicona transparente en los hombros<\/li>\n<li>Estampados por sublimaci\u00f3n resistentes a rayos UV y al deste\u00f1ido<\/li>\n<li>Detalles reflectantes<\/li>\n<li>Ranura lateral<\/li>\n<\/ul>\n","protected":false},"excerpt":{"rendered":"<p>Referencias: 9800000026 Talla S 9800000028 Talla L Maillot All-Mountain de alta calidad Inserciones de malla Ajuste \u00f3ptimo en posici\u00f3n de pilotaje (delante corta, detr\u00e1s larga) Bolsillo posterior Impresiones de silicona transparente en los hombros Estampados por sublimaci\u00f3n resistentes a rayos UV y al deste\u00f1ido Detalles reflectantes Ranura lateral<\/p>\n","protected":false},"featured_media":17712,"template":"","meta":{"_et_pb_use_builder":"","_et_pb_old_content":"","_et_gb_content_width":""},"product_cat":[220,33,225],"product_tag":[66,108,817],"_links":{"self":[{"href":"https:\/\/difrenos.com\/index.php\/wp-json\/wp\/v2\/product\/17710"}],"collection":[{"href":"https:\/\/difrenos.com\/index.php\/wp-json\/wp\/v2\/product"}],"about":[{"href":"https:\/\/difrenos.com\/index.php\/wp-json\/wp\/v2\/types\/product"}],"wp:featuredmedia":[{"embeddable":true,"href":"https:\/\/difrenos.com\/index.php\/wp-json\/wp\/v2\/media\/17712"}],"wp:attachment":[{"href":"https:\/\/difrenos.com\/index.php\/wp-json\/wp\/v2\/media?parent=17710"}],"wp:term":[{"taxonomy":"product_cat","embeddable":true,"href":"https:\/\/difrenos.com\/index.php\/wp-json\/wp\/v2\/product_cat?post=17710"},{"taxonomy":"product_tag","embeddable":true,"href":"https:\/\/difrenos.com\/index.php\/wp-json\/wp\/v2\/product_tag?post=17710"}],"curies":[{"name":"wp","href":"https:\/\/api.w.org\/{rel}","templated":true}]}}