{"id":17683,"date":"2025-02-24T16:40:04","date_gmt":"2025-02-24T16:40:04","guid":{"rendered":"https:\/\/difrenos.com\/?post_type=product&#038;p=17683"},"modified":"2026-04-09T07:33:21","modified_gmt":"2026-04-09T07:33:21","slug":"husqvarna-vitpilen-125-2025","status":"publish","type":"product","link":"https:\/\/difrenos.com\/index.php\/producto\/husqvarna-vitpilen-125-2025\/","title":{"rendered":"HUSQVARNA VITPILEN 125 2025"},"content":{"rendered":"<div id=\"wd-6405bbecb4458\" class=\"title-wrapper wd-wpb set-mb-s reset-last-child wd-rs-6405bbecb4458 wd-title-color-primary wd-title-style-default text-left wd-underline-bordered\">\n<div class=\"liner-continer\">\n<h3 class=\"woodmart-title-container title wd-font-weight-900 wd-fontsize-xxxl\">DETALLES T\u00c9CNICOS<\/h3>\n<\/div>\n<\/div>\n<div class=\"vc_empty_space\"><\/div>\n<div class=\"vc_row wpb_row vc_inner vc_row-fluid\">\n<div class=\"wpb_column vc_column_container vc_col-sm-6\">\n<div class=\"vc_column-inner\">\n<div class=\"wpb_wrapper\">\n<div class=\"wpb_text_column wpb_content_element\">\n<div class=\"wpb_wrapper\">\n<h3>MOTOR<\/h3>\n<\/div>\n<\/div>\n<div class=\"wpb_text_column wpb_content_element\">\n<div class=\"wpb_wrapper\">\n<ul>\n<li>CAMBIO 6 marchas<\/li>\n<li>REFRIGERACI\u00d3N Refrigeraci\u00f3n l\u00edquida<\/li>\n<li>POTENCIA EN KW 11 kW<\/li>\n<li>ARRANQUE Arranque el\u00e9ctrico<\/li>\n<li>CARRERA 47.3 mm<\/li>\n<li>DI\u00c1METRO 58 mm<\/li>\n<li>EMBRAGUE Embrague antihopping PASC\u2122, accionado mec\u00e1nicamenteme<\/li>\n<li>EMISIONES DE CO2 57 g\/km<\/li>\n<li>CILINDRADA 125 cm\u00b3<\/li>\n<li>EMS EMS de Bosch con RBW<\/li>\n<li>ESTRUCTURA Motor monocil\u00edndrico de 4 tiempos<\/li>\n<li>CONSUMO DE COMBUSTIBLE 2.4 l\/100 km<\/li>\n<li>ENGRASE Lubricaci\u00f3n a presi\u00f3n en circuito cerrado con 2 bombas de aceite<\/li>\n<\/ul>\n<\/div>\n<\/div>\n<div class=\"vc_empty_space\"><\/div>\n<\/div>\n<\/div>\n<\/div>\n<div class=\"wpb_column vc_column_container vc_col-sm-6\">\n<div class=\"vc_column-inner\">\n<div class=\"wpb_wrapper\">\n<div class=\"wpb_text_column wpb_content_element\">\n<div class=\"wpb_wrapper\">\n<h3>CARACTER\u00cdSTICAS<\/h3>\n<\/div>\n<\/div>\n<div class=\"wpb_text_column wpb_content_element\">\n<div class=\"wpb_wrapper\">\n<ul>\n<li>PESO (SIN COMBUSTIBLE) 147.5 kg<\/li>\n<li>CAPACIDAD DEL DEP\u00d3SITO (APROX.) 13.0 l<\/li>\n<li>ABS Bosch 9.3 MP (with cornering ABS and SUPERMOTO ABS)<\/li>\n<li>DI\u00c1METRO DEL DISCO DE FRENO DELANTERO 320 mm<\/li>\n<li>DI\u00c1METRO DEL DISCO DE FRENO TRASERO 240 mm<\/li>\n<li>FRENO DELANTERO ByBre, pinzas fijas radiales de cuatro pistones, disco de freno<\/li>\n<li>CADENA Junta en X 520<\/li>\n<li>ESTRUCTURA DEL CHASIS Chasis multitubular de acero, pintado al polvo<\/li>\n<li>SUSPENSI\u00d3N DELANTERA WP APEX 43<\/li>\n<li>ALTURA LIBRE AL SUELO 180 mm<\/li>\n<li>SUSPENSI\u00d3N TRASERA Amortiguador WP APEX<\/li>\n<li>ALTURA DEL ASIENTO 820 mm<\/li>\n<li>\u00c1NGULO DE DIRECCI\u00d3N 66 \u00b0<\/li>\n<li>RECORRIDO DE SUSPENSI\u00d3N DELANTERA 150 mm<\/li>\n<li>RECORRIDO DE SUSPENSI\u00d3N TRASERA 150 mm<\/li>\n<\/ul>\n<\/div>\n<\/div>\n<\/div>\n<\/div>\n<\/div>\n<\/div>\n","protected":false},"excerpt":{"rendered":"<p>REGALO SEGURO ANUAL PARA MAYORES DE 25 A\u00d1OS (valido hasta 30\/12\/2025 y\/o fin de promoci\u00f3n, informate)<\/p>\n<p>OFERTA FINANCIACION (adjunto imagen promoci\u00f3n)<\/p>\n","protected":false},"featured_media":19046,"template":"","meta":{"_et_pb_use_builder":"","_et_pb_old_content":"","_et_gb_content_width":""},"product_cat":[324,129,330],"product_tag":[],"_links":{"self":[{"href":"https:\/\/difrenos.com\/index.php\/wp-json\/wp\/v2\/product\/17683"}],"collection":[{"href":"https:\/\/difrenos.com\/index.php\/wp-json\/wp\/v2\/product"}],"about":[{"href":"https:\/\/difrenos.com\/index.php\/wp-json\/wp\/v2\/types\/product"}],"wp:featuredmedia":[{"embeddable":true,"href":"https:\/\/difrenos.com\/index.php\/wp-json\/wp\/v2\/media\/19046"}],"wp:attachment":[{"href":"https:\/\/difrenos.com\/index.php\/wp-json\/wp\/v2\/media?parent=17683"}],"wp:term":[{"taxonomy":"product_cat","embeddable":true,"href":"https:\/\/difrenos.com\/index.php\/wp-json\/wp\/v2\/product_cat?post=17683"},{"taxonomy":"product_tag","embeddable":true,"href":"https:\/\/difrenos.com\/index.php\/wp-json\/wp\/v2\/product_tag?post=17683"}],"curies":[{"name":"wp","href":"https:\/\/api.w.org\/{rel}","templated":true}]}}

<div id="wd-6405bbecb4458" class="title-wrapper wd-wpb set-mb-s reset-last-child wd-rs-6405bbecb4458 wd-title-color-primary wd-title-style-default text-left wd-underline-bordered">
<div class="liner-continer">
<h3 class="woodmart-title-container title wd-font-weight-900 wd-fontsize-xxxl">DETALLES TÉCNICOS</h3>
</div>
</div>
<div class="vc_empty_space"></div>
<div class="vc_row wpb_row vc_inner vc_row-fluid">
<div class="wpb_column vc_column_container vc_col-sm-6">
<div class="vc_column-inner">
<div class="wpb_wrapper">
<div class="wpb_text_column wpb_content_element">
<div class="wpb_wrapper">
<h3>MOTOR</h3>
</div>
</div>
<div class="wpb_text_column wpb_content_element">
<div class="wpb_wrapper">
<ul>
<li>CAMBIO 6 marchas</li>
<li>REFRIGERACIÓN Refrigeración líquida</li>
<li>POTENCIA EN KW 11 kW</li>
<li>ARRANQUE Arranque eléctrico</li>
<li>CARRERA 47.3 mm</li>
<li>DIÁMETRO 58 mm</li>
<li>EMBRAGUE Embrague antihopping PASC™, accionado mecánicamenteme</li>
<li>EMISIONES DE CO2 57 g/km</li>
<li>CILINDRADA 125 cm³</li>
<li>EMS EMS de Bosch con RBW</li>
<li>ESTRUCTURA Motor monocilíndrico de 4 tiempos</li>
<li>CONSUMO DE COMBUSTIBLE 2.4 l/100 km</li>
<li>ENGRASE Lubricación a presión en circuito cerrado con 2 bombas de aceite</li>
</ul>
</div>
</div>
<div class="vc_empty_space"></div>
</div>
</div>
</div>
<div class="wpb_column vc_column_container vc_col-sm-6">
<div class="vc_column-inner">
<div class="wpb_wrapper">
<div class="wpb_text_column wpb_content_element">
<div class="wpb_wrapper">
<h3>CARACTERÍSTICAS</h3>
</div>
</div>
<div class="wpb_text_column wpb_content_element">
<div class="wpb_wrapper">
<ul>
<li>PESO (SIN COMBUSTIBLE) 147.5 kg</li>
<li>CAPACIDAD DEL DEPÓSITO (APROX.) 13.0 l</li>
<li>ABS Bosch 9.3 MP (with cornering ABS and SUPERMOTO ABS)</li>
<li>DIÁMETRO DEL DISCO DE FRENO DELANTERO 320 mm</li>
<li>DIÁMETRO DEL DISCO DE FRENO TRASERO 240 mm</li>
<li>FRENO DELANTERO ByBre, pinzas fijas radiales de cuatro pistones, disco de freno</li>
<li>CADENA Junta en X 520</li>
<li>ESTRUCTURA DEL CHASIS Chasis multitubular de acero, pintado al polvo</li>
<li>SUSPENSIÓN DELANTERA WP APEX 43</li>
<li>ALTURA LIBRE AL SUELO 180 mm</li>
<li>SUSPENSIÓN TRASERA Amortiguador WP APEX</li>
<li>ALTURA DEL ASIENTO 820 mm</li>
<li>ÁNGULO DE DIRECCIÓN 66 °</li>
<li>RECORRIDO DE SUSPENSIÓN DELANTERA 150 mm</li>
<li>RECORRIDO DE SUSPENSIÓN TRASERA 150 mm</li>
</ul>
</div>
</div>
</div>
</div>
</div>
</div>

<p>REGALO SEGURO ANUAL PARA MAYORES DE 25 AÑOS (valido hasta 30/12/2025 y/o fin de promoción, informate)</p>
<p>OFERTA FINANCIACION (adjunto imagen promoción)</p>
