{"id":17682,"date":"2025-02-24T16:37:15","date_gmt":"2025-02-24T16:37:15","guid":{"rendered":"https:\/\/difrenos.com\/?post_type=product&#038;p=17682"},"modified":"2026-04-09T07:33:33","modified_gmt":"2026-04-09T07:33:33","slug":"husqvrna-svartpilen-125-2025","status":"publish","type":"product","link":"https:\/\/difrenos.com\/index.php\/producto\/husqvrna-svartpilen-125-2025\/","title":{"rendered":"HUSQVARNA SVARTPILEN 125 2025"},"content":{"rendered":"<p><span style=\"color: #333333; font-size: 22px;\">DETALLES T\u00c9CNICOS<\/span><\/p>\n<div class=\"vc_row wpb_row vc_row-fluid vc_custom_1668364019119 wd-rs-637141fa072e2\">\n<div class=\"wpb_column vc_column_container vc_col-sm-12\">\n<div class=\"vc_column-inner\">\n<div class=\"wpb_wrapper\">\n<div class=\"vc_empty_space\"><\/div>\n<div class=\"vc_row wpb_row vc_inner vc_row-fluid\">\n<div class=\"wpb_column vc_column_container vc_col-sm-6\">\n<div class=\"vc_column-inner\">\n<div class=\"wpb_wrapper\">\n<div class=\"wpb_text_column wpb_content_element\">\n<div class=\"wpb_wrapper\">\n<h3>MOTOR<\/h3>\n<\/div>\n<\/div>\n<div class=\"wpb_text_column wpb_content_element\">\n<div class=\"wpb_wrapper\">\n<ul>\n<li>CAMBIO 6 marchas<\/li>\n<li>REFRIGERACI\u00d3N Refrigeraci\u00f3n l\u00edquida<\/li>\n<li>POTENCIA EN KW 11 kW<\/li>\n<li>ARRANQUE Arranque el\u00e9ctrico<\/li>\n<li>CARRERA 47.3 mm<\/li>\n<li>DI\u00c1METRO 58 mm<\/li>\n<li>EMBRAGUE Embrague antihopping PASC\u2122, accionado mec\u00e1nicamenteme<\/li>\n<li>EMISIONES DE CO2 57 g\/km<\/li>\n<li>CILINDRADA 125 cm\u00b3<\/li>\n<li>EMS EMS de Bosch con RBW<\/li>\n<li>ESTRUCTURA Motor monocil\u00edndrico de 4 tiempos<\/li>\n<li>CONSUMO DE COMBUSTIBLE 2.4 l\/100 km<\/li>\n<li>ENGRASE Lubricaci\u00f3n a presi\u00f3n en circuito cerrado con 2 bombas de aceite<\/li>\n<\/ul>\n<\/div>\n<\/div>\n<div class=\"vc_empty_space\"><\/div>\n<\/div>\n<\/div>\n<\/div>\n<div class=\"wpb_column vc_column_container vc_col-sm-6\">\n<div class=\"vc_column-inner\">\n<div class=\"wpb_wrapper\">\n<div class=\"wpb_text_column wpb_content_element\">\n<div class=\"wpb_wrapper\">\n<h3>CARACTER\u00cdSTICAS<\/h3>\n<\/div>\n<\/div>\n<div class=\"wpb_text_column wpb_content_element\">\n<div class=\"wpb_wrapper\">\n<ul>\n<li>PESO (SIN COMBUSTIBLE) 151 kg<\/li>\n<li>CAPACIDAD DEL DEP\u00d3SITO (APROX.) 13.0 l<\/li>\n<li>ABS Bosch 9.3 MP (with cornering ABS and SUPERMOTO ABS)<\/li>\n<li>DI\u00c1METRO DEL DISCO DE FRENO DELANTERO 320 mm<\/li>\n<li>DI\u00c1METRO DEL DISCO DE FRENO TRASERO 240 mm<\/li>\n<li>FRENO DELANTERO ByBre, pinzas fijas radiales de cuatro pistones, disco de freno<\/li>\n<li>CADENA Junta en X 520<\/li>\n<li>ESTRUCTURA DEL CHASIS Chasis multitubular de acero, pintado al polvo<\/li>\n<li>SUSPENSI\u00d3N DELANTERA WP APEX 43<\/li>\n<li>ALTURA LIBRE AL SUELO 180 mm<\/li>\n<li>SUSPENSI\u00d3N TRASERA Amortiguador WP APEX<\/li>\n<li>ALTURA DEL ASIENTO 820 mm<\/li>\n<li>\u00c1NGULO DE DIRECCI\u00d3N 66 \u00b0<\/li>\n<li>RECORRIDO DE SUSPENSI\u00d3N DELANTERA 150 mm<\/li>\n<li>RECORRIDO DE SUSPENSI\u00d3N TRASERA 150 mm<\/li>\n<\/ul>\n<\/div>\n<\/div>\n<\/div>\n<\/div>\n<\/div>\n<\/div>\n<\/div>\n<\/div>\n<\/div>\n<\/div>\n<div class=\"vc_row wpb_row vc_row-fluid vc_custom_1666261460898 vc_row-no-padding wd-rs-635121cd0dc69\" data-vc-full-width=\"true\" data-vc-full-width-init=\"true\" data-vc-stretch-content=\"true\">\n<div class=\"wpb_column vc_column_container vc_col-sm-12 wd-rs-635121a119bed\">\n<div class=\"vc_column-inner\">\n<div class=\"wpb_wrapper\"><\/div>\n<\/div>\n<\/div>\n<\/div>\n","protected":false},"excerpt":{"rendered":"<p>SEGURO DE REGALO PARA + 25 A\u00d1OS (hasta el 30\/12\/2025, informate)<\/p>\n<p>OFERTA VALIDA HASTA EL 30\/1\/2026 Y\/O FIN DE EXISTENCIAS.<\/p>\n<p>&nbsp;<\/p>\n","protected":false},"featured_media":19038,"template":"","meta":{"_et_pb_use_builder":"","_et_pb_old_content":"","_et_gb_content_width":""},"product_cat":[324,129,330],"product_tag":[108,412],"_links":{"self":[{"href":"https:\/\/difrenos.com\/index.php\/wp-json\/wp\/v2\/product\/17682"}],"collection":[{"href":"https:\/\/difrenos.com\/index.php\/wp-json\/wp\/v2\/product"}],"about":[{"href":"https:\/\/difrenos.com\/index.php\/wp-json\/wp\/v2\/types\/product"}],"wp:featuredmedia":[{"embeddable":true,"href":"https:\/\/difrenos.com\/index.php\/wp-json\/wp\/v2\/media\/19038"}],"wp:attachment":[{"href":"https:\/\/difrenos.com\/index.php\/wp-json\/wp\/v2\/media?parent=17682"}],"wp:term":[{"taxonomy":"product_cat","embeddable":true,"href":"https:\/\/difrenos.com\/index.php\/wp-json\/wp\/v2\/product_cat?post=17682"},{"taxonomy":"product_tag","embeddable":true,"href":"https:\/\/difrenos.com\/index.php\/wp-json\/wp\/v2\/product_tag?post=17682"}],"curies":[{"name":"wp","href":"https:\/\/api.w.org\/{rel}","templated":true}]}}