{"id":17680,"date":"2025-02-24T16:33:53","date_gmt":"2025-02-24T16:33:53","guid":{"rendered":"https:\/\/difrenos.com\/?post_type=product&#038;p=17680"},"modified":"2026-04-09T07:33:46","modified_gmt":"2026-04-09T07:33:46","slug":"husqvarna-vitpilen-401-2025","status":"publish","type":"product","link":"https:\/\/difrenos.com\/index.php\/producto\/husqvarna-vitpilen-401-2025\/","title":{"rendered":"HUSQVARNA VITPILEN 401 2025"},"content":{"rendered":"<p>La Vitpilen 401 es una m\u00e1quina de nueva generaci\u00f3n. Un chasis multitubular de acero y un basculante en fundici\u00f3n de aluminio, junto con una ergonom\u00eda revisada, mejoran la agilidad para un mayor nivel de precisi\u00f3n y una experiencia de pilotaje m\u00e1s atractiva. Impulsada por un motor m\u00e1s ligero, que produce un par \u00f3ptimo desde abajo en la gama de RPM, garantiza una potencia controlable bajo demanda. Completa con m\u00faltiples ayudas electr\u00f3nicas al piloto, suspensiones WP ajustables y conectividad Bluetooth, la Vitpilen 401 puede personalizarse totalmente para un rendimiento a\u00fan mejor en carretera.<\/p>\n<div class=\"row c-technical-data__backdrop c-technical-data__backdrop--top js-heading-row\">\n<div class=\"col-sm-12\">\n<h3 class=\"c-technical-data__heading highlight\">Detalles T\u00e9cnicos<\/h3>\n<\/div>\n<\/div>\n<div class=\"row c-technical-data__backdrop js-data-row\">\n<div class=\"col-md-12 col-lg-6\">\n<article class=\"c-technical-data__group\">\n<h2 class=\"c-technical-data__group-heading js-group-toggle\">Motor<\/h2>\n<ul class=\"c-technical-data__list js-technical-data-list\">\n<li><span class=\"c-technical-data__list-label\">Cambio<\/span><span class=\"c-technical-data__list-value\">6 marchas<\/span><\/li>\n<li><span class=\"c-technical-data__list-label\">Refrigeraci\u00f3n<\/span><span class=\"c-technical-data__list-value\">Refrigeraci\u00f3n l\u00edquida<\/span><\/li>\n<li><span class=\"c-technical-data__list-label\">Potencia en Kw<\/span><span class=\"c-technical-data__list-value\">33 kW<\/span><\/li>\n<li><span class=\"c-technical-data__list-label\">Arranque<\/span><span class=\"c-technical-data__list-value\">Arranque el\u00e9ctrico<\/span><\/li>\n<li><span class=\"c-technical-data__list-label\">Carrera<\/span><span class=\"c-technical-data__list-value\">64 mm<\/span><\/li>\n<li class=\"\"><span class=\"c-technical-data__list-label\">Di\u00e1metro<\/span><span class=\"c-technical-data__list-value\">89 mm<\/span><\/li>\n<li class=\"\"><span class=\"c-technical-data__list-label\">Embrague<\/span><span class=\"c-technical-data__list-value\">PASC slipper clutch, mechanically operated<\/span><\/li>\n<li class=\"\"><span class=\"c-technical-data__list-label\">Emisiones de CO<sub>2<\/sub><\/span><span class=\"c-technical-data__list-value\">79 g\/km<\/span><\/li>\n<li class=\"\"><span class=\"c-technical-data__list-label\">Compresi\u00f3n<\/span><span class=\"c-technical-data__list-value\">12.6<\/span><\/li>\n<li class=\"\"><span class=\"c-technical-data__list-label\">Cilindrada<\/span><span class=\"c-technical-data__list-value\">398.6 cm\u00b3<\/span><\/li>\n<li class=\"\"><span class=\"c-technical-data__list-label\">EMS<\/span><span class=\"c-technical-data__list-value\">EMS de Bosch con RBW<\/span><\/li>\n<li class=\"\"><span class=\"c-technical-data__list-label\">Estructura<\/span><span class=\"c-technical-data__list-value\">Motor monocil\u00edndrico de 4 tiempos<\/span><\/li>\n<li class=\"\"><span class=\"c-technical-data__list-label\">Preparaci\u00f3n de la mezcla<\/span><span class=\"c-technical-data__list-value\">DKK Dellorto (cuerpo de la v\u00e1lvula de mariposa de 46\u00a0mm)<\/span><\/li>\n<li class=\"\"><span class=\"c-technical-data__list-label\">Engrase<\/span><span class=\"c-technical-data__list-value\">Lubricaci\u00f3n por c\u00e1rter h\u00famedo<\/span><\/li>\n<\/ul>\n<\/article>\n<\/div>\n<div class=\"col-md-12 col-lg-6\">\n<article class=\"c-technical-data__group c-technical-data__group--last\">\n<h2 class=\"c-technical-data__group-heading js-group-toggle\">Parte Ciclo<\/h2>\n<ul class=\"c-technical-data__list js-technical-data-list\">\n<li><span class=\"c-technical-data__list-label\">Peso (sin combustible)<\/span><span class=\"c-technical-data__list-value\">154.5 kg<\/span><\/li>\n<li><span class=\"c-technical-data__list-label\">Capacidad del dep\u00f3sito (aprox.)<\/span><span class=\"c-technical-data__list-value\">13 l<\/span><\/li>\n<li><span class=\"c-technical-data__list-label\">Distancia entre ejes<\/span><span class=\"c-technical-data__list-value\">1368 mm<\/span><\/li>\n<li><span class=\"c-technical-data__list-label\">Di\u00e1metro del disco de freno delantero<\/span><span class=\"c-technical-data__list-value\">320 mm<\/span><\/li>\n<li><span class=\"c-technical-data__list-label\">Di\u00e1metro del disco de freno trasero<\/span><span class=\"c-technical-data__list-value\">240 mm<\/span><\/li>\n<li class=\"\"><span class=\"c-technical-data__list-label\">Freno delantero<\/span><span class=\"c-technical-data__list-value\">ByBre, pinzas fijas radiales de cuatro pistones, disco de freno<\/span><\/li>\n<li class=\"\"><span class=\"c-technical-data__list-label\">Freno trasero<\/span><span class=\"c-technical-data__list-value\">ByBre, pinza flotante de dos pistones, disco de freno<\/span><\/li>\n<li class=\"\"><span class=\"c-technical-data__list-label\">Cadena<\/span><span class=\"c-technical-data__list-value\">Junta en X 520<\/span><\/li>\n<li class=\"\"><span class=\"c-technical-data__list-label\">Estructura del chasis<\/span><span class=\"c-technical-data__list-value\">Chasis multitubular de acero, pintado al polvo<\/span><\/li>\n<li class=\"\"><span class=\"c-technical-data__list-label\">Suspensi\u00f3n delantera<\/span><span class=\"c-technical-data__list-value\">WP APEX 43<\/span><\/li>\n<li class=\"\"><span class=\"c-technical-data__list-label\">Altura libre al suelo<\/span><span class=\"c-technical-data__list-value\">180 mm<\/span><\/li>\n<li class=\"\"><span class=\"c-technical-data__list-label\">Manillar<\/span><span class=\"c-technical-data__list-value\">Aluminum<\/span><\/li>\n<li class=\"\"><span class=\"c-technical-data__list-label\">Suspensi\u00f3n trasera<\/span><span class=\"c-technical-data__list-value\">Amortiguador WP APEX<\/span><\/li>\n<li class=\"\"><span class=\"c-technical-data__list-label\">Altura del asiento<\/span><span class=\"c-technical-data__list-value\">820 mm<\/span><\/li>\n<li class=\"\"><span class=\"c-technical-data__list-label\">Silenciador<\/span><span class=\"c-technical-data__list-value\">Silenciador en acero inoxidable con catalizador homologado<\/span><\/li>\n<li class=\"\"><span class=\"c-technical-data__list-label\">\u00c1ngulo de direcci\u00f3n<\/span><span class=\"c-technical-data__list-value\">66 \u00b0<\/span><\/li>\n<li class=\"\"><span class=\"c-technical-data__list-label\">Estructura del subchasis trasero<\/span><span class=\"c-technical-data__list-value\">Chasis multitubular de acero, pintado al polvo<\/span><\/li>\n<li class=\"\"><span class=\"c-technical-data__list-label\">Recorrido de suspensi\u00f3n delantera<\/span><span class=\"c-technical-data__list-value\">150 mm<\/span><\/li>\n<li class=\"\"><span class=\"c-technical-data__list-label\">Recorrido de suspensi\u00f3n trasera<\/span><span class=\"c-technical-data__list-value\">150 mm<\/span><\/li>\n<li class=\"\"><span class=\"c-technical-data__list-label\">Dimensiones de neum\u00e1ticos (delantero\/trasero)<\/span><span class=\"c-technical-data__list-value\">110\/70; 150\/60<\/span><\/li>\n<li class=\"\"><span class=\"c-technical-data__list-label\">Ruedas<\/span><span class=\"c-technical-data__list-value\">3 x 17&#8243;; 4 x 17&#8243;<\/span><\/li>\n<li class=\"\"><span class=\"c-technical-data__list-label\">Ruedas<\/span><span class=\"c-technical-data__list-value\">Llantas en fundici\u00f3n de aluminio<\/span><\/li>\n<\/ul>\n<\/article>\n<\/div>\n<\/div>\n","protected":false},"excerpt":{"rendered":"<p>PODEMOS COGER MOTO A CAMBIO<\/p>\n<p>OFERTA VALIDA HASTA EL 30\/03\/2006 Y\/O FIN DE EXISTENCIAS<\/p>\n<p>FINANCIACION AL 2,99% TIN A 3 A\u00d1OS, ADJUNTO TABLA DE EJEMPLOS<\/p>\n","protected":false},"featured_media":20853,"template":"","meta":{"_et_pb_use_builder":"","_et_pb_old_content":"","_et_gb_content_width":""},"product_cat":[324,129,330],"product_tag":[],"_links":{"self":[{"href":"https:\/\/difrenos.com\/index.php\/wp-json\/wp\/v2\/product\/17680"}],"collection":[{"href":"https:\/\/difrenos.com\/index.php\/wp-json\/wp\/v2\/product"}],"about":[{"href":"https:\/\/difrenos.com\/index.php\/wp-json\/wp\/v2\/types\/product"}],"wp:featuredmedia":[{"embeddable":true,"href":"https:\/\/difrenos.com\/index.php\/wp-json\/wp\/v2\/media\/20853"}],"wp:attachment":[{"href":"https:\/\/difrenos.com\/index.php\/wp-json\/wp\/v2\/media?parent=17680"}],"wp:term":[{"taxonomy":"product_cat","embeddable":true,"href":"https:\/\/difrenos.com\/index.php\/wp-json\/wp\/v2\/product_cat?post=17680"},{"taxonomy":"product_tag","embeddable":true,"href":"https:\/\/difrenos.com\/index.php\/wp-json\/wp\/v2\/product_tag?post=17680"}],"curies":[{"name":"wp","href":"https:\/\/api.w.org\/{rel}","templated":true}]}}

<p>La Vitpilen 401 es una máquina de nueva generación. Un chasis multitubular de acero y un basculante en fundición de aluminio, junto con una ergonomía revisada, mejoran la agilidad para un mayor nivel de precisión y una experiencia de pilotaje más atractiva. Impulsada por un motor más ligero, que produce un par óptimo desde abajo en la gama de RPM, garantiza una potencia controlable bajo demanda. Completa con múltiples ayudas electrónicas al piloto, suspensiones WP ajustables y conectividad Bluetooth, la Vitpilen 401 puede personalizarse totalmente para un rendimiento aún mejor en carretera.</p>
<div class="row c-technical-data__backdrop c-technical-data__backdrop--top js-heading-row">
<div class="col-sm-12">
<h3 class="c-technical-data__heading highlight">Detalles Técnicos</h3>
</div>
</div>
<div class="row c-technical-data__backdrop js-data-row">
<div class="col-md-12 col-lg-6">
<article class="c-technical-data__group">
<h2 class="c-technical-data__group-heading js-group-toggle">Motor</h2>
<ul class="c-technical-data__list js-technical-data-list">
<li><span class="c-technical-data__list-label">Cambio</span><span class="c-technical-data__list-value">6 marchas</span></li>
<li><span class="c-technical-data__list-label">Refrigeración</span><span class="c-technical-data__list-value">Refrigeración líquida</span></li>
<li><span class="c-technical-data__list-label">Potencia en Kw</span><span class="c-technical-data__list-value">33 kW</span></li>
<li><span class="c-technical-data__list-label">Arranque</span><span class="c-technical-data__list-value">Arranque eléctrico</span></li>
<li><span class="c-technical-data__list-label">Carrera</span><span class="c-technical-data__list-value">64 mm</span></li>
<li class=""><span class="c-technical-data__list-label">Diámetro</span><span class="c-technical-data__list-value">89 mm</span></li>
<li class=""><span class="c-technical-data__list-label">Embrague</span><span class="c-technical-data__list-value">PASC slipper clutch, mechanically operated</span></li>
<li class=""><span class="c-technical-data__list-label">Emisiones de CO<sub>2</sub></span><span class="c-technical-data__list-value">79 g/km</span></li>
<li class=""><span class="c-technical-data__list-label">Compresión</span><span class="c-technical-data__list-value">12.6</span></li>
<li class=""><span class="c-technical-data__list-label">Cilindrada</span><span class="c-technical-data__list-value">398.6 cm³</span></li>
<li class=""><span class="c-technical-data__list-label">EMS</span><span class="c-technical-data__list-value">EMS de Bosch con RBW</span></li>
<li class=""><span class="c-technical-data__list-label">Estructura</span><span class="c-technical-data__list-value">Motor monocilíndrico de 4 tiempos</span></li>
<li class=""><span class="c-technical-data__list-label">Preparación de la mezcla</span><span class="c-technical-data__list-value">DKK Dellorto (cuerpo de la válvula de mariposa de 46 mm)</span></li>
<li class=""><span class="c-technical-data__list-label">Engrase</span><span class="c-technical-data__list-value">Lubricación por cárter húmedo</span></li>
</ul>
</article>
</div>
<div class="col-md-12 col-lg-6">
<article class="c-technical-data__group c-technical-data__group--last">
<h2 class="c-technical-data__group-heading js-group-toggle">Parte Ciclo</h2>
<ul class="c-technical-data__list js-technical-data-list">
<li><span class="c-technical-data__list-label">Peso (sin combustible)</span><span class="c-technical-data__list-value">154.5 kg</span></li>
<li><span class="c-technical-data__list-label">Capacidad del depósito (aprox.)</span><span class="c-technical-data__list-value">13 l</span></li>
<li><span class="c-technical-data__list-label">Distancia entre ejes</span><span class="c-technical-data__list-value">1368 mm</span></li>
<li><span class="c-technical-data__list-label">Diámetro del disco de freno delantero</span><span class="c-technical-data__list-value">320 mm</span></li>
<li><span class="c-technical-data__list-label">Diámetro del disco de freno trasero</span><span class="c-technical-data__list-value">240 mm</span></li>
<li class=""><span class="c-technical-data__list-label">Freno delantero</span><span class="c-technical-data__list-value">ByBre, pinzas fijas radiales de cuatro pistones, disco de freno</span></li>
<li class=""><span class="c-technical-data__list-label">Freno trasero</span><span class="c-technical-data__list-value">ByBre, pinza flotante de dos pistones, disco de freno</span></li>
<li class=""><span class="c-technical-data__list-label">Cadena</span><span class="c-technical-data__list-value">Junta en X 520</span></li>
<li class=""><span class="c-technical-data__list-label">Estructura del chasis</span><span class="c-technical-data__list-value">Chasis multitubular de acero, pintado al polvo</span></li>
<li class=""><span class="c-technical-data__list-label">Suspensión delantera</span><span class="c-technical-data__list-value">WP APEX 43</span></li>
<li class=""><span class="c-technical-data__list-label">Altura libre al suelo</span><span class="c-technical-data__list-value">180 mm</span></li>
<li class=""><span class="c-technical-data__list-label">Manillar</span><span class="c-technical-data__list-value">Aluminum</span></li>
<li class=""><span class="c-technical-data__list-label">Suspensión trasera</span><span class="c-technical-data__list-value">Amortiguador WP APEX</span></li>
<li class=""><span class="c-technical-data__list-label">Altura del asiento</span><span class="c-technical-data__list-value">820 mm</span></li>
<li class=""><span class="c-technical-data__list-label">Silenciador</span><span class="c-technical-data__list-value">Silenciador en acero inoxidable con catalizador homologado</span></li>
<li class=""><span class="c-technical-data__list-label">Ángulo de dirección</span><span class="c-technical-data__list-value">66 °</span></li>
<li class=""><span class="c-technical-data__list-label">Estructura del subchasis trasero</span><span class="c-technical-data__list-value">Chasis multitubular de acero, pintado al polvo</span></li>
<li class=""><span class="c-technical-data__list-label">Recorrido de suspensión delantera</span><span class="c-technical-data__list-value">150 mm</span></li>
<li class=""><span class="c-technical-data__list-label">Recorrido de suspensión trasera</span><span class="c-technical-data__list-value">150 mm</span></li>
<li class=""><span class="c-technical-data__list-label">Dimensiones de neumáticos (delantero/trasero)</span><span class="c-technical-data__list-value">110/70; 150/60</span></li>
<li class=""><span class="c-technical-data__list-label">Ruedas</span><span class="c-technical-data__list-value">3 x 17&#8243;; 4 x 17&#8243;</span></li>
<li class=""><span class="c-technical-data__list-label">Ruedas</span><span class="c-technical-data__list-value">Llantas en fundición de aluminio</span></li>
</ul>
</article>
</div>
</div>

<p>PODEMOS COGER MOTO A CAMBIO</p>
<p>OFERTA VALIDA HASTA EL 30/03/2006 Y/O FIN DE EXISTENCIAS</p>
<p>FINANCIACION AL 2,99% TIN A 3 AÑOS, ADJUNTO TABLA DE EJEMPLOS</p>
