{"id":17510,"date":"2025-02-18T14:55:49","date_gmt":"2025-02-18T14:55:49","guid":{"rendered":"https:\/\/difrenos.com\/?post_type=product&#038;p=17510"},"modified":"2026-02-03T12:34:48","modified_gmt":"2026-02-03T12:34:48","slug":"camiseta-husqvarna-kids-railed","status":"publish","type":"product","link":"https:\/\/difrenos.com\/index.php\/producto\/camiseta-husqvarna-kids-railed\/","title":{"rendered":"Camiseta Husqvarna Kids Railed"},"content":{"rendered":"<p>Referencias:<br \/>\n3HS220014101 Talla XS<br \/>\n3HS220014102 Talla S<br \/>\n3HS220014103 Talla M<br \/>\n3HS220014104 Talla L<\/p>\n<p>Camiseta offroad Performance para ni\u00f1os<\/p>\n<p>Estampados por sublimaci\u00f3n resistentes a rayos UV y al deste\u00f1ido<\/p>\n<p>Zonas de ventilaci\u00f3n perforadas<\/p>\n<p>Tejido de PE bien ventilado<\/p>\n<p>Mangas ragl\u00e1n<\/p>\n<p>Inserciones de malla<\/p>\n","protected":false},"excerpt":{"rendered":"<p>Referencias: 3HS220014101 Talla XS 3HS220014102 Talla S 3HS220014103 Talla M 3HS220014104 Talla L Camiseta offroad Performance para ni\u00f1os Estampados por sublimaci\u00f3n resistentes a rayos UV y al deste\u00f1ido Zonas de ventilaci\u00f3n perforadas Tejido de PE bien ventilado Mangas ragl\u00e1n Inserciones de malla<\/p>\n","protected":false},"featured_media":17512,"template":"","meta":{"_et_pb_use_builder":"","_et_pb_old_content":"","_et_gb_content_width":""},"product_cat":[33,755,224,701,116,504],"product_tag":[],"_links":{"self":[{"href":"https:\/\/difrenos.com\/index.php\/wp-json\/wp\/v2\/product\/17510"}],"collection":[{"href":"https:\/\/difrenos.com\/index.php\/wp-json\/wp\/v2\/product"}],"about":[{"href":"https:\/\/difrenos.com\/index.php\/wp-json\/wp\/v2\/types\/product"}],"wp:featuredmedia":[{"embeddable":true,"href":"https:\/\/difrenos.com\/index.php\/wp-json\/wp\/v2\/media\/17512"}],"wp:attachment":[{"href":"https:\/\/difrenos.com\/index.php\/wp-json\/wp\/v2\/media?parent=17510"}],"wp:term":[{"taxonomy":"product_cat","embeddable":true,"href":"https:\/\/difrenos.com\/index.php\/wp-json\/wp\/v2\/product_cat?post=17510"},{"taxonomy":"product_tag","embeddable":true,"href":"https:\/\/difrenos.com\/index.php\/wp-json\/wp\/v2\/product_tag?post=17510"}],"curies":[{"name":"wp","href":"https:\/\/api.w.org\/{rel}","templated":true}]}}