{"id":17024,"date":"2025-02-05T07:31:25","date_gmt":"2025-02-05T07:31:25","guid":{"rendered":"https:\/\/difrenos.com\/?post_type=product&#038;p=17024"},"modified":"2025-02-05T07:31:26","modified_gmt":"2025-02-05T07:31:26","slug":"aditivo-motul-limpiador-inyectores-y-sistema-combustible-diesel","status":"publish","type":"product","link":"https:\/\/difrenos.com\/index.php\/producto\/aditivo-motul-limpiador-inyectores-y-sistema-combustible-diesel\/","title":{"rendered":"ADITIVO MOTUL LIMPIADOR INYECTORES Y SISTEMA COMBUSTIBLE DIESEL"},"content":{"rendered":"<p>Clean Di\u00e9sel System Clean elimina la contaminaci\u00f3n del sistema de combustible, limpiando desde el dep\u00f3sito hasta la c\u00e1mara de combusti\u00f3n. Puede utilizarse en cualquier motor di\u00e9sel y particularmente para motores di\u00e9sel de inyecci\u00f3n directa a alta presi\u00f3n. Ofrece una buena protecci\u00f3n a la bomba de alta presi\u00f3n eliminando la humedad del sistema di\u00e9sel para facilitar los arranques en fr\u00edo en invierno. Adecuado para motores que utilizan filtros de part\u00edculas di\u00e9sel (DPF). Reduce desgaste motor. Evita la corrosion y la formacion de oxidos del circuito de alimentaci\u00f3n. Mejora el rendimiento motor. Ventajas: Mayor compresi\u00f3n. Mejora rendimiento motor. Menos emisiones de gases contaminantes. Protecci\u00f3n del motor. Aplicaci\u00f3n: Tiempo de reacci\u00f3n. Act\u00faa durante el funcionamiento. Campo de aplicaci\u00f3n. Todos los motores di\u00e9sel. Consumo. 300 ml por 60L de gas\u00f3leo. Intervalo de aplicaci\u00f3n. Cada seis meses.<\/p>\n","protected":false},"excerpt":{"rendered":"<p>Clean Di\u00e9sel System Clean elimina la contaminaci\u00f3n del sistema de combustible, limpiando desde el dep\u00f3sito hasta la c\u00e1mara de combusti\u00f3n. Puede utilizarse en cualquier motor di\u00e9sel y particularmente para motores di\u00e9sel de inyecci\u00f3n directa a alta presi\u00f3n. Ofrece una buena protecci\u00f3n a la bomba de alta presi\u00f3n eliminando la humedad del sistema di\u00e9sel para facilitar [&hellip;]<\/p>\n","protected":false},"featured_media":17025,"template":"","meta":{"_et_pb_use_builder":"","_et_pb_old_content":"","_et_gb_content_width":""},"product_cat":[837,170],"product_tag":[],"_links":{"self":[{"href":"https:\/\/difrenos.com\/index.php\/wp-json\/wp\/v2\/product\/17024"}],"collection":[{"href":"https:\/\/difrenos.com\/index.php\/wp-json\/wp\/v2\/product"}],"about":[{"href":"https:\/\/difrenos.com\/index.php\/wp-json\/wp\/v2\/types\/product"}],"wp:featuredmedia":[{"embeddable":true,"href":"https:\/\/difrenos.com\/index.php\/wp-json\/wp\/v2\/media\/17025"}],"wp:attachment":[{"href":"https:\/\/difrenos.com\/index.php\/wp-json\/wp\/v2\/media?parent=17024"}],"wp:term":[{"taxonomy":"product_cat","embeddable":true,"href":"https:\/\/difrenos.com\/index.php\/wp-json\/wp\/v2\/product_cat?post=17024"},{"taxonomy":"product_tag","embeddable":true,"href":"https:\/\/difrenos.com\/index.php\/wp-json\/wp\/v2\/product_tag?post=17024"}],"curies":[{"name":"wp","href":"https:\/\/api.w.org\/{rel}","templated":true}]}}