{"id":16765,"date":"2025-01-29T12:55:42","date_gmt":"2025-01-29T12:55:42","guid":{"rendered":"https:\/\/difrenos.com\/?post_type=product&#038;p=16765"},"modified":"2025-09-29T10:17:25","modified_gmt":"2025-09-29T10:17:25","slug":"calcetines-gas-gas-e-bike-g-trail","status":"publish","type":"product","link":"https:\/\/difrenos.com\/index.php\/producto\/calcetines-gas-gas-e-bike-g-trail\/","title":{"rendered":"Calcetines Gas Gas E Bike G Trail"},"content":{"rendered":"<p>Referencias:<br \/>\n3GB220036602 Talla S\/M 38-42<br \/>\n3GB220036604 Talla L\/XL 42-46<\/p>\n<ul>\n<li>Logotipo bordado<\/li>\n<li>Dise\u00f1o exclusivo de 100% para GASGAS E-Bicycles<\/li>\n<li>Mezcla de hilos conductora de humedad<\/li>\n<li>Meryl\u00ae Skinlife contra ara\u00f1azos y olores<\/li>\n<li>Zona de tal\u00f3n y dedos reforzada<\/li>\n<li>Apoyo anat\u00f3mico del arco de compresi\u00f3n<\/li>\n<li>Calado plano<\/li>\n<li>88 % Nylon \/ 6 % Meryl Skinlife \/ 4 % Lycra\u00ae \/ 2 % Poli\u00e9ster<\/li>\n<\/ul>\n","protected":false},"excerpt":{"rendered":"<p>Referencias: 3GB220036602 Talla S\/M 38-42 3GB220036604 Talla L\/XL 42-46 Logotipo bordado Dise\u00f1o exclusivo de 100% para GASGAS E-Bicycles Mezcla de hilos conductora de humedad Meryl\u00ae Skinlife contra ara\u00f1azos y olores Zona de tal\u00f3n y dedos reforzada Apoyo anat\u00f3mico del arco de compresi\u00f3n Calado plano 88 % Nylon \/ 6 % Meryl Skinlife \/ 4 % [&hellip;]<\/p>\n","protected":false},"featured_media":16766,"template":"","meta":{"_et_pb_use_builder":"","_et_pb_old_content":"","_et_gb_content_width":""},"product_cat":[292,220,33],"product_tag":[445,66,85],"_links":{"self":[{"href":"https:\/\/difrenos.com\/index.php\/wp-json\/wp\/v2\/product\/16765"}],"collection":[{"href":"https:\/\/difrenos.com\/index.php\/wp-json\/wp\/v2\/product"}],"about":[{"href":"https:\/\/difrenos.com\/index.php\/wp-json\/wp\/v2\/types\/product"}],"wp:featuredmedia":[{"embeddable":true,"href":"https:\/\/difrenos.com\/index.php\/wp-json\/wp\/v2\/media\/16766"}],"wp:attachment":[{"href":"https:\/\/difrenos.com\/index.php\/wp-json\/wp\/v2\/media?parent=16765"}],"wp:term":[{"taxonomy":"product_cat","embeddable":true,"href":"https:\/\/difrenos.com\/index.php\/wp-json\/wp\/v2\/product_cat?post=16765"},{"taxonomy":"product_tag","embeddable":true,"href":"https:\/\/difrenos.com\/index.php\/wp-json\/wp\/v2\/product_tag?post=16765"}],"curies":[{"name":"wp","href":"https:\/\/api.w.org\/{rel}","templated":true}]}}