{"id":16568,"date":"2025-01-23T12:58:52","date_gmt":"2025-01-23T12:58:52","guid":{"rendered":"https:\/\/difrenos.com\/?post_type=product&#038;p=16568"},"modified":"2026-03-30T10:56:45","modified_gmt":"2026-03-30T10:56:45","slug":"rodilleras-evs-epic-2","status":"publish","type":"product","link":"https:\/\/difrenos.com\/index.php\/producto\/rodilleras-evs-epic-2\/","title":{"rendered":"Rodilleras EVS Epic"},"content":{"rendered":"<ul>\n<li>Talla L\/XL<\/li>\n<li>Rodilleras semiortop\u00e9dicas con protecci\u00f3n completa de la r\u00f3tula y espinilla<\/li>\n<li>Fabricado a partir de una mezcla patentada de pol\u00edmero Polyfusion.<\/li>\n<li>El marco Form Fit proporciona una base fuerte que tambi\u00e9n es flexible.<\/li>\n<li>Forro de bioespuma moldeada con contorno de felpa<\/li>\n<li>Hebillas de bloqueo positivo de liberaci\u00f3n r\u00e1pida<\/li>\n<li>Correas de gamuza seca totalmente ajustables<\/li>\n<\/ul>\n<p>&nbsp;<\/p>\n","protected":false},"excerpt":{"rendered":"<p>Talla L\/XL<\/p>\n","protected":false},"featured_media":16569,"template":"","meta":{"_et_pb_use_builder":"","_et_pb_old_content":"","_et_gb_content_width":""},"product_cat":[33,166,176],"product_tag":[764,309,335],"_links":{"self":[{"href":"https:\/\/difrenos.com\/index.php\/wp-json\/wp\/v2\/product\/16568"}],"collection":[{"href":"https:\/\/difrenos.com\/index.php\/wp-json\/wp\/v2\/product"}],"about":[{"href":"https:\/\/difrenos.com\/index.php\/wp-json\/wp\/v2\/types\/product"}],"wp:featuredmedia":[{"embeddable":true,"href":"https:\/\/difrenos.com\/index.php\/wp-json\/wp\/v2\/media\/16569"}],"wp:attachment":[{"href":"https:\/\/difrenos.com\/index.php\/wp-json\/wp\/v2\/media?parent=16568"}],"wp:term":[{"taxonomy":"product_cat","embeddable":true,"href":"https:\/\/difrenos.com\/index.php\/wp-json\/wp\/v2\/product_cat?post=16568"},{"taxonomy":"product_tag","embeddable":true,"href":"https:\/\/difrenos.com\/index.php\/wp-json\/wp\/v2\/product_tag?post=16568"}],"curies":[{"name":"wp","href":"https:\/\/api.w.org\/{rel}","templated":true}]}}