{"id":16335,"date":"2025-01-15T12:50:23","date_gmt":"2025-01-15T12:50:23","guid":{"rendered":"https:\/\/difrenos.com\/?post_type=product&#038;p=16335"},"modified":"2026-02-23T13:24:26","modified_gmt":"2026-02-23T13:24:26","slug":"juego-medias-thor-mx-s10-youth-black","status":"publish","type":"product","link":"https:\/\/difrenos.com\/index.php\/producto\/juego-medias-thor-mx-s10-youth-black\/","title":{"rendered":"Calcetines Thor S10 Mx Youth"},"content":{"rendered":"<p>Construido de acr\u00edlico del 80%, 17% poli\u00e9ster y 3% elastano mezcla para el m\u00e1ximo confort por arriba de la pantorrilla calcetines ideales para Pilotos que usan rodilleras para evitar las rozaduras y la irritaci\u00f3n.<\/p>\n<p>Para numero del 35-39<\/p>\n","protected":false},"excerpt":{"rendered":"<p>Talla 35-39<\/p>\n","protected":false},"featured_media":16337,"template":"","meta":{"_et_pb_use_builder":"","_et_pb_old_content":"","_et_gb_content_width":""},"product_cat":[216,33,862,116],"product_tag":[117,810],"_links":{"self":[{"href":"https:\/\/difrenos.com\/index.php\/wp-json\/wp\/v2\/product\/16335"}],"collection":[{"href":"https:\/\/difrenos.com\/index.php\/wp-json\/wp\/v2\/product"}],"about":[{"href":"https:\/\/difrenos.com\/index.php\/wp-json\/wp\/v2\/types\/product"}],"wp:featuredmedia":[{"embeddable":true,"href":"https:\/\/difrenos.com\/index.php\/wp-json\/wp\/v2\/media\/16337"}],"wp:attachment":[{"href":"https:\/\/difrenos.com\/index.php\/wp-json\/wp\/v2\/media?parent=16335"}],"wp:term":[{"taxonomy":"product_cat","embeddable":true,"href":"https:\/\/difrenos.com\/index.php\/wp-json\/wp\/v2\/product_cat?post=16335"},{"taxonomy":"product_tag","embeddable":true,"href":"https:\/\/difrenos.com\/index.php\/wp-json\/wp\/v2\/product_tag?post=16335"}],"curies":[{"name":"wp","href":"https:\/\/api.w.org\/{rel}","templated":true}]}}