{"id":16135,"date":"2025-01-07T12:02:28","date_gmt":"2025-01-07T12:02:28","guid":{"rendered":"https:\/\/difrenos.com\/?post_type=product&#038;p=16135"},"modified":"2025-10-29T09:05:42","modified_gmt":"2025-10-29T09:05:42","slug":"guantes-100-ridecamp-2","status":"publish","type":"product","link":"https:\/\/difrenos.com\/index.php\/producto\/guantes-100-ridecamp-2\/","title":{"rendered":"Guantes 100% Ridecamp"},"content":{"rendered":"<p>Referencia: 1001100024 Talla XXL<\/p>\n<p>\u2022\u00a0Pu\u00f1o ergon\u00f3mico en relieve dise\u00f1ado para adaptarse al reloj de entrenamiento<br \/>\n\u2022 Parte superior en nylon y spandex para una mayor comodidad y flexibilidad<br \/>\n\u2022\u00a0Palma en Clarino de una capa<br \/>\n\u2022 Refuerzos en dedos<br \/>\n\u2022 Gr\u00e1ficos de silicona impresos en la palma y dedos para aumentar el agarre<br \/>\n\u2022\u00a0Compatible con dispositivos t\u00e1ctiles<\/p>\n","protected":false},"excerpt":{"rendered":"<p>Talla XXL.<\/p>\n","protected":false},"featured_media":16137,"template":"","meta":{"_et_pb_use_builder":"","_et_pb_old_content":"","_et_gb_content_width":""},"product_cat":[731,33,255,100,204],"product_tag":[665,296,342,506],"_links":{"self":[{"href":"https:\/\/difrenos.com\/index.php\/wp-json\/wp\/v2\/product\/16135"}],"collection":[{"href":"https:\/\/difrenos.com\/index.php\/wp-json\/wp\/v2\/product"}],"about":[{"href":"https:\/\/difrenos.com\/index.php\/wp-json\/wp\/v2\/types\/product"}],"wp:featuredmedia":[{"embeddable":true,"href":"https:\/\/difrenos.com\/index.php\/wp-json\/wp\/v2\/media\/16137"}],"wp:attachment":[{"href":"https:\/\/difrenos.com\/index.php\/wp-json\/wp\/v2\/media?parent=16135"}],"wp:term":[{"taxonomy":"product_cat","embeddable":true,"href":"https:\/\/difrenos.com\/index.php\/wp-json\/wp\/v2\/product_cat?post=16135"},{"taxonomy":"product_tag","embeddable":true,"href":"https:\/\/difrenos.com\/index.php\/wp-json\/wp\/v2\/product_tag?post=16135"}],"curies":[{"name":"wp","href":"https:\/\/api.w.org\/{rel}","templated":true}]}}