{"id":15916,"date":"2024-12-27T12:36:18","date_gmt":"2024-12-27T12:36:18","guid":{"rendered":"https:\/\/difrenos.com\/?post_type=product&#038;p=15916"},"modified":"2026-03-27T08:41:28","modified_gmt":"2026-03-27T08:41:28","slug":"casco-nzi-go-rider-stream-duo-solid-nouveau","status":"publish","type":"product","link":"https:\/\/difrenos.com\/index.php\/producto\/casco-nzi-go-rider-stream-duo-solid-nouveau\/","title":{"rendered":"Casco Nzi Go Rider Stream Duo Solid gris"},"content":{"rendered":"<p>Referencia: 150337A417<br \/>\nTallas: XS-S-M-XL<\/p>\n<ul>\n<li>Casco integral para ciudad y carretera<\/li>\n<li>Nueva homologaci\u00f3n 22.06<\/li>\n<li>Visera interior solar<\/li>\n<li>M\u00faltiples entradas de aire superiores y laterales<\/li>\n<li>Cierre a presi\u00f3n<\/li>\n<\/ul>\n","protected":false},"excerpt":{"rendered":"<p>Referencia: 150337A417 Tallas: XS-S-M-XL Casco integral para ciudad y carretera Nueva homologaci\u00f3n 22.06 Visera interior solar M\u00faltiples entradas de aire superiores y laterales Cierre a presi\u00f3n<\/p>\n","protected":false},"featured_media":15924,"template":"","meta":{"_et_pb_use_builder":"","_et_pb_old_content":"","_et_gb_content_width":""},"product_cat":[33,227,43,269],"product_tag":[486,132],"_links":{"self":[{"href":"https:\/\/difrenos.com\/index.php\/wp-json\/wp\/v2\/product\/15916"}],"collection":[{"href":"https:\/\/difrenos.com\/index.php\/wp-json\/wp\/v2\/product"}],"about":[{"href":"https:\/\/difrenos.com\/index.php\/wp-json\/wp\/v2\/types\/product"}],"wp:featuredmedia":[{"embeddable":true,"href":"https:\/\/difrenos.com\/index.php\/wp-json\/wp\/v2\/media\/15924"}],"wp:attachment":[{"href":"https:\/\/difrenos.com\/index.php\/wp-json\/wp\/v2\/media?parent=15916"}],"wp:term":[{"taxonomy":"product_cat","embeddable":true,"href":"https:\/\/difrenos.com\/index.php\/wp-json\/wp\/v2\/product_cat?post=15916"},{"taxonomy":"product_tag","embeddable":true,"href":"https:\/\/difrenos.com\/index.php\/wp-json\/wp\/v2\/product_tag?post=15916"}],"curies":[{"name":"wp","href":"https:\/\/api.w.org\/{rel}","templated":true}]}}