{"id":15724,"date":"2024-12-18T19:56:36","date_gmt":"2024-12-18T19:56:36","guid":{"rendered":"https:\/\/difrenos.com\/?post_type=product&#038;p=15724"},"modified":"2026-04-23T11:36:26","modified_gmt":"2026-04-23T11:36:26","slug":"peugeot-xp-400-abs-gt","status":"publish","type":"product","link":"https:\/\/difrenos.com\/index.php\/producto\/peugeot-xp-400-abs-gt\/","title":{"rendered":"Peugeot XP 400 Abs GT Negra"},"content":{"rendered":"<div class=\"product-intro__subtitle\">Peugeot Motocycles lanza XP400, un potente maxi scooter de 400cc. Fabricado en Francia, XP400 completa la familia de los scooters Premium de la marca. Su parabrisas ahumado, sus suspensiones de alta gama y sus l\u00edneas angulosas hacen de XP400 GT un s\u00edmbolo de potencia y dinamismo, tan demandados dentro del segmento de los maxi scooters.<\/div>\n<div>\n<article id=\"DESIGN\" class=\"focus ui-toggle focus--right color-clear bgcolor-black ui-scroll--target ui-scroll--seen\">\n<div class=\"focus__main\">\n<div class=\"container\">\n<div class=\"valign\">\n<div class=\"valign__middle \">\n<div class=\"focus__title ui-toggle__handler \">DISE\u00d1O<\/div>\n<div class=\"focus__excerpt\">\n<p>Un dise\u00f1o deportivo y potente. El maxi scooter XP400 en su versi\u00f3n m\u00e1s deportiva.<\/p>\n<p><strong>FIRMAS FULL LED<\/strong><\/p>\n<p>No cabe duda de que lo primero que llama la atenci\u00f3n son sus firmas luminosas LED con los DRL en forma de colmillos delante y sus 3 garras detr\u00e1s. Desde luego, su estilo din\u00e1mico y audaz le hacen destacar.<\/p>\n<p><strong>UN TOQUE DEPORTIVO<\/strong><\/p>\n<p>Parabrisas ahumado e inserciones de aluminio de los reposapi\u00e9s para un estilo m\u00e1s singular a\u00fan.<\/p>\n<\/div>\n<\/div>\n<\/div>\n<\/div>\n<\/div>\n<\/article>\n<article id=\"performance\" class=\"focus ui-toggle focus--left color-dark bgcolor-clear ui-scroll--target ui-scroll--seen\">\n<div class=\"focus__main\">\n<div class=\"container\">\n<div class=\"valign\">\n<div class=\"valign__middle \">\n<div class=\"focus__title ui-toggle__handler \">RENDIMIENTO<\/div>\n<div class=\"focus__excerpt\">\n<p>Motor PowerMotion\u00ae400cc<\/p>\n<p>Fruto de la experiencia de nuestros ingenieros, este nuevo motor, fabricado en su totalidad en Francia desarrolla 26,5 kW (36,7 cv) a 8\u00a0150 rpm, para un par de 38,1 Nm a 5\u00a0400 rpm y ofrece el mejor rendimiento de su categor\u00eda. Su elevado par a bajo r\u00e9gimen y su tecnolog\u00eda LFE* permiten una conducci\u00f3n m\u00e1s agradable, menos ruidosa y m\u00e1s eficiente para satisfacci\u00f3n de quienes desean circular f\u00e1cilmente por la ciudad.<\/p>\n<p>SEGURIDAD<\/p>\n<\/div>\n<\/div>\n<\/div>\n<\/div>\n<\/div>\n<\/article>\n<article id=\"SECURITE\" class=\"focus ui-toggle focus--right color-clear bgcolor-black ui-scroll--target ui-scroll--seen\">\n<div class=\"focus__main\">\n<div class=\"container\">\n<div class=\"valign\">\n<div class=\"valign__middle \">\n<div class=\"focus__excerpt\">\n<p>Su dise\u00f1o aventurero se completa con equipamientos premium para conducir con la m\u00e1xima seguridad.<\/p>\n<p><strong>RUEDAS ANCHAS<\/strong><\/p>\n<p>XP400 se distingue por sus llantas de radio que equipan neum\u00e1ticos de 110\/70-17 delante y de 160\/60-15 detr\u00e1s. Sus neum\u00e1ticos off-road no dejan lugar a duda en cuanto a la versatilidad del modelo XP400 recogiendo lo mejor del mundo del scooter y la moto\u2026<\/p>\n<\/div>\n<p>&nbsp;<\/p>\n<\/div>\n<\/div>\n<\/div>\n<\/div>\n<\/article>\n<article id=\"CONFORTPRATICITE\" class=\"focus ui-toggle focus--left color-dark bgcolor-clear ui-scroll--target ui-scroll--seen\">\n<div class=\"focus__main\">\n<div class=\"container\">\n<div class=\"valign\">\n<div class=\"valign__middle \">\n<div class=\"focus__title ui-toggle__handler \">CONFORT &amp; PRACTICIDAD<\/div>\n<div class=\"focus__excerpt\">\n<p>XP400 GT est\u00e1 pensado para que tu d\u00eda a d\u00eda sea m\u00e1s f\u00e1cil y c\u00f3modo.<\/p>\n<\/div>\n<\/div>\n<\/div>\n<\/div>\n<\/div>\n<\/article>\n<article id=\"technicals\" class=\"technicals ui-scroll--target ui-scroll--seen ui-scroll--active\">\n<div class=\"focus__main\">\n<div class=\"valign\">\n<div class=\"valign__middle\">\n<div class=\"focus__title\">Caracter\u00edsticas t\u00e9cnicas<\/div>\n<\/div>\n<\/div>\n<div class=\"accessory-menu\">\n<div class=\"tabs ui-tabs\">\n<div class=\"container\"><\/div>\n<\/div>\n<div class=\"ui-tab ui-tab--active\">\n<ul class=\"columns\">\n<li><span class=\"label\">Norma :\u00a0<\/span><span class=\"value\">Euro 5<\/span><\/li>\n<li><span class=\"label\">Homologaci\u00f3n :\u00a0<\/span><span class=\"value\">L3e-A2<\/span><\/li>\n<li><span class=\"label\">Motorizaci\u00f3n :\u00a0<\/span><span class=\"value\">Powermotion 400cc<\/span><\/li>\n<li><span class=\"label\">Tipo :\u00a0<\/span><span class=\"value\">Monocil\u00edndrico 4 Tiempos<\/span><\/li>\n<li><span class=\"label\">Cilindrada (cc) :\u00a0<\/span><span class=\"value\">400<\/span><\/li>\n<li><span class=\"label\">Alimentaci\u00f3n :\u00a0<\/span><span class=\"value\">Inyecci\u00f3n electr\u00f3nica<\/span><\/li>\n<li><span class=\"label\">Carrera (mm x mm) :\u00a0<\/span><span class=\"value\">84&#215;72<\/span><\/li>\n<li><span class=\"label\">Refrigeraci\u00f3n :\u00a0<\/span><span class=\"value\">L\u00edquida<\/span><\/li>\n<li><span class=\"label\">Potencia max (kW) :\u00a0<\/span><span class=\"value\">26,5<\/span><\/li>\n<li><span class=\"label\">Potencia max (cv) :\u00a0<\/span><span class=\"value\">36,7<\/span><\/li>\n<li><span class=\"label\">Potencia max (rpm) :\u00a0<\/span><span class=\"value\">8150<\/span><\/li>\n<li><span class=\"label\">Par max (Nm) :\u00a0<\/span><span class=\"value\">38,1<\/span><\/li>\n<li><span class=\"label\">Par max (rpm) :\u00a0<\/span><span class=\"value\">5400<\/span><\/li>\n<li><span class=\"label\">Vmax :\u00a0<\/span><span class=\"value\">137<\/span><\/li>\n<li><span class=\"label\">Consumo (L) :\u00a0<\/span><span class=\"value\">3,8<\/span><\/li>\n<li><span class=\"label\">Emisiones CO2 (g\/km) :\u00a0<\/span><span class=\"value\">88<\/span><\/li>\n<li><span class=\"label\">Distribuci\u00f3n :\u00a0<\/span><span class=\"value\">SOHC 4 v\u00e1lvulas<\/span><\/li>\n<li><span class=\"label\">Lubricaci\u00f3n :\u00a0<\/span><span class=\"value\">Bomba de aceite<\/span><\/li>\n<li><span class=\"label\">Embrague :\u00a0<\/span><span class=\"value\">CVT<\/span><\/li>\n<li><span class=\"label\">Arranque :\u00a0<\/span><span class=\"value\">Motor el\u00e9ctrico<\/span><\/li>\n<li><span class=\"label\">Transmisi\u00f3n :\u00a0<\/span><span class=\"value\">CVT<\/span><\/li>\n<li><span class=\"label\">Dep\u00f3sito de gasolina (L) :\u00a0<\/span><span class=\"value\">13,5<\/span><\/li>\n<li><\/li>\n<li>*Financiaci\u00f3n de\u00a0XP 400 GT ABS.\u00a0<strong><u>Precio al\u00a0contado\u00a07.999,00 \u20ac<\/u>. Entrada 2.009,13 \u20ac. Plazo 48 meses, 1 cuota de 151,23 \u20ac y 47 cuotas de 149,00 \u20ac. Tipo Deudor 6,99%\u00a0<\/strong><strong><u>T.A.E. 9,38%<\/u><\/strong><strong>\u00a0(La T.A.E., as\u00ed como la primera cuota podr\u00e1 variar ligeramente en funci\u00f3n del d\u00eda de la firma del contrato y de la fecha de pago de las cuotas). Comisi\u00f3n de Apertura 3,90 % 233,60 \u20ac Financiado.\u00a0<\/strong>Intereses 930,76 \u20ac,\u00a0<strong>Importe Total del Cr\u00e9dito 6.223,47 \u20ac, Coste Total del Cr\u00e9dito 1.164,36 \u20ac, Importe Total Adeudado 7.154,23 \u20ac,\u00a0<u>Precio Total a Plazos 9.163,36 \u20ac<\/u>. Siendo el d\u00eda de contrataci\u00f3n 01\/02\/2025 y primer pago el 02\/03\/2025.\u00a0Oferta v\u00e1lida hasta el 31\/10\/25.<\/strong>\u00a0Sistema de amortizaci\u00f3n Franc\u00e9s. Financiaci\u00f3n ofrecida, sujeta a estudio y aprobaci\u00f3n por parte de Santander Consumer Finance, S.A<\/li>\n<\/ul>\n<\/div>\n<\/div>\n<\/div>\n<\/article>\n<\/div>\n","protected":false},"excerpt":{"rendered":"<p>DISPONIBLE EN COLOR NEGRO<\/p>\n<p>PODEMOS COGER MOTO A CAMBIO<\/p>\n<p>4 A\u00d1OS DE GARANTIA FINANCIANDO LA MOTO\u00a0 A TRAVES DE SANTANDER CONSUMER (sujeta a aprovaci\u00f3n de la entidad)<\/p>\n<p>CUALQUIER OTRO COLOR CONSULTAR OFERTA ACTUALIZADA<\/p>\n","protected":false},"featured_media":23928,"template":"","meta":{"_et_pb_use_builder":"","_et_pb_old_content":"","_et_gb_content_width":""},"product_cat":[459,129,151],"product_tag":[470,454],"_links":{"self":[{"href":"https:\/\/difrenos.com\/index.php\/wp-json\/wp\/v2\/product\/15724"}],"collection":[{"href":"https:\/\/difrenos.com\/index.php\/wp-json\/wp\/v2\/product"}],"about":[{"href":"https:\/\/difrenos.com\/index.php\/wp-json\/wp\/v2\/types\/product"}],"wp:featuredmedia":[{"embeddable":true,"href":"https:\/\/difrenos.com\/index.php\/wp-json\/wp\/v2\/media\/23928"}],"wp:attachment":[{"href":"https:\/\/difrenos.com\/index.php\/wp-json\/wp\/v2\/media?parent=15724"}],"wp:term":[{"taxonomy":"product_cat","embeddable":true,"href":"https:\/\/difrenos.com\/index.php\/wp-json\/wp\/v2\/product_cat?post=15724"},{"taxonomy":"product_tag","embeddable":true,"href":"https:\/\/difrenos.com\/index.php\/wp-json\/wp\/v2\/product_tag?post=15724"}],"curies":[{"name":"wp","href":"https:\/\/api.w.org\/{rel}","templated":true}]}}